{"id":4124,"date":"2020-04-09T07:29:11","date_gmt":"2020-04-09T07:29:11","guid":{"rendered":"http:\/\/8000rpmtools.com\/?post_type=product&#038;p=4124"},"modified":"2020-04-09T07:29:14","modified_gmt":"2020-04-09T07:29:14","slug":"heavy-duty-multi-purpose-cleaner-meguiars-limpiador-multiproposito","status":"publish","type":"product","link":"https:\/\/8000rpmtools.com\/?product=heavy-duty-multi-purpose-cleaner-meguiars-limpiador-multiproposito","title":{"rendered":"HEAVY DUTY MULTI PURPOSE CLEANER MEGUIARS &#8211; LIMPIADOR MULTIPROP\u00d3SITO"},"content":{"rendered":"<p>Limpiador multiusos Meguiars Heavy Duty 709ml<\/p>\n<p>Meguiars Heavy Duty Multi Purpose es una f\u00f3rmula vers\u00e1til que elimina r\u00e1pidamente la suciedad persistente, la grasa y la suciedad acumulada de pr\u00e1cticamente TODAS las superficies interiores y exteriores. Nos referimos literalmente a todo (de hecho, no solo es adecuado para uso automotriz &#8230;). Metales, pl\u00e1sticos, gomas, vinilo, telas, alfombras, tapicer\u00eda e incluso cromo: el limpiador multiusos de servicio pesado lo tiene bien cubierto.<\/p>\n<p>Si bien es seguro y capaz de limpiar todos los anteriores, hemos encontrado que es m\u00e1s eficiente en paneles que incluyen arcos de ruedas, estribos, componentes del motor y especialmente los neum\u00e1ticos, devolvi\u00e9ndolos a una apariencia como nueva sin el riesgo de da\u00f1ar. En pocas palabras, este es un producto que toda bolsa de kit deber\u00eda tener.<\/p>\n<p>Elimina r\u00e1pidamente la suciedad, la grasa y la suciedad persistentes<\/p>\n<p>Limpieza potente sin manchas ni decoloraci\u00f3n.<\/p>\n<p>Para todo uso: se adapta pr\u00e1cticamente a todas las superficies exteriores e interiores<\/p>\n","protected":false},"excerpt":{"rendered":"<ul>\n<li>Limpiador Multi Uso para interior y Exterior<\/li>\n<li>Profesional para los amantes del detailing<\/li>\n<li>Limpia desde asientos hasta motor<\/li>\n<li>Botella de 709 ml<\/li>\n<\/ul>\n","protected":false},"featured_media":4125,"comment_status":"open","ping_status":"closed","template":"","meta":[],"product_brand":[],"product_cat":[344],"product_tag":[422,360,345,421],"class_list":{"0":"post-4124","1":"product","2":"type-product","3":"status-publish","4":"has-post-thumbnail","6":"product_cat-productos-meguiars","7":"product_tag-cleaner","8":"product_tag-limpiador","9":"product_tag-meguiars","10":"product_tag-multi-uso","12":"first","13":"instock","14":"taxable","15":"shipping-taxable","16":"purchasable","17":"product-type-simple"},"_links":{"self":[{"href":"https:\/\/8000rpmtools.com\/index.php?rest_route=\/wp\/v2\/product\/4124","targetHints":{"allow":["GET"]}}],"collection":[{"href":"https:\/\/8000rpmtools.com\/index.php?rest_route=\/wp\/v2\/product"}],"about":[{"href":"https:\/\/8000rpmtools.com\/index.php?rest_route=\/wp\/v2\/types\/product"}],"replies":[{"embeddable":true,"href":"https:\/\/8000rpmtools.com\/index.php?rest_route=%2Fwp%2Fv2%2Fcomments&post=4124"}],"wp:featuredmedia":[{"embeddable":true,"href":"https:\/\/8000rpmtools.com\/index.php?rest_route=\/wp\/v2\/media\/4125"}],"wp:attachment":[{"href":"https:\/\/8000rpmtools.com\/index.php?rest_route=%2Fwp%2Fv2%2Fmedia&parent=4124"}],"wp:term":[{"taxonomy":"product_brand","embeddable":true,"href":"https:\/\/8000rpmtools.com\/index.php?rest_route=%2Fwp%2Fv2%2Fproduct_brand&post=4124"},{"taxonomy":"product_cat","embeddable":true,"href":"https:\/\/8000rpmtools.com\/index.php?rest_route=%2Fwp%2Fv2%2Fproduct_cat&post=4124"},{"taxonomy":"product_tag","embeddable":true,"href":"https:\/\/8000rpmtools.com\/index.php?rest_route=%2Fwp%2Fv2%2Fproduct_tag&post=4124"}],"curies":[{"name":"wp","href":"https:\/\/api.w.org\/{rel}","templated":true}]}}