{"id":4073,"date":"2020-04-09T06:05:32","date_gmt":"2020-04-09T06:05:32","guid":{"rendered":"http:\/\/8000rpmtools.com\/?post_type=product&#038;p=4073"},"modified":"2020-04-09T06:05:34","modified_gmt":"2020-04-09T06:05:34","slug":"ultimate-fast-finish-sellador-de-pintura-por-1-ano","status":"publish","type":"product","link":"https:\/\/8000rpmtools.com\/?product=ultimate-fast-finish-sellador-de-pintura-por-1-ano","title":{"rendered":"ULTIMATE FAST FINISH &#8211; SELLADOR DE PINTURA POR 1 A\u00d1O"},"content":{"rendered":"<p>Use el acabado final definitivo de Meguiars para darle a su autom\u00f3vil un sellado de pintura de manera r\u00e1pida en solo minutos. Nuestra revolucionaria f\u00f3rmula en aerosol ofrece un brillo deslumbrante con un revestimiento de pol\u00edmero sint\u00e9tico de larga duraci\u00f3n.<\/p>\n<p>No se requiere pulido, lo que le permite completar un veh\u00edculo completo en solo minutos. Simplemente roc\u00ede sobre la toalla de microfibra incluida, extienda sobre la pintura y voltee su toalla para el acabado final. Terminar\u00e1 con lo \u00faltimo en brillo de pol\u00edmeros, resbaladizo y protecci\u00f3n de pintura contra gotas de agua de forma r\u00e1pida y f\u00e1cil.<\/p>\n<p>La protecci\u00f3n y sellado de la pintura Dura 1 A\u00f1o, siempre y cuando se realice un mantenimiento peri\u00f3dico con cera o un Quick detailer de la l\u00ednea Ultimate de Meguiars<\/p>\n","protected":false},"excerpt":{"rendered":"<ul class=\"a-unordered-list a-vertical a-spacing-none\">\n<li><span class=\"a-list-item\">F\u00f3rmula avanzada: la revolucionaria f\u00f3rmula de aerosol ofrece un brillo deslumbrante con un revestimiento de pol\u00edmero sint\u00e9tico de larga duraci\u00f3n.<\/span><\/li>\n<li><span class=\"a-list-item\">Resultados duraderos: protege durante todo un a\u00f1o.<\/span><\/li>\n<li><span class=\"a-list-item\">Extremadamente f\u00e1cil: no requiere pulido y no requiere tiempo de secado que te permite completar todo un veh\u00edculo en cuesti\u00f3n de minutos.<\/span><\/li>\n<li><span class=\"a-list-item\">M\u00e1xima protecci\u00f3n: tecnolog\u00eda de repelencia al agua extrema que maximiza la protecci\u00f3n de la pintura, la ligereza y el brillo.<\/span><\/li>\n<\/ul>\n","protected":false},"featured_media":4079,"comment_status":"open","ping_status":"closed","template":"","meta":[],"product_brand":[],"product_cat":[344],"product_tag":[405,411,384],"class_list":{"0":"post-4073","1":"product","2":"type-product","3":"status-publish","4":"has-post-thumbnail","6":"product_cat-productos-meguiars","7":"product_tag-ceramico","8":"product_tag-fast-finish","9":"product_tag-sellador","11":"first","12":"instock","13":"taxable","14":"shipping-taxable","15":"purchasable","16":"product-type-simple"},"_links":{"self":[{"href":"https:\/\/8000rpmtools.com\/index.php?rest_route=\/wp\/v2\/product\/4073","targetHints":{"allow":["GET"]}}],"collection":[{"href":"https:\/\/8000rpmtools.com\/index.php?rest_route=\/wp\/v2\/product"}],"about":[{"href":"https:\/\/8000rpmtools.com\/index.php?rest_route=\/wp\/v2\/types\/product"}],"replies":[{"embeddable":true,"href":"https:\/\/8000rpmtools.com\/index.php?rest_route=%2Fwp%2Fv2%2Fcomments&post=4073"}],"wp:featuredmedia":[{"embeddable":true,"href":"https:\/\/8000rpmtools.com\/index.php?rest_route=\/wp\/v2\/media\/4079"}],"wp:attachment":[{"href":"https:\/\/8000rpmtools.com\/index.php?rest_route=%2Fwp%2Fv2%2Fmedia&parent=4073"}],"wp:term":[{"taxonomy":"product_brand","embeddable":true,"href":"https:\/\/8000rpmtools.com\/index.php?rest_route=%2Fwp%2Fv2%2Fproduct_brand&post=4073"},{"taxonomy":"product_cat","embeddable":true,"href":"https:\/\/8000rpmtools.com\/index.php?rest_route=%2Fwp%2Fv2%2Fproduct_cat&post=4073"},{"taxonomy":"product_tag","embeddable":true,"href":"https:\/\/8000rpmtools.com\/index.php?rest_route=%2Fwp%2Fv2%2Fproduct_tag&post=4073"}],"curies":[{"name":"wp","href":"https:\/\/api.w.org\/{rel}","templated":true}]}}