{"id":4053,"date":"2020-04-09T05:27:16","date_gmt":"2020-04-09T05:27:16","guid":{"rendered":"http:\/\/8000rpmtools.com\/?post_type=product&#038;p=4053"},"modified":"2020-04-09T05:27:19","modified_gmt":"2020-04-09T05:27:19","slug":"pads-x2-para-encerado-con-da-power-sistem-meguiars","status":"publish","type":"product","link":"https:\/\/8000rpmtools.com\/?product=pads-x2-para-encerado-con-da-power-sistem-meguiars","title":{"rendered":"PADS X2 PARA ENCERADO CON DA POWER SISTEM MEGUIARS"},"content":{"rendered":"<p>Las DA Waxing Power Pads de Meguiar son una herramienta esencial para encerar su autom\u00f3vil con nuestra DA Power System Tool G3500. Nuestras almohadillas de cera de 4 &#8220;est\u00e1n hechas con espuma de primera calidad que ofrece una aplicaci\u00f3n perfecta y uniforme para una m\u00e1xima reflectividad y protecci\u00f3n. \u00daselo con su cera para autos l\u00edquida o en pasta favorita, como nuestra cera Ultimate para agregar r\u00e1pidamente protecci\u00f3n, brillo y reflejos brillantes en media hora o menos. Las almohadillas se pueden lavar y secar a m\u00e1quina para su reutilizaci\u00f3n. Dise\u00f1ado para usarse con la herramienta de sistema de alimentaci\u00f3n DA G3500 de Meguiar. El kit incluye dos almohadillas de alimentaci\u00f3n de cera DA de 4 &#8220;.<\/p>\n","protected":false},"excerpt":{"rendered":"<ul class=\"a-unordered-list a-vertical a-spacing-none\">\n<li><span class=\"a-list-item\">Power pad para Encerar asegura una perfecta aplicaci\u00f3n uniforme y remoci\u00f3n de defectos leves.<\/span><\/li>\n<li><span class=\"a-list-item\">La almohadilla de 4 pulgadas se mueve r\u00e1pidamente en espacio abierto, pero es lo suficientemente peque\u00f1a para llegar a los espacios reducidos<\/span><\/li>\n<li><span class=\"a-list-item\">Tecnolog\u00eda de espuma suave proporciona una experiencia suave de pulido.<\/span><\/li>\n<li><span class=\"a-list-item\">Se puede lavar y secar a m\u00e1quina<\/span><\/li>\n<\/ul>\n","protected":false},"featured_media":4058,"comment_status":"open","ping_status":"closed","template":"","meta":[],"product_brand":[],"product_cat":[344],"product_tag":[346,239,345],"class_list":{"0":"post-4053","1":"product","2":"type-product","3":"status-publish","4":"has-post-thumbnail","6":"product_cat-productos-meguiars","7":"product_tag-cera","8":"product_tag-encerado","9":"product_tag-meguiars","11":"first","12":"instock","13":"taxable","14":"shipping-taxable","15":"purchasable","16":"product-type-simple"},"_links":{"self":[{"href":"https:\/\/8000rpmtools.com\/index.php?rest_route=\/wp\/v2\/product\/4053","targetHints":{"allow":["GET"]}}],"collection":[{"href":"https:\/\/8000rpmtools.com\/index.php?rest_route=\/wp\/v2\/product"}],"about":[{"href":"https:\/\/8000rpmtools.com\/index.php?rest_route=\/wp\/v2\/types\/product"}],"replies":[{"embeddable":true,"href":"https:\/\/8000rpmtools.com\/index.php?rest_route=%2Fwp%2Fv2%2Fcomments&post=4053"}],"wp:featuredmedia":[{"embeddable":true,"href":"https:\/\/8000rpmtools.com\/index.php?rest_route=\/wp\/v2\/media\/4058"}],"wp:attachment":[{"href":"https:\/\/8000rpmtools.com\/index.php?rest_route=%2Fwp%2Fv2%2Fmedia&parent=4053"}],"wp:term":[{"taxonomy":"product_brand","embeddable":true,"href":"https:\/\/8000rpmtools.com\/index.php?rest_route=%2Fwp%2Fv2%2Fproduct_brand&post=4053"},{"taxonomy":"product_cat","embeddable":true,"href":"https:\/\/8000rpmtools.com\/index.php?rest_route=%2Fwp%2Fv2%2Fproduct_cat&post=4053"},{"taxonomy":"product_tag","embeddable":true,"href":"https:\/\/8000rpmtools.com\/index.php?rest_route=%2Fwp%2Fv2%2Fproduct_tag&post=4053"}],"curies":[{"name":"wp","href":"https:\/\/api.w.org\/{rel}","templated":true}]}}