{"id":3839,"date":"2020-04-08T05:29:07","date_gmt":"2020-04-08T05:29:07","guid":{"rendered":"http:\/\/8000rpmtools.com\/?post_type=product&#038;p=3839"},"modified":"2020-04-08T05:29:10","modified_gmt":"2020-04-08T05:29:10","slug":"pulidor-de-acrilico-transparante-meguiars-plast-x-faros-lunas","status":"publish","type":"product","link":"https:\/\/8000rpmtools.com\/?product=pulidor-de-acrilico-transparante-meguiars-plast-x-faros-lunas","title":{"rendered":"PULIDOR DE ACR\u00cdLICO TRANSPARANTE MEGUIARS PLAST X &#8211; FAROS, LUNAS"},"content":{"rendered":"<div id=\"descriptionAndDetails\" class=\"a-section a-spacing-extra-large\">\n<div id=\"productDescription_feature_div\" class=\"celwidget\" data-feature-name=\"productDescription\" data-cel-widget=\"productDescription_feature_div\">\n<div id=\"productDescription_feature_div\" class=\"a-row feature\" data-feature-name=\"productDescription\" data-template-name=\"productDescription\" data-cel-widget=\"productDescription_feature_div\">\n<div id=\"productDescription\" class=\"a-section a-spacing-small\">\n<p>Descripci\u00f3n del producto<\/p>\n<p>La f\u00f3rmula de gel rica y f\u00e1cil de usar restaura r\u00e1pidamente la claridad \u00f3ptica tanto en pl\u00e1sticos transparentes r\u00edgidos como flexibles. Elimina la oxidaci\u00f3n ligera, la degradaci\u00f3n qu\u00edmica, los contaminantes superficiales, las manchas y los rasgu\u00f1os superficiales ligeros con facilidad. Contiene pol\u00edmeros resistentes al agua para una protecci\u00f3n duradera y duradera para mantener los pl\u00e1sticos limpios y hermosos por m\u00e1s tiempo. 10 onzas.<\/p>\n<div class=\"aplus\">\n<p>PlastX es la forma r\u00e1pida y f\u00e1cil de eliminar la opacidad de los faros. Su rica f\u00f3rmula en gel restaura r\u00e1pidamente la claridad \u00f3ptica de los pl\u00e1sticos transparentes r\u00edgidos y flexibles. Y con los avances de vanguardia en la exclusiva tecnolog\u00eda microsc\u00f3pica de disminuci\u00f3n de abrasivos microsc\u00f3picos (MDAT) de Meguiars; PlastX elimina la oxidaci\u00f3n ligera, la degradaci\u00f3n qu\u00edmica, la contaminaci\u00f3n superficial, las manchas y los rasgu\u00f1os superficiales ligeros con facilidad.<\/p>\n<div class=\"rightImage\"><img decoding=\"async\" src=\"https:\/\/images-na.ssl-images-amazon.com\/images\/G\/01\/automotive\/detail-page\/B0000AY3SR-0.jpg%22\/\" alt=\"image\" \/><\/div>\n<p>PlastX es ideal y seguro para usar en ventanas traseras de pl\u00e1stico en capotas, faros y luces traseras y otros paneles de instrumentos de su veh\u00edculo. PlastX de Meguiars tambi\u00e9n contiene pol\u00edmeros altamente resistentes al agua que ofrecen protecci\u00f3n duradera para mantener limpios los pl\u00e1sticos transparentes. Use PlastX de Meguiars para volver a aclarar los pl\u00e1sticos transparentes, restaurar la claridad brillante en un simple paso y mejorar la visibilidad y la seguridad para la conducci\u00f3n nocturna.<\/p>\n<p>Aplicando PlastX<\/p>\n<p>INSTRUCCIONES: Para obtener los mejores resultados, utilice un faro fresco, limpio y seco.<\/p>\n<p>1. Aplique una peque\u00f1a cantidad de PlastX a la almohadilla aplicadora de espuma de Meguiars o a una toalla de felpa.<br \/>\n2. Un faro a la vez, frote bien sobre el faro de pl\u00e1stico (evitando superficies pintadas).<br \/>\n3. Limpie los residuos con microfibra limpia o toalla de felpa antes de que se seque el producto.<br \/>\nGu\u00eda de uso para los kits de restauraci\u00f3n de faros de Meguiars<\/p>\n<\/div>\n<\/div>\n<\/div>\n<\/div>\n<\/div>\n<div id=\"renewedProgramDescriptionBtf_feature_div\" class=\"celwidget\" data-feature-name=\"renewedProgramDescriptionBtf\" data-cel-widget=\"renewedProgramDescriptionBtf_feature_div\"><\/div>\n<div id=\"aplus_feature_div\" class=\"celwidget\" data-feature-name=\"aplus\" data-cel-widget=\"aplus_feature_div\">\n<div id=\"aplus\" class=\"a-section a-spacing-extra-large bucket\">\n<hr class=\"bucketDivider\" noshade=\"noshade\" size=\"1\" \/>\n<h2>M\u00e1s informaci\u00f3n del producto<\/h2>\n<div class=\"aplus-v2 desktop celwidget weblabRtl\" data-cel-widget=\"aplus\">\n<div class=\"celwidget aplus-module module-8\" data-cel-widget=\"aplus-module-8\">\n<div class=\"a-expander-collapsed-height a-row a-expander-container a-expander-partial-collapse-container\" aria-live=\"polite\" data-a-expander-name=\"aplus-module-expander\" data-a-expander-collapsed-height=\"700\">\n<div class=\"a-expander-content a-expander-partial-collapse-content\" aria-expanded=\"false\">\n<div class=\"aplus-module-wrapper\">\n<div class=\"apm-spacing\">\n<div class=\"apm-lefttwothirdswrap apm-floatleft\">\n<div class=\"apm-leftimage\"><img decoding=\"async\" class=\"a-spacing-mini\" src=\"https:\/\/m.media-amazon.com\/images\/S\/aplus-media\/vc\/19c620e9-ce83-4779-9f57-ad3f2d7796ca._CR0,0,300,300_PT0_SX300__.jpg\" alt=\"headlight restoration,headlight,plastic cleaner;plastic polish,headlight cleaning\" data-src=\"https:\/\/m.media-amazon.com\/images\/S\/aplus-media\/vc\/19c620e9-ce83-4779-9f57-ad3f2d7796ca._CR0,0,300,300_PT0_SX300__.jpg\" \/><\/div>\n<div class=\"apm-centerthirdcol\">\n<p>Limpiador de pl\u00e1stico transparente y esmalte de pl\u00e1stico transparente en uno<\/p>\n<p>Con el tiempo y la exposici\u00f3n a los elementos, las superficies de pl\u00e1stico transparente pueden volverse turbias, amarillentas, nebulosas y oxidadas. El limpiador y esmalte de pl\u00e1stico transparente PlastX de Meguiar es el producto perfecto para esto. Funciona r\u00e1pidamente eliminando la turbidez y la oxidaci\u00f3n mientras restaura la claridad \u00f3ptica de los pl\u00e1sticos transparentes sin recubrimiento r\u00edgidos y flexibles. A menudo se usa para eliminar el amarilleo claro y la nubosidad de los faros de pl\u00e1stico transparente, puede ahorrar dinero en costosos faros de repuesto y mejora la visibilidad y la seguridad para la conducci\u00f3n nocturna. Una excelente opci\u00f3n para la limpieza de los faros, pero tambi\u00e9n se puede usar para limpiar ventanas de pl\u00e1stico convertibles, plexigl\u00e1s, luces de freno y otras superficies de pl\u00e1stico transparente sin recubrimiento. Esta f\u00f3rmula avanzada es un limpiador y abrillantador de pl\u00e1stico en un simple paso que sobresale en la eliminaci\u00f3n de defectos y maximiza la claridad \u00f3ptica. Si sus faros no son tan claros como sol\u00edan ser, el esmalte de pl\u00e1stico transparente PlastX puede devolver esa claridad.<\/p>\n<\/div>\n<\/div>\n<\/div>\n<\/div>\n<div><\/div>\n<\/div>\n<\/div>\n<\/div>\n<div class=\"celwidget aplus-module module-8\" data-cel-widget=\"aplus-module-8\">\n<div class=\"a-expander-collapsed-height a-row a-expander-container a-expander-partial-collapse-container\" aria-live=\"polite\" data-a-expander-name=\"aplus-module-expander\" data-a-expander-collapsed-height=\"700\">\n<div class=\"a-expander-content a-expander-partial-collapse-content\" aria-expanded=\"false\">\n<div class=\"aplus-module-wrapper\">\n<div class=\"apm-spacing\">\n<div class=\"apm-lefttwothirdswrap apm-floatleft\">\n<div class=\"apm-leftimage\"><img decoding=\"async\" class=\"a-spacing-mini\" src=\"https:\/\/m.media-amazon.com\/images\/S\/aplus-media\/vc\/8b2ad4f8-2a1b-4d91-b56a-47d3acefefd9._CR0,0,300,300_PT0_SX300__.jpg\" alt=\"headlight restoration,headlight,plastic cleaner;plastic polish,headlight cleaning\" data-src=\"https:\/\/m.media-amazon.com\/images\/S\/aplus-media\/vc\/8b2ad4f8-2a1b-4d91-b56a-47d3acefefd9._CR0,0,300,300_PT0_SX300__.jpg\" \/><\/div>\n<\/div>\n<\/div>\n<\/div>\n<\/div>\n<\/div>\n<\/div>\n<\/div>\n<\/div>\n<\/div>\n","protected":false},"excerpt":{"rendered":"<ul>\n<li><span class=\"a-list-item\">Limpiador de pl\u00e1stico y pulido: F\u00f3rmula de gel rica que restaura r\u00e1pidamente la claridad tanto de los pl\u00e1sticos r\u00edgidos como flexibles sin revestimiento, eliminando la niebla, amarillo, oxidaci\u00f3n, ara\u00f1azos finos y suciedad.<\/span><\/li>\n<li><span class=\"a-list-item\">Ideal para uso en focos, plexigl\u00e1s, ventanas convertibles de pl\u00e1stico, luces de freno y otras superficies de pl\u00e1stico transparente sin revestimiento.<\/span><\/li>\n<li><span class=\"a-list-item\">Claridad brilliante: Limpia y restaura la claridad brillante en un solo paso<\/span><\/li>\n<li><span class=\"a-list-item\">Protecci\u00f3n duradera: Cuenta con pol\u00edmeros resistentes al agua<\/span><\/li>\n<\/ul>\n","protected":false},"featured_media":3844,"comment_status":"open","ping_status":"closed","template":"","meta":[],"product_brand":[],"product_cat":[344],"product_tag":[372,373],"class_list":{"0":"post-3839","1":"product","2":"type-product","3":"status-publish","4":"has-post-thumbnail","6":"product_cat-productos-meguiars","7":"product_tag-faros","8":"product_tag-pulida-de-faros","10":"first","11":"instock","12":"taxable","13":"shipping-taxable","14":"purchasable","15":"product-type-simple"},"_links":{"self":[{"href":"https:\/\/8000rpmtools.com\/index.php?rest_route=\/wp\/v2\/product\/3839","targetHints":{"allow":["GET"]}}],"collection":[{"href":"https:\/\/8000rpmtools.com\/index.php?rest_route=\/wp\/v2\/product"}],"about":[{"href":"https:\/\/8000rpmtools.com\/index.php?rest_route=\/wp\/v2\/types\/product"}],"replies":[{"embeddable":true,"href":"https:\/\/8000rpmtools.com\/index.php?rest_route=%2Fwp%2Fv2%2Fcomments&post=3839"}],"wp:featuredmedia":[{"embeddable":true,"href":"https:\/\/8000rpmtools.com\/index.php?rest_route=\/wp\/v2\/media\/3844"}],"wp:attachment":[{"href":"https:\/\/8000rpmtools.com\/index.php?rest_route=%2Fwp%2Fv2%2Fmedia&parent=3839"}],"wp:term":[{"taxonomy":"product_brand","embeddable":true,"href":"https:\/\/8000rpmtools.com\/index.php?rest_route=%2Fwp%2Fv2%2Fproduct_brand&post=3839"},{"taxonomy":"product_cat","embeddable":true,"href":"https:\/\/8000rpmtools.com\/index.php?rest_route=%2Fwp%2Fv2%2Fproduct_cat&post=3839"},{"taxonomy":"product_tag","embeddable":true,"href":"https:\/\/8000rpmtools.com\/index.php?rest_route=%2Fwp%2Fv2%2Fproduct_tag&post=3839"}],"curies":[{"name":"wp","href":"https:\/\/api.w.org\/{rel}","templated":true}]}}