{"id":3822,"date":"2020-04-08T04:45:03","date_gmt":"2020-04-08T04:45:03","guid":{"rendered":"http:\/\/8000rpmtools.com\/?post_type=product&#038;p=3822"},"modified":"2020-04-08T04:45:06","modified_gmt":"2020-04-08T04:45:06","slug":"protector-de-tablero-meguiars-new-car-acabado-mate","status":"publish","type":"product","link":"https:\/\/8000rpmtools.com\/?product=protector-de-tablero-meguiars-new-car-acabado-mate","title":{"rendered":"PROTECTOR DE TABLERO MEGUIARS NEW CAR &#8211; ACABADO MATE"},"content":{"rendered":"<p>El nuevo protector del aroma del autom\u00f3vil de Meguiars ayuda a los propietarios de autom\u00f3viles a ahorrar tiempo limpiando y protegiendo suavemente las superficies de vinilo, goma y pl\u00e1stico en el interior mientras deja un aroma nuevo y refrescante que incluso elimina los olores no deseados. Con la tecnolog\u00eda Re-Fresher especializada de Meguiar, los olores no solo se enmascaran o se cubren, sino que se eliminan permanentemente. Esta f\u00f3rmula premium ayudar\u00e1 a eliminar r\u00e1pidamente la suciedad y la mugre DIARIA que se acumula al tiempo que proporciona una rica oscuridad y brillo satinado a las superficies interiores con las que entra en contacto DIARIAMENTE. Los agentes de bloqueo UV tambi\u00e9n ayudan a mantener las superficies interiores protegidas para defenderse contra la decoloraci\u00f3n, el agrietamiento y el envejecimiento, de modo que los componentes se vean &#8220;como nuevos&#8221;.<\/p>\n","protected":false},"excerpt":{"rendered":"<ul class=\"a-unordered-list a-vertical a-spacing-none\">\n<li>Acabado mate<\/li>\n<li>Fresco aroma a carro nuevo<\/li>\n<li><span class=\"a-list-item\">Elimina el polvo y las huellas dactilares<\/span><\/li>\n<li><span class=\"a-list-item\">Deja un acabado ultra-slick y ultra-dark<\/span><\/li>\n<\/ul>\n","protected":false},"featured_media":3827,"comment_status":"open","ping_status":"closed","template":"","meta":[],"product_brand":[],"product_cat":[344],"product_tag":[369,345,367],"class_list":{"0":"post-3822","1":"product","2":"type-product","3":"status-publish","4":"has-post-thumbnail","6":"product_cat-productos-meguiars","7":"product_tag-mate","8":"product_tag-meguiars","9":"product_tag-tablero","11":"first","12":"instock","13":"taxable","14":"shipping-taxable","15":"purchasable","16":"product-type-simple"},"_links":{"self":[{"href":"https:\/\/8000rpmtools.com\/index.php?rest_route=\/wp\/v2\/product\/3822","targetHints":{"allow":["GET"]}}],"collection":[{"href":"https:\/\/8000rpmtools.com\/index.php?rest_route=\/wp\/v2\/product"}],"about":[{"href":"https:\/\/8000rpmtools.com\/index.php?rest_route=\/wp\/v2\/types\/product"}],"replies":[{"embeddable":true,"href":"https:\/\/8000rpmtools.com\/index.php?rest_route=%2Fwp%2Fv2%2Fcomments&post=3822"}],"wp:featuredmedia":[{"embeddable":true,"href":"https:\/\/8000rpmtools.com\/index.php?rest_route=\/wp\/v2\/media\/3827"}],"wp:attachment":[{"href":"https:\/\/8000rpmtools.com\/index.php?rest_route=%2Fwp%2Fv2%2Fmedia&parent=3822"}],"wp:term":[{"taxonomy":"product_brand","embeddable":true,"href":"https:\/\/8000rpmtools.com\/index.php?rest_route=%2Fwp%2Fv2%2Fproduct_brand&post=3822"},{"taxonomy":"product_cat","embeddable":true,"href":"https:\/\/8000rpmtools.com\/index.php?rest_route=%2Fwp%2Fv2%2Fproduct_cat&post=3822"},{"taxonomy":"product_tag","embeddable":true,"href":"https:\/\/8000rpmtools.com\/index.php?rest_route=%2Fwp%2Fv2%2Fproduct_tag&post=3822"}],"curies":[{"name":"wp","href":"https:\/\/api.w.org\/{rel}","templated":true}]}}