{"id":3796,"date":"2020-04-08T03:58:59","date_gmt":"2020-04-08T03:58:59","guid":{"rendered":"http:\/\/8000rpmtools.com\/?post_type=product&#038;p=3796"},"modified":"2020-04-08T03:59:02","modified_gmt":"2020-04-08T03:59:02","slug":"quick-detailer-meguiars-limpia-y-renueva-tratamientos-de-cera","status":"publish","type":"product","link":"https:\/\/8000rpmtools.com\/?product=quick-detailer-meguiars-limpia-y-renueva-tratamientos-de-cera","title":{"rendered":"QUICK DETAILER MEGUIARS &#8211; LIMPIA Y RENUEVA TRATAMIENTOS DE CERA"},"content":{"rendered":"<p>Mantiene tu auto LIMPIO con apariencia de reci\u00e9n encerado y lavado, limpia tu auto sin agua. Remueve contaminantes da\u00f1inos sin rayar mientras aumenta la protecci\u00f3n y brillo, es muy eficaz para eliminar las manchas de insectos y p\u00e1jaros.<\/p>\n<p>SOLO ROCIE Y LIMPIE.<\/p>\n","protected":false},"excerpt":{"rendered":"<ul>\n<li>Limpieza r\u00e1pida de tu veh\u00edculo<\/li>\n<li>Remueve impurezas de la pintura<\/li>\n<li>Revive tratamientos de cera o selladores<\/li>\n<\/ul>\n","protected":false},"featured_media":3800,"comment_status":"open","ping_status":"closed","template":"","meta":[],"product_brand":[],"product_cat":[344],"product_tag":[345,358],"class_list":{"0":"post-3796","1":"product","2":"type-product","3":"status-publish","4":"has-post-thumbnail","6":"product_cat-productos-meguiars","7":"product_tag-meguiars","8":"product_tag-quick-detailer","10":"first","11":"instock","12":"taxable","13":"shipping-taxable","14":"purchasable","15":"product-type-simple"},"_links":{"self":[{"href":"https:\/\/8000rpmtools.com\/index.php?rest_route=\/wp\/v2\/product\/3796","targetHints":{"allow":["GET"]}}],"collection":[{"href":"https:\/\/8000rpmtools.com\/index.php?rest_route=\/wp\/v2\/product"}],"about":[{"href":"https:\/\/8000rpmtools.com\/index.php?rest_route=\/wp\/v2\/types\/product"}],"replies":[{"embeddable":true,"href":"https:\/\/8000rpmtools.com\/index.php?rest_route=%2Fwp%2Fv2%2Fcomments&post=3796"}],"wp:featuredmedia":[{"embeddable":true,"href":"https:\/\/8000rpmtools.com\/index.php?rest_route=\/wp\/v2\/media\/3800"}],"wp:attachment":[{"href":"https:\/\/8000rpmtools.com\/index.php?rest_route=%2Fwp%2Fv2%2Fmedia&parent=3796"}],"wp:term":[{"taxonomy":"product_brand","embeddable":true,"href":"https:\/\/8000rpmtools.com\/index.php?rest_route=%2Fwp%2Fv2%2Fproduct_brand&post=3796"},{"taxonomy":"product_cat","embeddable":true,"href":"https:\/\/8000rpmtools.com\/index.php?rest_route=%2Fwp%2Fv2%2Fproduct_cat&post=3796"},{"taxonomy":"product_tag","embeddable":true,"href":"https:\/\/8000rpmtools.com\/index.php?rest_route=%2Fwp%2Fv2%2Fproduct_tag&post=3796"}],"curies":[{"name":"wp","href":"https:\/\/api.w.org\/{rel}","templated":true}]}}