{"id":3782,"date":"2020-04-08T02:26:25","date_gmt":"2020-04-08T02:26:25","guid":{"rendered":"http:\/\/8000rpmtools.com\/?post_type=product&#038;p=3782"},"modified":"2020-04-08T02:26:28","modified_gmt":"2020-04-08T02:26:28","slug":"pulimento-meguiars-ultimate-compound-450ml","status":"publish","type":"product","link":"https:\/\/8000rpmtools.com\/?product=pulimento-meguiars-ultimate-compound-450ml","title":{"rendered":"PULIMENTO MEGUIARS ULTIMATE COMPOUND 450ML"},"content":{"rendered":"<div id=\"descriptionAndDetails\" class=\"a-section a-spacing-extra-large\">\n<div id=\"productDescription_feature_div\" class=\"celwidget\" data-feature-name=\"productDescription\" data-cel-widget=\"productDescription_feature_div\">\n<div id=\"productDescription_feature_div\" class=\"a-row feature\" data-feature-name=\"productDescription\" data-template-name=\"productDescription\" data-cel-widget=\"productDescription_feature_div\">\n<h2 class=\"default\">Descripci\u00f3n del producto<\/h2>\n<div id=\"productDescription\" class=\"a-section a-spacing-small\"><\/div>\n<\/div>\n<\/div>\n<\/div>\n<div id=\"aplusBrandStory_feature_div\" class=\"celwidget\" data-feature-name=\"aplusBrandStory\" data-cel-widget=\"aplusBrandStory_feature_div\"><\/div>\n<div id=\"renewedProgramDescriptionBtf_feature_div\" class=\"celwidget\" data-feature-name=\"renewedProgramDescriptionBtf\" data-cel-widget=\"renewedProgramDescriptionBtf_feature_div\"><img decoding=\"async\" class=\"a-spacing-mini\" src=\"https:\/\/m.media-amazon.com\/images\/S\/aplus-media\/vc\/3e5f34fd-23af-4847-8e75-632d10ce53a4._CR0,0,300,300_PT0_SX300__.jpg\" alt=\"Meguiar's,compound,paint cleaner,defect removal,clear coat safe,clear coat safe compound\" data-src=\"https:\/\/m.media-amazon.com\/images\/S\/aplus-media\/vc\/3e5f34fd-23af-4847-8e75-632d10ce53a4._CR0,0,300,300_PT0_SX300__.jpg\" \/><\/div>\n<div id=\"aplus_feature_div\" class=\"celwidget\" data-feature-name=\"aplus\" data-cel-widget=\"aplus_feature_div\">\n<div id=\"aplus\" class=\"a-section a-spacing-extra-large bucket\">\n<div class=\"aplus-v2 desktop celwidget weblabRtl\" data-cel-widget=\"aplus\">\n<div class=\"celwidget aplus-module module-8\" data-cel-widget=\"aplus-module-8\">\n<div class=\"a-expander-collapsed-height a-row a-expander-container a-expander-partial-collapse-container\" aria-live=\"polite\" data-a-expander-name=\"aplus-module-expander\" data-a-expander-collapsed-height=\"700\">\n<div class=\"a-expander-content a-expander-partial-collapse-content\" aria-expanded=\"false\">\n<div class=\"aplus-module-wrapper\">\n<div class=\"apm-spacing\">\n<div class=\"apm-lefttwothirdswrap apm-floatleft\">\n<div class=\"apm-centerthirdcol\">\n<p>El mejor compuesto para obtener los mejores resultados.<\/p>\n<p>Meguiar\u2019s Ultimate Compound es el mejor limpiador de pintura para eliminar defectos debajo de la superficie, tales como oxidaci\u00f3n leve a moderada, rasgu\u00f1os, manchas de agua y manchas. Con la tecnolog\u00eda microabrasiva exclusiva de Meguiar, corta r\u00e1pidamente para eliminar defectos de forma permanente, restaura el color y la claridad, y no empa\u00f1a ni estropea como un compuesto tradicional.<\/p>\n<p>Este compuesto seguro de capa transparente tambi\u00e9n reduce dr\u00e1sticamente el tiempo y el esfuerzo para restaurar la pintura al tiempo que obtiene resultados que superan el rendimiento de los compuestos de pulido y pulido convencionales. Ultimate Compound elimina r\u00e1pida y f\u00e1cilmente los defectos de pintura al tiempo que maximiza el brillo y el brillo para preparar su pintura para la protecci\u00f3n con cera.<\/p>\n<h5 class=\"a-spacing-mini a-color-secondary\">C\u00f3mo preparar la pintura antes de aplicar Ultimate Compound<\/h5>\n<h5 class=\"a-spacing-mini a-color-secondary\">Lave y seque el veh\u00edculo primero. Siempre use un jab\u00f3n para lavado de autos con pH equilibrado, como Meguiar\u2019s Ultimate Wash and Wax, que limpia suavemente la pintura de su autom\u00f3vil, agrega brillo y brillo, y deja protecci\u00f3n de cera adicional cada vez que se lava.<\/h5>\n<\/div>\n<\/div>\n<\/div>\n<\/div>\n<div><\/div>\n<\/div>\n<\/div>\n<\/div>\n<div class=\"celwidget aplus-module module-8\" data-cel-widget=\"aplus-module-8\">\n<div class=\"a-expander-collapsed-height a-row a-expander-container a-expander-partial-collapse-container\" aria-live=\"polite\" data-a-expander-name=\"aplus-module-expander\" data-a-expander-collapsed-height=\"700\">\n<div class=\"a-expander-content a-expander-partial-collapse-content\" aria-expanded=\"false\">\n<div class=\"aplus-module-wrapper\">\n<div class=\"apm-spacing\">\n<div class=\"apm-lefttwothirdswrap apm-floatleft\">\n<div class=\"apm-leftimage\"><img decoding=\"async\" class=\"a-spacing-mini\" src=\"https:\/\/m.media-amazon.com\/images\/S\/aplus-media\/vc\/452997f4-9240-4434-a01a-8faee5b17e7c._CR0,0,300,300_PT0_SX300__.jpg\" alt=\"Meguiar's,compound,paint cleaner,defect removal,clear coat safe,clear coat safe compound\" data-src=\"https:\/\/m.media-amazon.com\/images\/S\/aplus-media\/vc\/452997f4-9240-4434-a01a-8faee5b17e7c._CR0,0,300,300_PT0_SX300__.jpg\" \/><\/div>\n<div><\/div>\n<div class=\"apm-leftimage\">Despu\u00e9s de lavar y secar, pase los dedos limpios y secos sobre la pintura. Si se siente \u00e1spero, ha adherido contaminantes sobre la pintura. Estos contaminantes pueden ser cualquier cosa, desde la niebla de la savia de los \u00e1rboles hasta las consecuencias industriales o incluso el alquitr\u00e1n de la carretera .<\/div>\n<div><\/div>\n<div class=\"apm-leftimage\">Luego, inspeccione la pintura en busca de defectos debajo de la superficie como remolinos, rasgu\u00f1os, oxidaci\u00f3n y manchas de agua. Aqu\u00ed es esencial una buena iluminaci\u00f3n, considere inspeccionar la pintura a la luz solar directa o bajo luces fluorescentes fuertes. Si es posible, use diferentes fuentes de luz, ya que diferentes tipos de luz pueden revelar diferentes defectos debajo de la superficie.<\/div>\n<div class=\"apm-centerthirdcol\">\n<h5 class=\"a-spacing-mini a-color-secondary\">Consejos para trabajar con el Compuesto definitivo de Meguiar<\/h5>\n<h5 class=\"a-spacing-mini a-color-secondary\">\nSiempre trabaje en una superficie fresca y a la sombra.<\/h5>\n<h5 class=\"a-spacing-mini a-color-secondary\">\nSiempre aplique su compuesto delgado y uniforme. Si se aplica demasiado compuesto, los aceites se pueden acumular y dejar rayas y manchas al eliminarlos.<\/h5>\n<\/div>\n<\/div>\n<div class=\"apm-rightthirdcol\">\n<div class=\"apm-rightthirdcol-inner\"><\/div>\n<\/div>\n<\/div>\n<\/div>\n<div><\/div>\n<\/div>\n<\/div>\n<\/div>\n<div class=\"celwidget aplus-module module-8\" data-cel-widget=\"aplus-module-8\">\n<div class=\"a-expander-collapsed-height a-row a-expander-container a-expander-partial-collapse-container\" aria-live=\"polite\" data-a-expander-name=\"aplus-module-expander\" data-a-expander-collapsed-height=\"700\">\n<div class=\"a-expander-content a-expander-partial-collapse-content\" aria-expanded=\"false\">\n<div class=\"aplus-module-wrapper\">\n<div class=\"apm-spacing\">\n<div class=\"apm-lefttwothirdswrap apm-floatleft\">\n<div class=\"apm-leftimage\"><img decoding=\"async\" class=\"a-spacing-mini\" src=\"https:\/\/m.media-amazon.com\/images\/S\/aplus-media\/vc\/fad561f0-62ee-4702-921c-58a3e51e2353._CR0,0,300,300_PT0_SX300__.jpg\" alt=\"Meguiar's,compound,paint cleaner,defect removal,clear coat safe,clear coat safe compound\" data-src=\"https:\/\/m.media-amazon.com\/images\/S\/aplus-media\/vc\/fad561f0-62ee-4702-921c-58a3e51e2353._CR0,0,300,300_PT0_SX300__.jpg\" \/><\/div>\n<div class=\"apm-centerthirdcol\">\n<p>Aplique una peque\u00f1a cantidad de compuesto en la pintura con presi\u00f3n moderada y un aplicador de espuma suave como los aplicadores de espuma de Meguiar. Trabaje en un \u00e1rea de 1-2 pies cuadrados en un patr\u00f3n circular, haciendo 4-6 pases superpuestos por secci\u00f3n. Limpie el residuo antes de que se seque con una toalla de microfibra premium limpia como las toallas de microfibra Shine Supreme Shine de Meguiar.<\/p>\n<p>Voltee su toalla hacia un lado limpio para una limpieza final.<\/p>\n<p>Trabaja el compuesto definitivo con una ligera fricci\u00f3n. Los compuestos necesitan un poco de fricci\u00f3n para activar el micro abrasivo y eliminar los defectos. Si simplemente se limpia y se limpia como una cera, no funcionar\u00e1 correctamente para eliminar el defecto.<\/p>\n<\/div>\n<\/div>\n<\/div>\n<\/div>\n<div><\/div>\n<\/div>\n<\/div>\n<\/div>\n<div class=\"celwidget aplus-module module-3\" data-cel-widget=\"aplus-module-3\">\n<div class=\"a-expander-collapsed-height a-row a-expander-container a-expander-partial-collapse-container\" aria-live=\"polite\" data-a-expander-name=\"aplus-module-expander\" data-a-expander-collapsed-height=\"700\">\n<div class=\"a-expander-content a-expander-partial-collapse-content\" aria-expanded=\"false\">\n<div class=\"aplus-module-wrapper apm-floatnone\">\n<div class=\"apm-sidemodule apm-spacing\">\n<div class=\"apm-sidemodule-imageright\"><img decoding=\"async\" class=\"a-spacing-mini\" src=\"https:\/\/m.media-amazon.com\/images\/S\/aplus-media\/vc\/48e90639-70cb-4829-b179-b03091bf7d81._CR0,0,300,300_PT0_SX300__.jpg\" alt=\"auto,car,protectant,wax,shine,polish,professional,enthusiast,detail,leather,metal,vinyl,marine,rv\" data-src=\"https:\/\/m.media-amazon.com\/images\/S\/aplus-media\/vc\/48e90639-70cb-4829-b179-b03091bf7d81._CR0,0,300,300_PT0_SX300__.jpg\" \/><\/div>\n<\/div>\n<\/div>\n<\/div>\n<\/div>\n<\/div>\n<\/div>\n<\/div>\n<\/div>\n","protected":false},"excerpt":{"rendered":"<ul class=\"a-unordered-list a-vertical a-spacing-none\">\n<li><span class=\"a-list-item\">Restauraci\u00f3n de la pintura con brillo de espejo<\/span><\/li>\n<li><span class=\"a-list-item\">Ideal para eliminar la oxidaci\u00f3n, ara\u00f1azos, manchas de agua y manchas sin ara\u00f1azos.<\/span><\/li>\n<li><span class=\"a-list-item\">Ahorra tiempo<\/span><\/li>\n<li><span class=\"a-list-item\">Acabado fant\u00e1stico: Exclusiva tecnolog\u00eda microabrasiva que deja un acabado &#8220;como nuevo&#8221; y a\u00f1ade brillo en un solo paso.<\/span><\/li>\n<\/ul>\n","protected":false},"featured_media":3789,"comment_status":"open","ping_status":"closed","template":"","meta":[],"product_brand":[],"product_cat":[344],"product_tag":[345,354,355],"class_list":{"0":"post-3782","1":"product","2":"type-product","3":"status-publish","4":"has-post-thumbnail","6":"product_cat-productos-meguiars","7":"product_tag-meguiars","8":"product_tag-pulimento","9":"product_tag-ultimate","11":"first","12":"instock","13":"taxable","14":"shipping-taxable","15":"purchasable","16":"product-type-simple"},"_links":{"self":[{"href":"https:\/\/8000rpmtools.com\/index.php?rest_route=\/wp\/v2\/product\/3782","targetHints":{"allow":["GET"]}}],"collection":[{"href":"https:\/\/8000rpmtools.com\/index.php?rest_route=\/wp\/v2\/product"}],"about":[{"href":"https:\/\/8000rpmtools.com\/index.php?rest_route=\/wp\/v2\/types\/product"}],"replies":[{"embeddable":true,"href":"https:\/\/8000rpmtools.com\/index.php?rest_route=%2Fwp%2Fv2%2Fcomments&post=3782"}],"wp:featuredmedia":[{"embeddable":true,"href":"https:\/\/8000rpmtools.com\/index.php?rest_route=\/wp\/v2\/media\/3789"}],"wp:attachment":[{"href":"https:\/\/8000rpmtools.com\/index.php?rest_route=%2Fwp%2Fv2%2Fmedia&parent=3782"}],"wp:term":[{"taxonomy":"product_brand","embeddable":true,"href":"https:\/\/8000rpmtools.com\/index.php?rest_route=%2Fwp%2Fv2%2Fproduct_brand&post=3782"},{"taxonomy":"product_cat","embeddable":true,"href":"https:\/\/8000rpmtools.com\/index.php?rest_route=%2Fwp%2Fv2%2Fproduct_cat&post=3782"},{"taxonomy":"product_tag","embeddable":true,"href":"https:\/\/8000rpmtools.com\/index.php?rest_route=%2Fwp%2Fv2%2Fproduct_tag&post=3782"}],"curies":[{"name":"wp","href":"https:\/\/api.w.org\/{rel}","templated":true}]}}