{"id":3703,"date":"2020-04-05T07:10:04","date_gmt":"2020-04-05T07:10:04","guid":{"rendered":"http:\/\/8000rpmtools.com\/?post_type=product&#038;p=3703"},"modified":"2023-01-24T17:16:03","modified_gmt":"2023-01-24T17:16:03","slug":"hybrid-ceramic-wax-cera-ceramica","status":"publish","type":"product","link":"https:\/\/8000rpmtools.com\/?product=hybrid-ceramic-wax-cera-ceramica","title":{"rendered":"HYBRID CERAMIC WAX MEGUIARS &#8211; CERA CER\u00c1MICA SELLADORA"},"content":{"rendered":"<p>\u00a1La sofisticada qu\u00edmica de cer\u00e1mica h\u00edbrida de Meguiars hace que este producto sea tan f\u00e1cil de aplicar como una cera l\u00edquida com\u00fan! Dise\u00f1ada para ser aplicada con una pulidora de velocidad variable de doble acci\u00f3n o mano tambi\u00e9n se puede aplicar con Sistema DA Power, esta f\u00f3rmula produce una capa resbaladiza, protectora de agua que sella la pintura del medio ambiente. \u00a1Y se puede usar en molduras de cromo y pl\u00e1stico, o como una capa superior sobre ceras y selladores tradicionales, tambi\u00e9n!<\/p>\n<p>La f\u00f3rmula de Si O, nos dar\u00e1 una protecci\u00f3n duradera y un brillo incre\u00edble, f\u00e1cil de aplicar y f\u00e1cil de remover.<\/p>\n","protected":false},"excerpt":{"rendered":"<ul class=\"a-unordered-list a-vertical a-spacing-none\">\n<li><span class=\"a-list-item\">Contiene la \u00faltima tecnolog\u00eda Hybrid Si02<\/span><\/li>\n<li><span class=\"a-list-item\">Sella la pintura para una protecci\u00f3n duradera.<\/span><\/li>\n<li><span class=\"a-list-item\">Proporciona una acci\u00f3n extrema repelencia al agua.<\/span><\/li>\n<li><span class=\"a-list-item\">Se aplica como una cera l\u00edquida tradicional y es f\u00e1cil de usar.<\/span><\/li>\n<li><span class=\"a-list-item\">No habr\u00e1 blanqueamiento en pl\u00e1sticos y juntas de goma<\/span><\/li>\n<\/ul>\n","protected":false},"featured_media":3762,"comment_status":"open","ping_status":"closed","template":"","meta":[],"product_brand":[],"product_cat":[344],"product_tag":[],"class_list":{"0":"post-3703","1":"product","2":"type-product","3":"status-publish","4":"has-post-thumbnail","6":"product_cat-productos-meguiars","8":"first","9":"instock","10":"taxable","11":"shipping-taxable","12":"purchasable","13":"product-type-simple"},"_links":{"self":[{"href":"https:\/\/8000rpmtools.com\/index.php?rest_route=\/wp\/v2\/product\/3703","targetHints":{"allow":["GET"]}}],"collection":[{"href":"https:\/\/8000rpmtools.com\/index.php?rest_route=\/wp\/v2\/product"}],"about":[{"href":"https:\/\/8000rpmtools.com\/index.php?rest_route=\/wp\/v2\/types\/product"}],"replies":[{"embeddable":true,"href":"https:\/\/8000rpmtools.com\/index.php?rest_route=%2Fwp%2Fv2%2Fcomments&post=3703"}],"wp:featuredmedia":[{"embeddable":true,"href":"https:\/\/8000rpmtools.com\/index.php?rest_route=\/wp\/v2\/media\/3762"}],"wp:attachment":[{"href":"https:\/\/8000rpmtools.com\/index.php?rest_route=%2Fwp%2Fv2%2Fmedia&parent=3703"}],"wp:term":[{"taxonomy":"product_brand","embeddable":true,"href":"https:\/\/8000rpmtools.com\/index.php?rest_route=%2Fwp%2Fv2%2Fproduct_brand&post=3703"},{"taxonomy":"product_cat","embeddable":true,"href":"https:\/\/8000rpmtools.com\/index.php?rest_route=%2Fwp%2Fv2%2Fproduct_cat&post=3703"},{"taxonomy":"product_tag","embeddable":true,"href":"https:\/\/8000rpmtools.com\/index.php?rest_route=%2Fwp%2Fv2%2Fproduct_tag&post=3703"}],"curies":[{"name":"wp","href":"https:\/\/api.w.org\/{rel}","templated":true}]}}