{"id":3342,"date":"2020-04-01T21:26:51","date_gmt":"2020-04-01T21:26:51","guid":{"rendered":"http:\/\/8000rpmtools.com\/?post_type=product&#038;p=3342"},"modified":"2023-03-10T17:03:45","modified_gmt":"2023-03-10T17:03:45","slug":"kit-de-herramientas-para-desarme-de-paneles-y-tapicerias","status":"publish","type":"product","link":"https:\/\/8000rpmtools.com\/?product=kit-de-herramientas-para-desarme-de-paneles-y-tapicerias","title":{"rendered":"KIT DE HERRAMIENTAS PARA DESARME DE PANELES Y TAPICER\u00cdAS"},"content":{"rendered":"<p>Este Fabuloso kit tiene todo lo necesario para remover y desarmar paneles y tapicer\u00edas, para poder remover vinchas de gran fijaci\u00f3n por favor utilice la herramienta met\u00e1lica que nos dar\u00e1 una gran presi\u00f3n y fiabilidad sin da\u00f1ar los elementos en los cuales estamos trabajando.<\/p>\n<p>1. Kit de herramientas de eliminaci\u00f3n de panel de 10pcs, es perfecto para montar y desmontar, equipo de audio, puerta y ventana, borde moldeado, paneles, salpicadero y clips, tapicer\u00edas,\u00a0 puede evitar ara\u00f1azos y da\u00f1os a veh\u00edculos en pintura cromo y piel, etc.<\/p>\n<p>2. Fabricado en pl\u00e1stico y metal duradero de alta resistencia a la abrasi\u00f3n, resistencia al calor, bajo coeficiente de fricci\u00f3n, buenas propiedades el\u00e9ctricas y diel\u00e9ctrico.<\/p>\n<p>3. Universal \u2013 Pata de cabra (herramientas de eliminaci\u00f3n de clips, para varios veh\u00edculos, barcos, RV, etc.). aplicable para Auto tapicer\u00eda para llegar a espacios y grietas<\/p>\n<p>Contenido:<br \/>\n2 x Removedores de Vinchas de acero<br \/>\n8\u00a0x herramientas de eliminaci\u00f3n de panel de pl\u00e1stico<\/p>\n","protected":false},"excerpt":{"rendered":"<ul class=\"a-unordered-list a-vertical a-spacing-none\">\n<li><span class=\"a-list-item\">Kit de herramientas profesional resistente y f\u00e1cil de usar<\/span><\/li>\n<li>No se rompen facilmente<\/li>\n<li><span class=\"a-list-item\">Protege la tapicer\u00eda, piel, pl\u00e1stico de su coche<\/span><\/li>\n<li>Uso Profesional<\/li>\n<li>El kit contiene 10 Piezas<\/li>\n<\/ul>\n","protected":false},"featured_media":30515,"comment_status":"open","ping_status":"closed","template":"","meta":[],"product_brand":[],"product_cat":[23,186],"product_tag":[267,268,266],"class_list":{"0":"post-3342","1":"product","2":"type-product","3":"status-publish","4":"has-post-thumbnail","6":"product_cat-herramientas-manuales","7":"product_cat-pintura-y-carroceria","8":"product_tag-paneles","9":"product_tag-remover-paneles","10":"product_tag-saca-vinchas","12":"first","13":"instock","14":"taxable","15":"shipping-taxable","16":"purchasable","17":"product-type-simple"},"_links":{"self":[{"href":"https:\/\/8000rpmtools.com\/index.php?rest_route=\/wp\/v2\/product\/3342","targetHints":{"allow":["GET"]}}],"collection":[{"href":"https:\/\/8000rpmtools.com\/index.php?rest_route=\/wp\/v2\/product"}],"about":[{"href":"https:\/\/8000rpmtools.com\/index.php?rest_route=\/wp\/v2\/types\/product"}],"replies":[{"embeddable":true,"href":"https:\/\/8000rpmtools.com\/index.php?rest_route=%2Fwp%2Fv2%2Fcomments&post=3342"}],"wp:featuredmedia":[{"embeddable":true,"href":"https:\/\/8000rpmtools.com\/index.php?rest_route=\/wp\/v2\/media\/30515"}],"wp:attachment":[{"href":"https:\/\/8000rpmtools.com\/index.php?rest_route=%2Fwp%2Fv2%2Fmedia&parent=3342"}],"wp:term":[{"taxonomy":"product_brand","embeddable":true,"href":"https:\/\/8000rpmtools.com\/index.php?rest_route=%2Fwp%2Fv2%2Fproduct_brand&post=3342"},{"taxonomy":"product_cat","embeddable":true,"href":"https:\/\/8000rpmtools.com\/index.php?rest_route=%2Fwp%2Fv2%2Fproduct_cat&post=3342"},{"taxonomy":"product_tag","embeddable":true,"href":"https:\/\/8000rpmtools.com\/index.php?rest_route=%2Fwp%2Fv2%2Fproduct_tag&post=3342"}],"curies":[{"name":"wp","href":"https:\/\/api.w.org\/{rel}","templated":true}]}}