{"id":3303,"date":"2020-04-01T01:44:57","date_gmt":"2020-04-01T01:44:57","guid":{"rendered":"http:\/\/8000rpmtools.com\/?post_type=product&#038;p=3303"},"modified":"2025-12-18T22:12:10","modified_gmt":"2025-12-19T03:12:10","slug":"torquimetro-tekton-mando-3-4-rango-de-torque-50-300-pies-libras","status":"publish","type":"product","link":"https:\/\/8000rpmtools.com\/?product=torquimetro-tekton-mando-3-4-rango-de-torque-50-300-pies-libras","title":{"rendered":"TORQU\u00cdMETRO TEKTON MANDO 3\/4 RANGO DE TORQUE 50-300 Pies Libras"},"content":{"rendered":"<p>Calibrada con una precisi\u00f3n de + \/ 4%, la llave de torque Drive Click de TEKTON de 3\/4 pulg. Le permite trabajar con confianza, eliminando adivinanzas y la tendencia com\u00fan de apretar demasiado los sujetadores. Apretar correctamente los sujetadores a las especificaciones de torsi\u00f3n del fabricante del veh\u00edculo o equipo asegura que las piezas est\u00e9n aseguradas adecuadamente sin sufrir da\u00f1os.<\/p>\n<p>Simple y f\u00e1cil de usar, esta llave tiene un cabezal de trinquete reversible que impulsa los sujetadores en ambas direcciones y mide el torque en el sentido de las agujas del reloj. Para medir el par, configure el valor deseado en la escala del mango (libras-pie o metros Newton) y comience a apretar el sujetador. Cuando se alcanza el valor de torque preestablecido, una operaci\u00f3n mec\u00e1nica confiable dentro del mango produce un clic que puede escuchar y sentir, alert\u00e1ndolo de que deje de aplicar fuerza. Construido para un rendimiento constante y a\u00f1os de servicio confiable, el dise\u00f1o mec\u00e1nico no necesita bater\u00edas, y la construcci\u00f3n de acero no tiene piezas de pl\u00e1stico para romperse o desgastarse.<\/p>\n<p><strong>IMPORTANTE<\/strong>: esta llave se env\u00eda precalibrada y lista para usar. Para ayudar a mantener la calibraci\u00f3n, almacene en su configuraci\u00f3n m\u00e1s baja de 50 ft.lb.\/67.8 Nm cuando no est\u00e9 en uso. Aseg\u00farese de leer y comprender el manual del operador, incluida toda la informaci\u00f3n de seguridad, antes del primer uso.<\/p>\n<p><strong>Especificaciones:<\/strong><\/p>\n<p>Rango &#8211; ft.-lb .: 50-300 ft.-lb.<br \/>\nRango &#8211; Nm: 67.8-406.7 Nm<br \/>\nIncremento: 1 ft.-lb. (1,36 Nm)<br \/>\nPrecisi\u00f3n: \u00b1 4 por ciento<br \/>\nLongitud: 26-5 \/ 16 pulgadas<br \/>\nTrinquete: 24 dientes<br \/>\nPa\u00eds de origen: Taiw\u00e1n<\/p>\n<p><strong>Incluye:<\/strong><\/p>\n<p>(1) Llave dinamom\u00e9trica de 3\/4 pulg.<br \/>\n(1) Estuche de almacenamiento<br \/>\n(1) Manual del operador con tabla de conversi\u00f3n de par<\/p>\n","protected":false},"excerpt":{"rendered":"<ul class=\"a-unordered-list a-vertical a-spacing-none\">\n<li>Torqu\u00edmetro Profesional de larga duraci\u00f3n.<\/li>\n<li>Mango Grabado con L\u00e1ser para evitar que se borre las medidas<\/li>\n<li>Incluye Estuche<\/li>\n<li>1 A\u00f1o de Garant\u00eda<\/li>\n<\/ul>\n","protected":false},"featured_media":3308,"comment_status":"open","ping_status":"closed","template":"","meta":[],"product_brand":[],"product_cat":[23,173],"product_tag":[261,262,175,260],"class_list":{"0":"post-3303","1":"product","2":"type-product","3":"status-publish","4":"has-post-thumbnail","6":"product_cat-herramientas-manuales","7":"product_cat-torquimetros","8":"product_tag-3-4","9":"product_tag-palanca","10":"product_tag-torque","11":"product_tag-torquimetro","13":"first","14":"instock","15":"taxable","16":"shipping-taxable","17":"purchasable","18":"product-type-simple"},"_links":{"self":[{"href":"https:\/\/8000rpmtools.com\/index.php?rest_route=\/wp\/v2\/product\/3303","targetHints":{"allow":["GET"]}}],"collection":[{"href":"https:\/\/8000rpmtools.com\/index.php?rest_route=\/wp\/v2\/product"}],"about":[{"href":"https:\/\/8000rpmtools.com\/index.php?rest_route=\/wp\/v2\/types\/product"}],"replies":[{"embeddable":true,"href":"https:\/\/8000rpmtools.com\/index.php?rest_route=%2Fwp%2Fv2%2Fcomments&post=3303"}],"wp:featuredmedia":[{"embeddable":true,"href":"https:\/\/8000rpmtools.com\/index.php?rest_route=\/wp\/v2\/media\/3308"}],"wp:attachment":[{"href":"https:\/\/8000rpmtools.com\/index.php?rest_route=%2Fwp%2Fv2%2Fmedia&parent=3303"}],"wp:term":[{"taxonomy":"product_brand","embeddable":true,"href":"https:\/\/8000rpmtools.com\/index.php?rest_route=%2Fwp%2Fv2%2Fproduct_brand&post=3303"},{"taxonomy":"product_cat","embeddable":true,"href":"https:\/\/8000rpmtools.com\/index.php?rest_route=%2Fwp%2Fv2%2Fproduct_cat&post=3303"},{"taxonomy":"product_tag","embeddable":true,"href":"https:\/\/8000rpmtools.com\/index.php?rest_route=%2Fwp%2Fv2%2Fproduct_tag&post=3303"}],"curies":[{"name":"wp","href":"https:\/\/api.w.org\/{rel}","templated":true}]}}