{"id":3151,"date":"2020-03-31T04:04:39","date_gmt":"2020-03-31T09:04:39","guid":{"rendered":"http:\/\/8000rpmtools.com\/?post_type=product&#038;p=3151"},"modified":"2025-12-18T22:13:28","modified_gmt":"2025-12-19T03:13:28","slug":"kit-para-reparacion-y-retroceso-de-pistones-de-mordaza-de-frenos-21-piezas","status":"publish","type":"product","link":"https:\/\/8000rpmtools.com\/?product=kit-para-reparacion-y-retroceso-de-pistones-de-mordaza-de-frenos-21-piezas","title":{"rendered":"KIT PARA REPARACI\u00d3N Y RETROCESO DE PISTONES DE MORDAZA DE FRENOS 21 PIEZAS"},"content":{"rendered":"<div class=\"celwidget aplus-module launchpad-brand-description-left\" data-cel-widget=\"aplus-launchpad-brand-description-left\">\n<div class=\"a-section a-spacing-top-mini launchpad-module launchpad-module-brand-description-left\">\n<div class=\"a-section launchpad-text-left-justify\">\n<p>-Este vers\u00e1til kit de herramientas de retroceso de pist\u00f3n de pinza de freno de est\u00e1 dise\u00f1ado para rebobinar los pistones en pinzas de freno de todas las marcas de veh\u00edculos.<\/p>\n<p>-Este kit de herramientas le permite rebobinar a mano los pistones de las pinzas de freno sin da\u00f1ar las juntas de los pistones.<\/p>\n<p>-Lo hace permitiendo la rotaci\u00f3n del pist\u00f3n al mismo tiempo que empuja el pist\u00f3n nuevamente dentro de la pinza.<\/p>\n<\/div>\n<\/div>\n<\/div>\n<div class=\"celwidget aplus-module 3p-module-b\" data-cel-widget=\"aplus-3p-module-b\">\n<div class=\"aplus-3p-fixed-width\"><img decoding=\"async\" class=\"a-spacing-base\" src=\"https:\/\/m.media-amazon.com\/images\/S\/aplus-seller-content-images-us-east-1\/ATVPDKIKX0DER\/A2IFR2W3SIJRXZ\/8c035d84-b9c7-40dd-af27-f7279a18ea9b._CR0,0,970,600_PT0_SX970__.jpg\" alt=\"universal disc brake caliper tool set 22 pcs\" data-src=\"https:\/\/m.media-amazon.com\/images\/S\/aplus-seller-content-images-us-east-1\/ATVPDKIKX0DER\/A2IFR2W3SIJRXZ\/8c035d84-b9c7-40dd-af27-f7279a18ea9b._CR0,0,970,600_PT0_SX970__.jpg\" \/><\/div>\n<\/div>\n<div class=\"celwidget aplus-module module-9\" data-cel-widget=\"aplus-module-9\">\n<div class=\"a-expander-collapsed-height a-row a-expander-container a-expander-partial-collapse-container\" aria-live=\"polite\" data-a-expander-name=\"aplus-module-expander\" data-a-expander-collapsed-height=\"700\">\n<div class=\"a-expander-content a-expander-partial-collapse-content\" aria-expanded=\"false\">\n<div class=\"aplus-module-wrapper\">\n<div class=\"apm-spacing apm-fixed-width\">\n<table class=\"apm-fixed-width a-size-base apm-eventhirdcol-table\">\n<tbody>\n<tr>\n<th class=\"apm-center\">\n<div class=\"apm-eventhirdcol apm-floatleft\">\n<p><img decoding=\"async\" class=\"a-spacing-mini\" src=\"https:\/\/m.media-amazon.com\/images\/S\/aplus-seller-content-images-us-east-1\/ATVPDKIKX0DER\/A2IFR2W3SIJRXZ\/c0610b2a-d669-4196-acde-a9cd15962f6a._CR0,0,302,302_PT0_SX300__.jpg\" alt=\"universal disc brake separator tool\" data-src=\"https:\/\/m.media-amazon.com\/images\/S\/aplus-seller-content-images-us-east-1\/ATVPDKIKX0DER\/A2IFR2W3SIJRXZ\/c0610b2a-d669-4196-acde-a9cd15962f6a._CR0,0,302,302_PT0_SX300__.jpg\" \/><\/p>\n<\/div>\n<\/th>\n<th class=\"apm-center\">\n<div class=\"apm-eventhirdcol apm-floatleft\">\n<p><img decoding=\"async\" class=\"a-spacing-mini\" src=\"https:\/\/m.media-amazon.com\/images\/S\/aplus-seller-content-images-us-east-1\/ATVPDKIKX0DER\/A2IFR2W3SIJRXZ\/d0a97d8e-9437-4634-9208-3dc35ef98ff5._CR0,0,300,300_PT0_SX300__.jpg\" alt=\"disc brake tool\" data-src=\"https:\/\/m.media-amazon.com\/images\/S\/aplus-seller-content-images-us-east-1\/ATVPDKIKX0DER\/A2IFR2W3SIJRXZ\/d0a97d8e-9437-4634-9208-3dc35ef98ff5._CR0,0,300,300_PT0_SX300__.jpg\" \/><\/p>\n<\/div>\n<\/th>\n<th class=\"apm-center\">\n<div class=\"apm-eventhirdcol apm-floatleft\">\n<p><img decoding=\"async\" class=\"a-spacing-mini\" src=\"https:\/\/m.media-amazon.com\/images\/S\/aplus-seller-content-images-us-east-1\/ATVPDKIKX0DER\/A2IFR2W3SIJRXZ\/92968144-cdd8-49fe-b2bc-65fde64e3048._CR0,0,300,300_PT0_SX300__.jpg\" alt=\"disc brake caliper tool us shipping\" data-src=\"https:\/\/m.media-amazon.com\/images\/S\/aplus-seller-content-images-us-east-1\/ATVPDKIKX0DER\/A2IFR2W3SIJRXZ\/92968144-cdd8-49fe-b2bc-65fde64e3048._CR0,0,300,300_PT0_SX300__.jpg\" \/><\/p>\n<\/div>\n<\/th>\n<\/tr>\n<tr>\n<td class=\"apm-top\">\n<div class=\"apm-eventhirdcol apm-floatleft\">\n<h4 class=\"a-spacing-mini\">Detalles del paquete<br \/>\n18 x adaptador para marcas de autom\u00f3viles populares2<br \/>\nx Conjunto de perno de empuje (roscado derecho e izquierdo) 2<br \/>\nx Placa de reacci\u00f3n1<\/h4>\n<\/div>\n<\/td>\n<td class=\"apm-top\">\n<div class=\"apm-eventhirdcol apm-floatleft\">\n<h4 class=\"a-spacing-mini\">F\u00e1cil de usar<br \/>\nEl manual de instrucciones incluye S<br \/>\ninstrucciones paso a paso Kit de herramientas perfecto para el mec\u00e1nico profesional y entusiasta del bricolaje<\/h4>\n<\/div>\n<\/td>\n<td class=\"apm-top\">\n<div class=\"apm-eventhirdcol apm-floatleft\">\n<p>Almacenamiento f\u00e1cil<br \/>\nViene en una caja moldeada por soplado para un transporte y almacenamiento seguro y f\u00e1cil.<\/p>\n<p>-Peso: 6.17lbs (2.8kg)<\/p>\n<p>-Dimensiones del producto: 12.6 &#8220;x8.66&#8221; x2.2 &#8220;(32x22x5.6cm)<\/p>\n<\/div>\n<\/td>\n<\/tr>\n<\/tbody>\n<\/table>\n<\/div>\n<\/div>\n<\/div>\n<\/div>\n<\/div>\n","protected":false},"excerpt":{"rendered":"<ul class=\"a-unordered-list a-vertical a-spacing-none\">\n<li><span class=\"a-list-item\">Ideal para para sustituir a los pistones de freno de y rotaci\u00f3n mec\u00e1nica, cambio de pastillas<\/span><\/li>\n<li><span class=\"a-list-item\">Una herramienta que ahorrar\u00e1 tiempo<\/span><\/li>\n<li><span class=\"a-list-item\">Dise\u00f1o universal: se adapta a la mayor\u00eda marcas De Veh\u00edculos<\/span><\/li>\n<li><span class=\"a-list-item\">Durable: dise\u00f1ado para uso profesional con materiales de alta calidad<\/span><\/li>\n<\/ul>\n","protected":false},"featured_media":3159,"comment_status":"open","ping_status":"closed","template":"","meta":[],"product_brand":[],"product_cat":[201],"product_tag":[210,212,211],"class_list":{"0":"post-3151","1":"product","2":"type-product","3":"status-publish","4":"has-post-thumbnail","6":"product_cat-herramientas-especiales","7":"product_tag-frenos","8":"product_tag-mordaza","9":"product_tag-piston-de-freno","11":"first","12":"instock","13":"taxable","14":"shipping-taxable","15":"purchasable","16":"product-type-simple"},"_links":{"self":[{"href":"https:\/\/8000rpmtools.com\/index.php?rest_route=\/wp\/v2\/product\/3151","targetHints":{"allow":["GET"]}}],"collection":[{"href":"https:\/\/8000rpmtools.com\/index.php?rest_route=\/wp\/v2\/product"}],"about":[{"href":"https:\/\/8000rpmtools.com\/index.php?rest_route=\/wp\/v2\/types\/product"}],"replies":[{"embeddable":true,"href":"https:\/\/8000rpmtools.com\/index.php?rest_route=%2Fwp%2Fv2%2Fcomments&post=3151"}],"wp:featuredmedia":[{"embeddable":true,"href":"https:\/\/8000rpmtools.com\/index.php?rest_route=\/wp\/v2\/media\/3159"}],"wp:attachment":[{"href":"https:\/\/8000rpmtools.com\/index.php?rest_route=%2Fwp%2Fv2%2Fmedia&parent=3151"}],"wp:term":[{"taxonomy":"product_brand","embeddable":true,"href":"https:\/\/8000rpmtools.com\/index.php?rest_route=%2Fwp%2Fv2%2Fproduct_brand&post=3151"},{"taxonomy":"product_cat","embeddable":true,"href":"https:\/\/8000rpmtools.com\/index.php?rest_route=%2Fwp%2Fv2%2Fproduct_cat&post=3151"},{"taxonomy":"product_tag","embeddable":true,"href":"https:\/\/8000rpmtools.com\/index.php?rest_route=%2Fwp%2Fv2%2Fproduct_tag&post=3151"}],"curies":[{"name":"wp","href":"https:\/\/api.w.org\/{rel}","templated":true}]}}