{"id":31407,"date":"2026-02-25T12:38:20","date_gmt":"2026-02-25T17:38:20","guid":{"rendered":"https:\/\/8000rpmtools.com\/?post_type=product&#038;p=31407"},"modified":"2026-02-25T12:39:02","modified_gmt":"2026-02-25T17:39:02","slug":"kit-trabador-de-distribucion-universal-gasolina-y-diesel","status":"publish","type":"product","link":"https:\/\/8000rpmtools.com\/?product=kit-trabador-de-distribucion-universal-gasolina-y-diesel","title":{"rendered":"TRABADOR DE DISTRIBUCI\u00d3N UNIVERSAL GASOLINA Y DIESEL"},"content":{"rendered":"<ul>\n<li>Dise\u00f1ado para bloquear \u00e1rboles de levas gemelos en las marcas de sincronizaci\u00f3n durante el reemplazo de la correa de distribuci\u00f3n.<\/li>\n<li>Herramienta universal ya que solo se necesita una herramienta para hacer todas las c\u00e1maras gemelas.<\/li>\n<li>Se ajusta a las ruedas dentadas y se extiende para bloquearse en los dientes de la rueda dentada.<\/li>\n<li>Brazos ajustables para adaptarse a varios di\u00e1metros y paso de dientes.<\/li>\n<li>Adecuado para el bloqueo entre la leva y las ruedas dentadas de la bomba de inyecci\u00f3n di\u00e9sel.<\/li>\n<li>Adecuado tanto para motores de gasolina como di\u00e9sel.<\/li>\n<li>Tambi\u00e9n se puede usar para bloquear una bomba de combustible diesel a la rueda dentada del \u00e1rbol de levas.<\/li>\n<\/ul>\n","protected":false},"excerpt":{"rendered":"<p>Bloqueo preciso para una sincronizaci\u00f3n segura<br data-start=\"1390\" data-end=\"1393\" \/>\u2705 Facilita el mantenimiento del sistema de distribuci\u00f3n<br data-start=\"1448\" data-end=\"1451\" \/>\u2705 Alta resistencia y larga vida \u00fatil<br data-start=\"1487\" data-end=\"1490\" \/>\u2705 Reduce riesgos de da\u00f1os internos del motor<br data-start=\"1534\" data-end=\"1537\" \/>\u2705 Ideal para mec\u00e1nicos y talleres profesionales<\/p>\n","protected":false},"featured_media":31408,"comment_status":"open","ping_status":"closed","template":"","meta":[],"product_brand":[],"product_cat":[572],"product_tag":[200,166,573,81,575,576],"class_list":{"0":"post-31407","1":"product","2":"type-product","3":"status-publish","4":"has-post-thumbnail","6":"product_cat-herramientas-para-sincronizacion-de-tiempo-herramientas-manuales","7":"product_tag-diesel","8":"product_tag-gasolina","9":"product_tag-kit-de-distribucion","10":"product_tag-motor","11":"product_tag-sincronizacion-del-motor","12":"product_tag-trabador-de-poleas","14":"first","15":"instock","16":"taxable","17":"shipping-taxable","18":"purchasable","19":"product-type-simple"},"_links":{"self":[{"href":"https:\/\/8000rpmtools.com\/index.php?rest_route=\/wp\/v2\/product\/31407","targetHints":{"allow":["GET"]}}],"collection":[{"href":"https:\/\/8000rpmtools.com\/index.php?rest_route=\/wp\/v2\/product"}],"about":[{"href":"https:\/\/8000rpmtools.com\/index.php?rest_route=\/wp\/v2\/types\/product"}],"replies":[{"embeddable":true,"href":"https:\/\/8000rpmtools.com\/index.php?rest_route=%2Fwp%2Fv2%2Fcomments&post=31407"}],"wp:featuredmedia":[{"embeddable":true,"href":"https:\/\/8000rpmtools.com\/index.php?rest_route=\/wp\/v2\/media\/31408"}],"wp:attachment":[{"href":"https:\/\/8000rpmtools.com\/index.php?rest_route=%2Fwp%2Fv2%2Fmedia&parent=31407"}],"wp:term":[{"taxonomy":"product_brand","embeddable":true,"href":"https:\/\/8000rpmtools.com\/index.php?rest_route=%2Fwp%2Fv2%2Fproduct_brand&post=31407"},{"taxonomy":"product_cat","embeddable":true,"href":"https:\/\/8000rpmtools.com\/index.php?rest_route=%2Fwp%2Fv2%2Fproduct_cat&post=31407"},{"taxonomy":"product_tag","embeddable":true,"href":"https:\/\/8000rpmtools.com\/index.php?rest_route=%2Fwp%2Fv2%2Fproduct_tag&post=31407"}],"curies":[{"name":"wp","href":"https:\/\/api.w.org\/{rel}","templated":true}]}}