{"id":31368,"date":"2026-02-24T17:45:28","date_gmt":"2026-02-24T22:45:28","guid":{"rendered":"https:\/\/8000rpmtools.com\/?post_type=product&#038;p=31368"},"modified":"2026-02-24T17:50:51","modified_gmt":"2026-02-24T22:50:51","slug":"gabinete-para-equipos-o-programacion-gatmatic","status":"publish","type":"product","link":"https:\/\/8000rpmtools.com\/?product=gabinete-para-equipos-o-programacion-gatmatic","title":{"rendered":"GABINETE PARA EQUIPOS O PROGRAMACION GATMATIC"},"content":{"rendered":"<p><span dir=\"auto\">El\u00a0<\/span><strong><span dir=\"auto\">carro de herramientas de programaci\u00f3n GEC405<\/span><\/strong><span dir=\"auto\">\u00a0es una\u00a0<\/span><strong><span dir=\"auto\">estaci\u00f3n de trabajo compacta<\/span><\/strong><span dir=\"auto\">\u00a0dise\u00f1ada para diagn\u00f3sticos modernos y la organizaci\u00f3n de herramientas. Fabricado con un\u00a0<\/span><strong><span dir=\"auto\">dise\u00f1o funcional<\/span><\/strong><span dir=\"auto\">\u00a0y una robusta estructura de acero, ofrece\u00a0<\/span><strong><span dir=\"auto\">un almacenamiento seguro<\/span><\/strong><span dir=\"auto\">\u00a0para herramientas de programaci\u00f3n esenciales. Sus ruedas de suave deslizamiento facilitan\u00a0<\/span><strong><span dir=\"auto\">la movilidad de las herramientas , mientras que el compartimento con cerradura protege los equipos sensibles. Ideal para t\u00e9cnicos automotrices y profesionales de la reparaci\u00f3n electr\u00f3nica, el\u00a0<\/span><\/strong><strong><span dir=\"auto\">carro de herramientas multifuncional<\/span><\/strong><span dir=\"auto\">\u00a0GEC405\u00a0optimiza el flujo de trabajo en cualquier taller o entorno de servicio.<\/span><\/p>\n<p>&nbsp;<\/p>\n<h2><span dir=\"auto\">Caracter\u00edsticas<\/span><\/h2>\n<p>&nbsp;<\/p>\n<h3><strong><span dir=\"auto\">Carro de herramientas de diagn\u00f3stico<\/span><\/strong><\/h3>\n<p><span dir=\"auto\">Dise\u00f1ado espec\u00edficamente para\u00a0<\/span><strong><span dir=\"auto\">el diagn\u00f3stico automotriz<\/span><\/strong><span dir=\"auto\">\u00a0, este carrito ofrece un espacio dedicado para almacenar y organizar herramientas de programaci\u00f3n, esc\u00e1neres y dispositivos de diagn\u00f3stico, ideal para t\u00e9cnicos en entornos de servicio de ritmo r\u00e1pido.<\/span><\/p>\n<p>&nbsp;<\/p>\n<p><img loading=\"lazy\" decoding=\"async\" class=\"alignnone wp-image-6307 entered lazyloaded\" src=\"https:\/\/www.gat-matic.com\/wp-content\/uploads\/2025\/03\/%E8%AF%A6%E6%83%85%E9%A1%B5_01.jpg\" alt=\"Carro de herramientas de diagn\u00f3stico GEC405\" width=\"750\" height=\"1139\" data-lazy-src=\"https:\/\/www.gat-matic.com\/wp-content\/uploads\/2025\/03\/\u8be6\u60c5\u9875_01.jpg\" data-ll-status=\"loaded\" \/><\/p>\n<p>&nbsp;<\/p>\n<h3><strong><span dir=\"auto\">Resistente al \u00f3xido y la corrosi\u00f3n<\/span><\/strong><\/h3>\n<p><strong><span dir=\"auto\">Terminado con una superficie recubierta de polvo<\/span><\/strong><span dir=\"auto\">\u00a0de alta calidad\u00a0, el\u00a0<\/span><strong><span dir=\"auto\">carro de herramientas de servicio automotriz<\/span><\/strong><span dir=\"auto\">\u00a0resiste\u00a0<\/span><strong><span dir=\"auto\">el \u00f3xido y la corrosi\u00f3n<\/span><\/strong><span dir=\"auto\">\u00a0, lo que garantiza un rendimiento confiable y una vida \u00fatil m\u00e1s prolongada en las duras condiciones del taller.<\/span><\/p>\n<p>&nbsp;<\/p>\n<p><img loading=\"lazy\" decoding=\"async\" class=\"alignnone wp-image-6308 entered lazyloaded\" src=\"https:\/\/www.gat-matic.com\/wp-content\/uploads\/2025\/03\/%E8%AF%A6%E6%83%85%E9%A1%B5_02.jpg\" alt=\"Resistente al \u00f3xido y la corrosi\u00f3n\" width=\"750\" height=\"1139\" data-lazy-src=\"https:\/\/www.gat-matic.com\/wp-content\/uploads\/2025\/03\/\u8be6\u60c5\u9875_02.jpg\" data-ll-status=\"loaded\" \/><\/p>\n<p>&nbsp;<\/p>\n<h3><strong><span dir=\"auto\">Marco robusto y duradero<\/span><\/strong><\/h3>\n<p><span dir=\"auto\">Dise\u00f1ado con\u00a0<\/span><strong><span dir=\"auto\">una chapa de acero de 1,5 mm de espesor<\/span><\/strong><span dir=\"auto\">\u00a0y una\u00a0<\/span><strong><span dir=\"auto\">placa base reforzada de 3,0 mm<\/span><\/strong><span dir=\"auto\">\u00a0, este carro para herramientas de diagn\u00f3stico automotriz ofrece\u00a0<\/span><strong><span dir=\"auto\">una construcci\u00f3n resistente<\/span><\/strong><span dir=\"auto\">\u00a0para una excelente capacidad de carga y estabilidad estructural a largo plazo.<\/span><\/p>\n<p>&nbsp;<\/p>\n<p><img loading=\"lazy\" decoding=\"async\" class=\"alignnone wp-image-6309 entered lazyloaded\" src=\"https:\/\/www.gat-matic.com\/wp-content\/uploads\/2025\/03\/%E8%AF%A6%E6%83%85%E9%A1%B5_03.jpg\" alt=\"Marco resistente y duradero para el carro de herramientas GEC405\" width=\"750\" height=\"1139\" data-lazy-src=\"https:\/\/www.gat-matic.com\/wp-content\/uploads\/2025\/03\/\u8be6\u60c5\u9875_03.jpg\" data-ll-status=\"loaded\" \/><\/p>\n<p>&nbsp;<\/p>\n<h3><strong><span dir=\"auto\">Equipado con ganchos para enrollar el cable.<\/span><\/strong><\/h3>\n<p><span dir=\"auto\">Los ganchos incorporados simplifican\u00a0<\/span><strong><span dir=\"auto\">la gesti\u00f3n de cables<\/span><\/strong><span dir=\"auto\">\u00a0, lo que ayuda a evitar el desorden y mantener un \u00e1rea de trabajo ordenada y eficiente; especialmente \u00fatil para cables de diagn\u00f3stico y cables de alimentaci\u00f3n.<\/span><\/p>\n<p>&nbsp;<\/p>\n<p><img loading=\"lazy\" decoding=\"async\" class=\"alignnone wp-image-6302 entered lazyloaded\" src=\"https:\/\/www.gat-matic.com\/wp-content\/uploads\/2025\/03\/%E8%AF%A6%E6%83%85%E9%A1%B5_04.jpg\" alt=\"Equipado con ganchos para enrollar el cable.\" width=\"750\" height=\"1139\" data-lazy-src=\"https:\/\/www.gat-matic.com\/wp-content\/uploads\/2025\/03\/\u8be6\u60c5\u9875_04.jpg\" data-ll-status=\"loaded\" \/><\/p>\n<p>&nbsp;<\/p>\n<h3><strong><span dir=\"auto\">Ruedas giratorias de 360\u00b0 con freno lateral<\/span><\/strong><\/h3>\n<p><span dir=\"auto\">Las ruedas de alta calidad proporcionan\u00a0<\/span><strong><span dir=\"auto\">una movilidad suave de las herramientas<\/span><\/strong><span dir=\"auto\">\u00a0, mientras que el freno lateral integrado mantiene\u00a0<\/span><strong><span dir=\"auto\">el carro de herramientas con ruedas<\/span><\/strong><span dir=\"auto\">\u00a0firmemente en su lugar durante el funcionamiento, lo que garantiza tanto la seguridad como la estabilidad.<\/span><\/p>\n<p>&nbsp;<\/p>\n<p><img loading=\"lazy\" decoding=\"async\" class=\"alignnone wp-image-6303 entered lazyloaded\" src=\"https:\/\/www.gat-matic.com\/wp-content\/uploads\/2025\/03\/%E8%AF%A6%E6%83%85%E9%A1%B5_05.jpg\" alt=\"Ruedas giratorias de 360\u00b0 con freno lateral\" width=\"750\" height=\"1139\" data-lazy-src=\"https:\/\/www.gat-matic.com\/wp-content\/uploads\/2025\/03\/\u8be6\u60c5\u9875_05.jpg\" data-ll-status=\"loaded\" \/><\/p>\n<p>&nbsp;<\/p>\n<h3><strong><span dir=\"auto\">Puerta de armario con \u00e1ngulo de apertura de 135\u00b0<\/span><\/strong><\/h3>\n<p><span dir=\"auto\">La puerta del gabinete del carro de herramientas se abre ampliamente (hasta\u00a0<\/span><strong><span dir=\"auto\">135 grados)<\/span><\/strong><span dir=\"auto\">\u00a0para facilitar el acceso a herramientas y equipos, lo que mejora\u00a0<\/span><strong><span dir=\"auto\">la eficiencia del flujo de trabajo<\/span><\/strong><span dir=\"auto\">\u00a0en espacios de trabajo reducidos o concurridos.<\/span><\/p>\n<p>&nbsp;<\/p>\n<p><img loading=\"lazy\" decoding=\"async\" class=\"alignnone wp-image-6304 entered lazyloaded\" src=\"https:\/\/www.gat-matic.com\/wp-content\/uploads\/2025\/03\/%E8%AF%A6%E6%83%85%E9%A1%B5_06.jpg\" alt=\"Puerta de armario con \u00e1ngulo de apertura de 135\u00b0\" width=\"750\" height=\"1139\" data-lazy-src=\"https:\/\/www.gat-matic.com\/wp-content\/uploads\/2025\/03\/\u8be6\u60c5\u9875_06.jpg\" data-ll-status=\"loaded\" \/><\/p>\n<p>&nbsp;<\/p>\n<h3><strong><span dir=\"auto\">Dise\u00f1o de almacenamiento en capas<\/span><\/strong><\/h3>\n<p><strong><span dir=\"auto\">Un dise\u00f1o de capas<\/span><\/strong><span dir=\"auto\">\u00a0de varios niveles\u00a0maximiza el espacio de almacenamiento vertical, ofreciendo compartimentos organizados para herramientas, computadoras port\u00e1tiles y dispositivos de prueba, esenciales para mantener los flujos de trabajo de diagn\u00f3stico optimizados.<\/span><\/p>\n<p>&nbsp;<\/p>\n<p><img loading=\"lazy\" decoding=\"async\" class=\"alignnone wp-image-6305 entered lazyloaded\" src=\"https:\/\/www.gat-matic.com\/wp-content\/uploads\/2025\/03\/%E8%AF%A6%E6%83%85%E9%A1%B5_07.jpg\" alt=\"Dise\u00f1o de almacenamiento en capas\" width=\"750\" height=\"1139\" data-lazy-src=\"https:\/\/www.gat-matic.com\/wp-content\/uploads\/2025\/03\/\u8be6\u60c5\u9875_07.jpg\" data-ll-status=\"loaded\" \/><\/p>\n<p>&nbsp;<\/p>\n<h2><span dir=\"auto\">Ventajas<\/span><\/h2>\n<p>&nbsp;<\/p>\n<ul>\n<li><span dir=\"auto\">&#8211; Dise\u00f1o compacto y port\u00e1til<\/span><\/li>\n<li><span dir=\"auto\">&#8211; Soluciones de almacenamiento multifuncionales<\/span><\/li>\n<li><span dir=\"auto\">&#8211; Construcci\u00f3n duradera<\/span><\/li>\n<li><span dir=\"auto\">&#8211; Movilidad mejorada<\/span><\/li>\n<li><span dir=\"auto\">&#8211; Almacenamiento seguro<\/span><\/li>\n<li><span dir=\"auto\">&#8211; Dise\u00f1o elegante y funcional<\/span><\/li>\n<\/ul>\n<p>&nbsp;<\/p>\n<h2><span dir=\"auto\">Presupuesto<\/span><\/h2>\n<p>&nbsp;<\/p>\n<table class=\"table-wrap\">\n<tbody>\n<tr>\n<td width=\"141\"><strong><span dir=\"auto\">Tama\u00f1o total<\/span><\/strong><\/td>\n<td width=\"117\"><span dir=\"auto\">670*440*1055 mm<\/span><\/td>\n<\/tr>\n<tr>\n<td width=\"141\"><strong><span dir=\"auto\">Peso<\/span><\/strong><\/td>\n<td width=\"117\"><span dir=\"auto\">27,25 kilos<\/span><\/td>\n<\/tr>\n<tr>\n<td width=\"141\"><strong><span dir=\"auto\">Material<\/span><\/strong><\/td>\n<td width=\"117\"><span dir=\"auto\">Chapa laminada en fr\u00edo<\/span><\/td>\n<\/tr>\n<tr>\n<td width=\"141\"><strong><span dir=\"auto\">Capacidad de carga<\/span><\/strong><\/td>\n<td width=\"117\"><span dir=\"auto\">\u2264 300 kg<\/span><\/td>\n<\/tr>\n<\/tbody>\n<\/table>\n<p>&nbsp;<\/p>\n","protected":false},"excerpt":{"rendered":"<ul>\n<li><strong><span dir=\"auto\">\u2013 Dise\u00f1o compacto y port\u00e1til<\/span><\/strong><\/li>\n<li><strong><span dir=\"auto\">\u2013 Soluciones de almacenamiento multifuncionales<\/span><\/strong><\/li>\n<li><strong><span dir=\"auto\">\u2013 Construcci\u00f3n duradera<\/span><\/strong><\/li>\n<li><strong><span dir=\"auto\">\u2013 Movilidad mejorada<\/span><\/strong><\/li>\n<li><strong><span dir=\"auto\">\u2013 Almacenamiento seguro<\/span><\/strong><\/li>\n<li><strong><span dir=\"auto\">\u2013 Dise\u00f1o elegante y funcional<\/span><\/strong><\/li>\n<\/ul>\n","protected":false},"featured_media":31372,"comment_status":"open","ping_status":"closed","template":"","meta":[],"product_brand":[],"product_cat":[627,311],"product_tag":[],"class_list":{"0":"post-31368","1":"product","2":"type-product","3":"status-publish","4":"has-post-thumbnail","6":"product_cat-gatmatic","7":"product_cat-organizacion-y-almacenamiento","9":"first","10":"instock","11":"sale","12":"taxable","13":"shipping-taxable","14":"purchasable","15":"product-type-simple"},"_links":{"self":[{"href":"https:\/\/8000rpmtools.com\/index.php?rest_route=\/wp\/v2\/product\/31368","targetHints":{"allow":["GET"]}}],"collection":[{"href":"https:\/\/8000rpmtools.com\/index.php?rest_route=\/wp\/v2\/product"}],"about":[{"href":"https:\/\/8000rpmtools.com\/index.php?rest_route=\/wp\/v2\/types\/product"}],"replies":[{"embeddable":true,"href":"https:\/\/8000rpmtools.com\/index.php?rest_route=%2Fwp%2Fv2%2Fcomments&post=31368"}],"wp:featuredmedia":[{"embeddable":true,"href":"https:\/\/8000rpmtools.com\/index.php?rest_route=\/wp\/v2\/media\/31372"}],"wp:attachment":[{"href":"https:\/\/8000rpmtools.com\/index.php?rest_route=%2Fwp%2Fv2%2Fmedia&parent=31368"}],"wp:term":[{"taxonomy":"product_brand","embeddable":true,"href":"https:\/\/8000rpmtools.com\/index.php?rest_route=%2Fwp%2Fv2%2Fproduct_brand&post=31368"},{"taxonomy":"product_cat","embeddable":true,"href":"https:\/\/8000rpmtools.com\/index.php?rest_route=%2Fwp%2Fv2%2Fproduct_cat&post=31368"},{"taxonomy":"product_tag","embeddable":true,"href":"https:\/\/8000rpmtools.com\/index.php?rest_route=%2Fwp%2Fv2%2Fproduct_tag&post=31368"}],"curies":[{"name":"wp","href":"https:\/\/api.w.org\/{rel}","templated":true}]}}