{"id":31337,"date":"2026-02-21T12:04:34","date_gmt":"2026-02-21T17:04:34","guid":{"rendered":"https:\/\/8000rpmtools.com\/?post_type=product&#038;p=31337"},"modified":"2026-02-21T12:05:26","modified_gmt":"2026-02-21T17:05:26","slug":"kit-trabador-de-distribucion-citroen-peugeot-1-0-1-2","status":"publish","type":"product","link":"https:\/\/8000rpmtools.com\/?product=kit-trabador-de-distribucion-citroen-peugeot-1-0-1-2","title":{"rendered":"KIT TRABADOR DE DISTRIBUCI\u00d3N CITROEN \/ PEUGEOT 1.0 &#8211; 1.2"},"content":{"rendered":"<ul class=\"a-unordered-list a-vertical a-spacing-mini\">\n<li class=\"a-spacing-mini\"><span class=\"a-list-item\">Dise\u00f1o Especial: La herramienta de bloqueo de tensi\u00f3n de sincronizaci\u00f3n del \u00e1rbol de levas del motor est\u00e1 dise\u00f1ada para mantener el \u00e1rbol de levas y el cig\u00fce\u00f1al en sus posiciones de sincronizaci\u00f3n al cambiar correas. Es compatible con motores de 1.0L y 1.2L de 3 cilindros de para Citroen, Peugeot y Vauxhall\/Opel de las series EB0 y EB2.<\/span><\/li>\n<li class=\"a-spacing-mini\"><span class=\"a-list-item\">Aplicaci\u00f3n: Compatible con una variedad de modelos, incluidos para Citroen C3 III (12-15), C4 Cactus (14-15), C-Elysee (12-15), DS3 (12-15), Peugeot 108 (14-15), 208 (12 -15), 308 (13-15), 2008 (13-15), as\u00ed como con motores de 1.0L y 1.2L de 3 cilindros de las series EB0 y EB2 de Vauxhall\/Opel, y motores de gasolina de tres cilindros con correa de transmisi\u00f3n PSA 1.0 y 1.2 VTi Pure-Tech.<\/span><\/li>\n<li class=\"a-spacing-mini\"><span class=\"a-list-item\">C\u00f3digo de Motor: 1.0 VTi-EBO(ZMZ), ZMZ(EBO) 1.2 VTi-EB2(HMZ), HMY(EB2M), HMZ(EB2) 1.2 E-VTi-EB2(HMZ), EB2F(HMZ) 1.2 PureTech VTi-EB2D (HMT).<\/span><\/li>\n<li class=\"a-spacing-mini\"><span class=\"a-list-item\">OEM: 0109-2a, 0109-2b.<\/span><\/li>\n<\/ul>\n","protected":false},"excerpt":{"rendered":"<p>Este kit trabador de distribuci\u00f3n de motor ofrece una soluci\u00f3n precisa y confiable para ajustes de sincronizaci\u00f3n en motores para Citroen, Peugeot y Vauxhall\/Opel de 1.0L y 1.2L de 3 cilindros.<\/p>\n","protected":false},"featured_media":31338,"comment_status":"open","ping_status":"closed","template":"","meta":[],"product_brand":[],"product_cat":[571],"product_tag":[613,573,614,576],"class_list":{"0":"post-31337","1":"product","2":"type-product","3":"status-publish","4":"has-post-thumbnail","6":"product_cat-herramientas-para-sincronizacion-de-tiempo","7":"product_tag-citroen","8":"product_tag-kit-de-distribucion","9":"product_tag-peugeot","10":"product_tag-trabador-de-poleas","12":"first","13":"instock","14":"taxable","15":"shipping-taxable","16":"purchasable","17":"product-type-simple"},"_links":{"self":[{"href":"https:\/\/8000rpmtools.com\/index.php?rest_route=\/wp\/v2\/product\/31337","targetHints":{"allow":["GET"]}}],"collection":[{"href":"https:\/\/8000rpmtools.com\/index.php?rest_route=\/wp\/v2\/product"}],"about":[{"href":"https:\/\/8000rpmtools.com\/index.php?rest_route=\/wp\/v2\/types\/product"}],"replies":[{"embeddable":true,"href":"https:\/\/8000rpmtools.com\/index.php?rest_route=%2Fwp%2Fv2%2Fcomments&post=31337"}],"wp:featuredmedia":[{"embeddable":true,"href":"https:\/\/8000rpmtools.com\/index.php?rest_route=\/wp\/v2\/media\/31338"}],"wp:attachment":[{"href":"https:\/\/8000rpmtools.com\/index.php?rest_route=%2Fwp%2Fv2%2Fmedia&parent=31337"}],"wp:term":[{"taxonomy":"product_brand","embeddable":true,"href":"https:\/\/8000rpmtools.com\/index.php?rest_route=%2Fwp%2Fv2%2Fproduct_brand&post=31337"},{"taxonomy":"product_cat","embeddable":true,"href":"https:\/\/8000rpmtools.com\/index.php?rest_route=%2Fwp%2Fv2%2Fproduct_cat&post=31337"},{"taxonomy":"product_tag","embeddable":true,"href":"https:\/\/8000rpmtools.com\/index.php?rest_route=%2Fwp%2Fv2%2Fproduct_tag&post=31337"}],"curies":[{"name":"wp","href":"https:\/\/api.w.org\/{rel}","templated":true}]}}