{"id":31283,"date":"2026-02-10T12:14:07","date_gmt":"2026-02-10T17:14:07","guid":{"rendered":"https:\/\/8000rpmtools.com\/?post_type=product&#038;p=31283"},"modified":"2026-02-10T12:31:08","modified_gmt":"2026-02-10T17:31:08","slug":"llave-de-impacto-inalambrica-gatmatic-gew-800","status":"publish","type":"product","link":"https:\/\/8000rpmtools.com\/?product=llave-de-impacto-inalambrica-gatmatic-gew-800","title":{"rendered":"LLAVE DE IMPACTO INALAMBRICA GATMATIC GEW-800 MANDO 1\/2"},"content":{"rendered":"<p>&nbsp;<\/p>\n<div class=\"rll-youtube-player\" data-src=\"https:\/\/www.youtube.com\/embed\/ZDufGsIq7po\" data-id=\"ZDufGsIq7po\" data-query=\"\" data-alt=\"YouTube video player\">\n<div data-id=\"ZDufGsIq7po\" data-query=\"\" data-src=\"https:\/\/www.youtube.com\/embed\/ZDufGsIq7po\"><span dir=\"auto\">La GATmatic GEW-800 es una robusta <\/span><a href=\"https:\/\/www.gat-matic.com\/top-6-benefits-of-using-a-cordless-impact-wrench-in-your-garage\/\"><strong><span dir=\"auto\">llave de impacto inal\u00e1mbrica<\/span><\/strong><\/a><span dir=\"auto\">\u00a0de 21 V dise\u00f1ada para tareas exigentes. Con un motor sin escobillas de 800 W, ofrece hasta 800 Nm de par, lo que garantiza un rendimiento eficiente en reparaciones de autom\u00f3viles y mantenimiento industrial. Su bater\u00eda de iones de litio de 15\u00a0000 mAh ofrece una larga duraci\u00f3n, mientras que sus ajustes de velocidad (1400-2400 RPM) y frecuencias de impacto (1500-2300 BPM) ofrecen versatilidad. Con un peso de 1,9 kg y un dise\u00f1o compacto, garantiza comodidad y maniobrabilidad en espacios reducidos.<\/span><\/div>\n<\/div>\n<p>&nbsp;<\/p>\n<h2><span dir=\"auto\">Caracter\u00edsticas<\/span><\/h2>\n<p>&nbsp;<\/p>\n<h3><strong><span dir=\"auto\">Bater\u00eda de iones de litio de 21 V de alta capacidad<\/span><\/strong><\/h3>\n<p><span dir=\"auto\">Equipada con una bater\u00eda de iones de litio de 21 V de \u00faltima generaci\u00f3n, la GEW-800 garantiza una larga duraci\u00f3n\u00a0<\/span><strong><span dir=\"auto\">de la llave de impacto el\u00e9ctrica<\/span><\/strong><span dir=\"auto\">\u00a0y un suministro de potencia constante. Su gran capacidad permite un uso prolongado, reduciendo el tiempo de inactividad y mejorando la productividad en tareas exigentes.<\/span><\/p>\n<p>&nbsp;<\/p>\n<p><img loading=\"lazy\" decoding=\"async\" class=\"alignnone wp-image-7232 size-full entered lazyloaded\" src=\"https:\/\/www.gat-matic.com\/wp-content\/uploads\/2022\/06\/GEW800-detail_01.webp\" alt=\"Llave de impacto el\u00e9ctrica sin escobillas GEW-800\" width=\"750\" height=\"1165\" data-lazy-src=\"https:\/\/www.gat-matic.com\/wp-content\/uploads\/2022\/06\/GEW800-detail_01.webp\" data-ll-status=\"loaded\" \/><\/p>\n<p>&nbsp;<\/p>\n<h3><strong><span dir=\"auto\">Motor sin escobillas de alta potencia<\/span><\/strong><\/h3>\n<p><span dir=\"auto\">El\u00a0<\/span><strong><span dir=\"auto\">avanzado motor sin escobillas<\/span><\/strong><span dir=\"auto\">\u00a0ofrece un par impresionante, lo que garantiza alta eficiencia y ahorro de energ\u00eda. Su dise\u00f1o sin mantenimiento ofrece un rendimiento estable con niveles de ruido reducidos, lo que lo hace ideal para diversas aplicaciones.<\/span><\/p>\n<p>&nbsp;<\/p>\n<p><img loading=\"lazy\" decoding=\"async\" class=\"alignnone wp-image-7233 size-full entered lazyloaded\" src=\"https:\/\/www.gat-matic.com\/wp-content\/uploads\/2022\/06\/GEW800-detail_02.webp\" alt=\"Motor sin escobillas de alta potencia\" width=\"750\" height=\"843\" data-lazy-src=\"https:\/\/www.gat-matic.com\/wp-content\/uploads\/2022\/06\/GEW800-detail_02.webp\" data-ll-status=\"loaded\" \/><\/p>\n<p>&nbsp;<\/p>\n<h3><strong><span dir=\"auto\">Eje de acero de tungsteno duradero con cabeza de aluminio<\/span><\/strong><\/h3>\n<p><span dir=\"auto\">Con un eje de acero de tungsteno reconocido por su alta resistencia y resistencia al desgaste, la\u00a0<\/span><strong><span dir=\"auto\">llave de impacto inal\u00e1mbrica<\/span><\/strong><span dir=\"auto\">\u00a0GEW-800 mantiene su integridad incluso a temperaturas de hasta 500 \u00b0C. El cabezal de aluminio le confiere mayor durabilidad y ligereza.<\/span><\/p>\n<p>&nbsp;<\/p>\n<p><img loading=\"lazy\" decoding=\"async\" class=\"alignnone wp-image-7234 size-full entered lazyloaded\" src=\"https:\/\/www.gat-matic.com\/wp-content\/uploads\/2022\/06\/GEW800-detail_03.webp\" alt=\"Eje de acero de tungsteno duradero con cabeza de aluminio\" width=\"750\" height=\"862\" data-lazy-src=\"https:\/\/www.gat-matic.com\/wp-content\/uploads\/2022\/06\/GEW800-detail_03.webp\" data-ll-status=\"loaded\" \/><\/p>\n<p>&nbsp;<\/p>\n<h3><strong><span dir=\"auto\">Control de avance y retroceso con bloqueo de seguridad<\/span><\/strong><\/h3>\n<p><span dir=\"auto\">El sistema de control intuitivo permite cambiar f\u00e1cilmente entre los modos de avance y retroceso. La posici\u00f3n de bloqueo central garantiza la seguridad, evitando la activaci\u00f3n accidental durante el transporte o el almacenamiento.<\/span><\/p>\n<p>&nbsp;<\/p>\n<p><img loading=\"lazy\" decoding=\"async\" class=\"alignnone wp-image-7235 size-full entered lazyloaded\" src=\"https:\/\/www.gat-matic.com\/wp-content\/uploads\/2022\/06\/GEW800-detail_04.webp\" alt=\"Control de avance y retroceso con bloqueo de seguridad\" width=\"750\" height=\"867\" data-lazy-src=\"https:\/\/www.gat-matic.com\/wp-content\/uploads\/2022\/06\/GEW800-detail_04.webp\" data-ll-status=\"loaded\" \/><\/p>\n<p>&nbsp;<\/p>\n<h3><strong><span dir=\"auto\">Luz de trabajo LED integrada<\/span><\/strong><\/h3>\n<p><span dir=\"auto\">Una luz LED integrada ilumina el espacio de trabajo, proporcionando visibilidad en condiciones de poca luz. Esta caracter\u00edstica mejora la precisi\u00f3n y la seguridad durante el trabajo en espacios reducidos u oscuros.<\/span><\/p>\n<p>&nbsp;<\/p>\n<p><img loading=\"lazy\" decoding=\"async\" class=\"alignnone wp-image-7236 size-full entered lazyloaded\" src=\"https:\/\/www.gat-matic.com\/wp-content\/uploads\/2022\/06\/GEW800-detail_05.webp\" alt=\"Luz de trabajo LED integrada\" width=\"750\" height=\"884\" data-lazy-src=\"https:\/\/www.gat-matic.com\/wp-content\/uploads\/2022\/06\/GEW800-detail_05.webp\" data-ll-status=\"loaded\" \/><\/p>\n<p>&nbsp;<\/p>\n<h3><strong><span dir=\"auto\">Dise\u00f1o ergon\u00f3mico para mayor comodidad<\/span><\/strong><\/h3>\n<p><span dir=\"auto\">Dise\u00f1ada pensando en la comodidad del usuario, la\u00a0<\/span><strong><span dir=\"auto\">llave de impacto inal\u00e1mbrica<\/span><\/strong><span dir=\"auto\">\u00a0GEW-800 cuenta con una estructura ergon\u00f3mica que reduce la fatiga durante el uso prolongado. Su distribuci\u00f3n equilibrada del peso y su c\u00f3modo agarre garantizan un manejo y control \u00f3ptimos.<\/span><\/p>\n<h3><\/h3>\n<p><img loading=\"lazy\" decoding=\"async\" class=\"alignnone wp-image-7237 size-full entered lazyloaded\" src=\"https:\/\/www.gat-matic.com\/wp-content\/uploads\/2022\/06\/GEW800-detail_07.webp\" alt=\"Dise\u00f1o ergon\u00f3mico para mayor comodidad\" width=\"750\" height=\"788\" data-lazy-src=\"https:\/\/www.gat-matic.com\/wp-content\/uploads\/2022\/06\/GEW800-detail_07.webp\" data-ll-status=\"loaded\" \/><\/p>\n<p>&nbsp;<\/p>\n<h3><span dir=\"auto\">Bater\u00eda de iones de litio de 21 V de carga r\u00e1pida<\/span><\/h3>\n<p><strong><span dir=\"auto\">La llave de impacto de bater\u00eda<\/span><\/strong><span dir=\"auto\">\u00a0GEW-800\u00a0est\u00e1 equipada con una bater\u00eda de iones de litio de 20.000 mAh dise\u00f1ada para una carga r\u00e1pida, minimizando el tiempo de inactividad y garantizando un funcionamiento prolongado durante tareas exigentes.<\/span><\/p>\n<p>&nbsp;<\/p>\n<p><img loading=\"lazy\" decoding=\"async\" class=\"alignnone wp-image-7238 size-full entered lazyloaded\" src=\"https:\/\/www.gat-matic.com\/wp-content\/uploads\/2022\/06\/GEW800-detail_06.webp\" alt=\"Bater\u00eda de iones de litio de 21 V de carga r\u00e1pida\" width=\"750\" height=\"915\" data-lazy-src=\"https:\/\/www.gat-matic.com\/wp-content\/uploads\/2022\/06\/GEW800-detail_06.webp\" data-ll-status=\"loaded\" \/><\/p>\n<p>&nbsp;<\/p>\n<h3><span dir=\"auto\">Aplicaci\u00f3n vers\u00e1til en m\u00faltiples campos<\/span><\/h3>\n<p><span dir=\"auto\">Con un torque de hasta 800 Nm, la\u00a0<\/span><strong><span dir=\"auto\">llave de impacto inal\u00e1mbrica sin escobillas<\/span><\/strong><span dir=\"auto\">\u00a0GEW-800 es adecuada para una amplia gama de aplicaciones, incluidas reparaciones de autom\u00f3viles, proyectos de construcci\u00f3n y mantenimiento industrial, lo que la convierte en una herramienta vers\u00e1til para profesionales.<\/span><\/p>\n<p>&nbsp;<\/p>\n<p><img loading=\"lazy\" decoding=\"async\" class=\"alignnone wp-image-7239 size-full entered lazyloaded\" src=\"https:\/\/www.gat-matic.com\/wp-content\/uploads\/2022\/06\/GEW800-detail_08.webp\" alt=\"Aplicaci\u00f3n vers\u00e1til en m\u00faltiples campos\" width=\"750\" height=\"744\" data-lazy-src=\"https:\/\/www.gat-matic.com\/wp-content\/uploads\/2022\/06\/GEW800-detail_08.webp\" data-ll-status=\"loaded\" \/><\/p>\n<p>&nbsp;<\/p>\n<h2><span dir=\"auto\">Presupuesto<\/span><\/h2>\n<p>&nbsp;<\/p>\n<table class=\"table-wrap\">\n<tbody>\n<tr>\n<td width=\"141\"><strong><span dir=\"auto\">Tipo<\/span><\/strong><\/td>\n<td width=\"117\"><strong><span dir=\"auto\">Llave de impacto el\u00e9ctrica<\/span><\/strong><\/td>\n<\/tr>\n<tr>\n<td width=\"141\"><strong><span dir=\"auto\">Voltaje nominal<\/span><\/strong><\/td>\n<td width=\"117\"><strong><span dir=\"auto\">21 V CC<\/span><\/strong><\/td>\n<\/tr>\n<tr>\n<td width=\"141\"><strong><span dir=\"auto\">Potencia nominal de entrada<\/span><\/strong><\/td>\n<td width=\"117\"><strong><span dir=\"auto\">800 W<\/span><\/strong><\/td>\n<\/tr>\n<tr>\n<td width=\"141\"><strong><span dir=\"auto\">Par m\u00e1ximo<\/span><\/strong><\/td>\n<td width=\"117\"><strong><span dir=\"auto\">800 Nm<\/span><\/strong><\/td>\n<\/tr>\n<tr>\n<td width=\"141\"><strong><span dir=\"auto\">Capacidad de la bater\u00eda<\/span><\/strong><\/td>\n<td width=\"117\"><strong><span dir=\"auto\">15000 mAh\/cada bater\u00eda<\/span><\/strong><\/td>\n<\/tr>\n<tr>\n<td width=\"141\"><strong><span dir=\"auto\">Tipo de motor<\/span><\/strong><\/td>\n<td width=\"117\"><strong><span dir=\"auto\">Motor sin escobillas<\/span><\/strong><\/td>\n<\/tr>\n<tr>\n<td width=\"141\"><strong><span dir=\"auto\">Tama\u00f1o de la unidad<\/span><\/strong><\/td>\n<td width=\"117\"><strong><span dir=\"auto\">1\/2 pulgada<\/span><\/strong><\/td>\n<\/tr>\n<tr>\n<td width=\"141\"><strong><span dir=\"auto\">Peso<\/span><\/strong><\/td>\n<td width=\"117\"><strong><span dir=\"auto\">1,9 kg<\/span><\/strong><\/td>\n<\/tr>\n<tr>\n<td width=\"141\"><strong><span dir=\"auto\">Valor m\u00e1ximo de par<\/span><\/strong><\/td>\n<td width=\"117\"><strong><span dir=\"auto\">800 Nm<\/span><\/strong><\/td>\n<\/tr>\n<tr>\n<td width=\"141\"><strong><span dir=\"auto\">Tiempo de carga<\/span><\/strong><\/td>\n<td width=\"117\"><strong><span dir=\"auto\">2-3 horas<\/span><\/strong><\/td>\n<\/tr>\n<\/tbody>\n<\/table>\n<p>&nbsp;<\/p>\n","protected":false},"excerpt":{"rendered":"<ul>\n<li><strong><span dir=\"auto\">Par de salida excepcional<\/span><\/strong><\/li>\n<li><strong><span dir=\"auto\">\u00a0Motor sin carbones de alta eficiencia<\/span><\/strong><\/li>\n<li><strong><span dir=\"auto\">Ajustes de velocidad e impacto variables<\/span><\/strong><\/li>\n<li><strong><span dir=\"auto\">Bater\u00eda de iones de litio de 21 V de alta capacidad<\/span><\/strong><\/li>\n<li><strong><span dir=\"auto\">Dise\u00f1o ergon\u00f3mico y compacto<\/span><\/strong><\/li>\n<li><strong><span dir=\"auto\">Bater\u00eda de carga r\u00e1pida<\/span><\/strong><\/li>\n<\/ul>\n","protected":false},"featured_media":31292,"comment_status":"open","ping_status":"closed","template":"","meta":[],"product_brand":[],"product_cat":[24,25],"product_tag":[122,592,591,590,41,62,90,593,42],"class_list":{"0":"post-31283","1":"product","2":"type-product","3":"status-publish","4":"has-post-thumbnail","6":"product_cat-herramientas-electricas","7":"product_cat-pistolas-de-impacto-electrico","8":"product_tag-automotriz","9":"product_tag-ecuador","10":"product_tag-gatmachinery","11":"product_tag-gatmatic","12":"product_tag-herramientas","13":"product_tag-llave-de-impacto","14":"product_tag-mecanica","15":"product_tag-pistola-de-imapcto","16":"product_tag-riobamba","18":"first","19":"instock","20":"sale","21":"taxable","22":"shipping-taxable","23":"purchasable","24":"product-type-simple"},"_links":{"self":[{"href":"https:\/\/8000rpmtools.com\/index.php?rest_route=\/wp\/v2\/product\/31283","targetHints":{"allow":["GET"]}}],"collection":[{"href":"https:\/\/8000rpmtools.com\/index.php?rest_route=\/wp\/v2\/product"}],"about":[{"href":"https:\/\/8000rpmtools.com\/index.php?rest_route=\/wp\/v2\/types\/product"}],"replies":[{"embeddable":true,"href":"https:\/\/8000rpmtools.com\/index.php?rest_route=%2Fwp%2Fv2%2Fcomments&post=31283"}],"wp:featuredmedia":[{"embeddable":true,"href":"https:\/\/8000rpmtools.com\/index.php?rest_route=\/wp\/v2\/media\/31292"}],"wp:attachment":[{"href":"https:\/\/8000rpmtools.com\/index.php?rest_route=%2Fwp%2Fv2%2Fmedia&parent=31283"}],"wp:term":[{"taxonomy":"product_brand","embeddable":true,"href":"https:\/\/8000rpmtools.com\/index.php?rest_route=%2Fwp%2Fv2%2Fproduct_brand&post=31283"},{"taxonomy":"product_cat","embeddable":true,"href":"https:\/\/8000rpmtools.com\/index.php?rest_route=%2Fwp%2Fv2%2Fproduct_cat&post=31283"},{"taxonomy":"product_tag","embeddable":true,"href":"https:\/\/8000rpmtools.com\/index.php?rest_route=%2Fwp%2Fv2%2Fproduct_tag&post=31283"}],"curies":[{"name":"wp","href":"https:\/\/api.w.org\/{rel}","templated":true}]}}