{"id":31251,"date":"2025-12-18T12:56:03","date_gmt":"2025-12-18T17:56:03","guid":{"rendered":"https:\/\/8000rpmtools.com\/?post_type=product&#038;p=31251"},"modified":"2025-12-18T17:02:13","modified_gmt":"2025-12-18T22:02:13","slug":"punta-logica-topdiag-p200","status":"publish","type":"product","link":"https:\/\/8000rpmtools.com\/?product=punta-logica-topdiag-p200","title":{"rendered":"PUNTA L\u00d3GICA TOPDIAG P200"},"content":{"rendered":"<h2><img decoding=\"async\" class=\"\" style=\"font-size: 16px;\" src=\"https:\/\/m.media-amazon.com\/images\/S\/aplus-media\/sc\/c143c567-3c8c-484f-afb5-f10b71e08f23.__CR0,0,600,180_PT0_SX600_V1___.jpg\" alt=\"TopDiag\" data-src=\"https:\/\/m.media-amazon.com\/images\/S\/aplus-media\/sc\/c143c567-3c8c-484f-afb5-f10b71e08f23.__CR0,0,600,180_PT0_SX600_V1___.jpg\" \/><\/h2>\n<div lang=\"es_MX\">\n<div class=\"aplus-v2 desktop celwidget\" data-cel-widget=\"aplus\" data-csa-c-id=\"v1gj1-4a6v1j-m1nb7d-w2g3h4\">\n<div class=\"celwidget aplus-module 3p-module-b aplus-standard\" data-cel-widget=\"aplus-3p-module-b\" data-csa-c-id=\"wxb9jv-fn0ogw-w47r09-azha6x\">\n<div class=\"aplus-module-wrapper aplus-3p-fixed-width\">\n<p><img decoding=\"async\" class=\"a-spacing-base\" src=\"https:\/\/m.media-amazon.com\/images\/S\/aplus-media-library-service-media\/b11f7556-68c7-4760-9f9c-8960063de4a1.__CR0,0,970,600_PT0_SX970_V1___.jpg\" alt=\"1\" data-src=\"https:\/\/m.media-amazon.com\/images\/S\/aplus-media-library-service-media\/b11f7556-68c7-4760-9f9c-8960063de4a1.__CR0,0,970,600_PT0_SX970_V1___.jpg\" \/><\/p>\n<h3 class=\"a-spacing-mini\">INTRODUCCI\u00d3N DE LA FUNCI\u00d3N DE<\/h3>\n<p class=\"a-spacing-base\">Fuente de alimentaci\u00f3n mensurable de 12 V a 24 V. Reconocimiento inteligente de voltaje\/resistencia. Modo mult\u00edmetro (medici\u00f3n de voltaje, resistencia, diodo, encendido, corriente y frecuencia)Prueba de rel\u00e9Prueba de inyectorPrueba de diodosFunci\u00f3n de osciloscopio 0 a 5 V. Activaci\u00f3n de componentes del veh\u00edculo. Prueba de polaridad positiva y negativa. Protecci\u00f3n inteligente de circuito abierto (sobrecarga ajustable)Estilo de pantalla y fondoActualizaci\u00f3n en l\u00ednea<\/p>\n<\/div>\n<\/div>\n<div class=\"celwidget aplus-module 3p-module-b aplus-standard\" data-cel-widget=\"aplus-3p-module-b\" data-csa-c-id=\"lpx4gd-7v9ii4-kotyk0-vfxzn4\">\n<div class=\"aplus-module-wrapper aplus-3p-fixed-width\"><img decoding=\"async\" class=\"a-spacing-base\" src=\"https:\/\/m.media-amazon.com\/images\/S\/aplus-media-library-service-media\/f441d6d4-0422-4c9f-bfb7-b454a7d85bc3.__CR0,0,970,600_PT0_SX970_V1___.jpg\" alt=\"2\" data-src=\"https:\/\/m.media-amazon.com\/images\/S\/aplus-media-library-service-media\/f441d6d4-0422-4c9f-bfb7-b454a7d85bc3.__CR0,0,970,600_PT0_SX970_V1___.jpg\" \/><\/div>\n<\/div>\n<div class=\"celwidget aplus-module module-4 aplus-standard\" data-cel-widget=\"aplus-module-4\" data-csa-c-id=\"jfqtiz-x6kc5f-7xewmd-ffs85i\">\n<div class=\"aplus-module-wrapper apm-fixed-width apm-spacing\">\n<div class=\"apm-flex\">\n<div class=\"apm-flex-item-fourth-width\">\n<p class=\"apm-text-center\"><img decoding=\"async\" class=\"\" src=\"https:\/\/m.media-amazon.com\/images\/S\/aplus-media-library-service-media\/064b0230-a2cb-4900-877a-ef4b4281bc3b.__CR0,0,300,300_PT0_SX220_V1___.jpg\" alt=\"Modo de prueba inteligente\" data-src=\"https:\/\/m.media-amazon.com\/images\/S\/aplus-media-library-service-media\/064b0230-a2cb-4900-877a-ef4b4281bc3b.__CR0,0,300,300_PT0_SX220_V1___.jpg\" \/><\/p>\n<h4 class=\"a-spacing-mini\">Modo de prueba inteligente<\/h4>\n<p class=\"a-size-small\">prueba inteligente testvoltage testresistance testpostive\/prueba negativa<\/p>\n<\/div>\n<div class=\"apm-flex-item-fourth-width\">\n<p class=\"apm-text-center\"><img decoding=\"async\" class=\"\" src=\"https:\/\/m.media-amazon.com\/images\/S\/aplus-media-library-service-media\/19811b9b-1f97-4a43-8a4e-caa25ee5847f.__CR0,0,300,300_PT0_SX220_V1___.jpg\" alt=\"MODO DE PRUEBA Mult\u00edmetro\" data-src=\"https:\/\/m.media-amazon.com\/images\/S\/aplus-media-library-service-media\/19811b9b-1f97-4a43-8a4e-caa25ee5847f.__CR0,0,300,300_PT0_SX220_V1___.jpg\" \/><\/p>\n<h4 class=\"a-spacing-mini\">MODO DE PRUEBA Mult\u00edmetro<\/h4>\n<p class=\"a-size-small\">Pantalla de Wunctions En la parte inferior de la interfaz se encuentra el \u00e1rea de funci\u00f3n de izquierda a derecha son:Voltaje CC (VDC), resistencia (OHM), prueba de diodo\/continuidad (DIO), corriente (AMP), frecuencia (HZ)<\/p>\n<\/div>\n<div class=\"apm-flex-item-fourth-width\">\n<p class=\"apm-text-center\"><img decoding=\"async\" class=\"\" src=\"https:\/\/m.media-amazon.com\/images\/S\/aplus-media-library-service-media\/c8626ca1-beb6-462a-afc2-f5a3a0fa1a44.__CR0,0,300,300_PT0_SX220_V1___.jpg\" alt=\"MODO DE PRUEBA DE OSCILLOSCOPE\" data-src=\"https:\/\/m.media-amazon.com\/images\/S\/aplus-media-library-service-media\/c8626ca1-beb6-462a-afc2-f5a3a0fa1a44.__CR0,0,300,300_PT0_SX220_V1___.jpg\" \/><\/p>\n<h4 class=\"a-spacing-mini\">MODO DE PRUEBA DE OSCILLOSCOPE<\/h4>\n<p class=\"a-size-small\">Instrucciones: 1. Inicio\/parada: pulsa OK para iniciar o detener la actualizaci\u00f3n de la forma de onda. DIV: voltaje por rejilla (rango de prueba de 1 V-49 V), presiona las teclas UP y Down para ajustar el valor de voltaje3. Tiempo: par\u00e1metro de hora4. HZ: frecuencia de prueba de pantalla<\/p>\n<\/div>\n<div class=\"apm-flex-item-fourth-width\">\n<p class=\"apm-text-center\"><img decoding=\"async\" class=\"\" src=\"https:\/\/m.media-amazon.com\/images\/S\/aplus-media-library-service-media\/563d990e-e5de-42d1-a9c8-86ec7f7d13a6.__CR0,0,300,300_PT0_SX220_V1___.jpg\" alt=\"MODO DE PRUEBA DE REL\u00c9S\" data-src=\"https:\/\/m.media-amazon.com\/images\/S\/aplus-media-library-service-media\/563d990e-e5de-42d1-a9c8-86ec7f7d13a6.__CR0,0,300,300_PT0_SX220_V1___.jpg\" \/><\/p>\n<h4 class=\"a-spacing-mini\">MODO DE PRUEBA DE REL\u00c9S<\/h4>\n<p class=\"a-size-small\">El VCC en la parte superior de esta interfaz muestra el valor de voltaje de la fuente de alimentaci\u00f3n. Muestra 2 tipos de diagramsmo com\u00fan de reproducci\u00f3n automotriz (rel\u00e9 de 5 terminales y rel\u00e9 de 4 terminales), presiona el bot\u00f3n IZQUIERDA para mover la selecci\u00f3n, presiona el bot\u00f3n OK para ver el diagrama de conexi\u00f3n de cableado de estos 2 rel\u00e9s diferentes<\/p>\n<\/div>\n<\/div>\n<\/div>\n<div><\/div>\n<\/div>\n<div class=\"celwidget aplus-module module-4 aplus-standard\" data-cel-widget=\"aplus-module-4\" data-csa-c-id=\"x99gvt-evmoz1-nc86ok-l94fh5\">\n<div class=\"aplus-module-wrapper apm-fixed-width apm-spacing\">\n<div class=\"apm-flex\">\n<div class=\"apm-flex-item-fourth-width\">\n<p class=\"apm-text-center\"><img decoding=\"async\" class=\"\" src=\"https:\/\/m.media-amazon.com\/images\/S\/aplus-media-library-service-media\/bc00b4d7-c3cf-433e-adf9-d6c4a087fd52.__CR0,0,300,300_PT0_SX220_V1___.jpg\" alt=\"MODO DE ACTIVACI\u00d3N COMEPONENTE\" data-src=\"https:\/\/m.media-amazon.com\/images\/S\/aplus-media-library-service-media\/bc00b4d7-c3cf-433e-adf9-d6c4a087fd52.__CR0,0,300,300_PT0_SX220_V1___.jpg\" \/><\/p>\n<h4 class=\"a-spacing-mini\">MODO DE ACTIVACI\u00d3N COMEPONENTE<\/h4>\n<p class=\"a-size-small\">La funci\u00f3n de activaci\u00f3n de componentes est\u00e1 dise\u00f1ada para generar se\u00f1ales de activaci\u00f3n a los componentes probados, como la activaci\u00f3n de luces, motores y otros equipos el\u00e9ctricos a bordo<\/p>\n<\/div>\n<div class=\"apm-flex-item-fourth-width\">\n<p class=\"apm-text-center\"><img decoding=\"async\" class=\"\" src=\"https:\/\/m.media-amazon.com\/images\/S\/aplus-media-library-service-media\/37b510dd-6ff7-45c2-bd96-df015f4a40a7.__CR0,0,300,300_PT0_SX220_V1___.jpg\" alt=\"Alimentado por el modo\" data-src=\"https:\/\/m.media-amazon.com\/images\/S\/aplus-media-library-service-media\/37b510dd-6ff7-45c2-bd96-df015f4a40a7.__CR0,0,300,300_PT0_SX220_V1___.jpg\" \/><\/p>\n<h4 class=\"a-spacing-mini\">Alimentado por el modo<\/h4>\n<p class=\"a-size-small\">La funci\u00f3n de alimentaci\u00f3n de 0 a 5 V es \u00fatil al comprobar el cableado a la ECU\/ECM. Despu\u00e9s de comprobar el sensor con un mult\u00edmetro, si todav\u00eda hay un prob-lem, puede simular la salida de voltaje por el sensor para verificar el cableado a la ECU<\/p>\n<\/div>\n<div class=\"apm-flex-item-fourth-width\">\n<p class=\"apm-text-center\"><img decoding=\"async\" class=\"\" src=\"https:\/\/m.media-amazon.com\/images\/S\/aplus-media-library-service-media\/4e030ef1-ec74-4d63-9582-8d50ec48cd0b.__CR0,0,300,300_PT0_SX220_V1___.jpg\" alt=\"MODO DE PRUEBA DE INYECTOR\" data-src=\"https:\/\/m.media-amazon.com\/images\/S\/aplus-media-library-service-media\/4e030ef1-ec74-4d63-9582-8d50ec48cd0b.__CR0,0,300,300_PT0_SX220_V1___.jpg\" \/><\/p>\n<h4 class=\"a-spacing-mini\">MODO DE PRUEBA DE INYECTOR<\/h4>\n<p class=\"a-size-small\">La sonda emite diferentes se\u00f1ales de pulso al inyector y comprueba el estado de pulverizaci\u00f3n del inyector. Esta funci\u00f3n puede ayudar a diagnosticar las condiciones del inyector. Puede funcionar con cualquier probador de presi\u00f3n de combustible<\/p>\n<\/div>\n<div class=\"apm-flex-item-fourth-width\">\n<p class=\"apm-text-center\"><img decoding=\"async\" class=\"\" src=\"https:\/\/m.media-amazon.com\/images\/S\/aplus-media-library-service-media\/a2101093-57c5-466c-82f9-442905e3a1b3.__CR0,0,300,300_PT0_SX220_V1___.jpg\" alt=\"ACTUALIZACI\u00d3N ONLINE &amp; MULTI-IDIOMA\" data-src=\"https:\/\/m.media-amazon.com\/images\/S\/aplus-media-library-service-media\/a2101093-57c5-466c-82f9-442905e3a1b3.__CR0,0,300,300_PT0_SX220_V1___.jpg\" \/><\/p>\n<h4 class=\"a-spacing-mini\">ACTUALIZACI\u00d3N ONLINE &amp; MULTI-IDIOMA<\/h4>\n<p class=\"a-size-small\">SIGMAPROBE multiling\u00fce admite actualmente 14 idiomas: Ingl\u00e9s, Espa\u00f1ol, Alem\u00e1n, Franc\u00e9s, Italiano, Portugu\u00e9s, Polaco, Ruso, Vietnamita, Tailand\u00e9s, Indonesio, Filipino, Malayo, \u00c1rabe. (Los paquetes de idiomas siguen aumentando. Los usuarios pueden aumentar el idioma descargando el programa de actualizaci\u00f3n.)<\/p>\n<\/div>\n<\/div>\n<\/div>\n<div><\/div>\n<\/div>\n<div class=\"celwidget aplus-module module-9 aplus-standard\" data-cel-widget=\"aplus-module-9\" data-csa-c-id=\"15dwau-cog8uj-jp87j6-4d17hx\">\n<div class=\"aplus-module-wrapper apm-fixed-width apm-spacing\">\n<div class=\"apm-flex\">\n<div class=\"apm-flex-item-third-width\">\n<p class=\"apm-text-center\"><img decoding=\"async\" class=\"a-spacing-mini\" src=\"https:\/\/m.media-amazon.com\/images\/S\/aplus-media-library-service-media\/de474fa3-147d-4dfc-b7f5-ebeb35bbbce6.__CR0,0,1600,1600_PT0_SX300_V1___.jpg\" alt=\"1\" data-src=\"https:\/\/m.media-amazon.com\/images\/S\/aplus-media-library-service-media\/de474fa3-147d-4dfc-b7f5-ebeb35bbbce6.__CR0,0,1600,1600_PT0_SX300_V1___.jpg\" \/><\/p>\n<h4 class=\"a-spacing-mini\">Descripci\u00f3n del producto<\/h4>\n<p>Temperatura de funcionamiento: 0 &#8211; 60 \u00b0 C (32 &#8211; 140 \u00b0) Temperatura de almacenamiento: 40 \u2013 70 \u00b0 C (- 40 \u2013 185 \u00b0) Fuente de alimentaci\u00f3n externa: 12 V o 24 V, alimentado por bater\u00eda. Voltaje de trabajo m\u00ednimo: 9 V. Voltaje de trabajo m\u00e1ximo: 30 V. Voltaje m\u00e1ximo medido: 150 V. Voltaje m\u00ednimo medido: Rango de medici\u00f3n de resistencia: 0,1 V 1 ohm ~ 200K ohmios Rango de medici\u00f3n actual: 0 ~ 18 A. Corriente continua m\u00e1xima: 18A<\/p>\n<\/div>\n<div class=\"apm-flex-item-third-width\">\n<p class=\"apm-text-center\"><img decoding=\"async\" class=\"a-spacing-mini\" src=\"https:\/\/m.media-amazon.com\/images\/S\/aplus-media\/sc\/0fde52e2-2314-4151-b863-8c203a67b0a8.__CR0,0,1600,1600_PT0_SX300_V1___.jpg\" alt=\"\u00c1mbito de aplicaci\u00f3n\" data-src=\"https:\/\/m.media-amazon.com\/images\/S\/aplus-media\/sc\/0fde52e2-2314-4151-b863-8c203a67b0a8.__CR0,0,1600,1600_PT0_SX300_V1___.jpg\" \/><\/p>\n<h4 class=\"a-spacing-mini\">Compatible con varios modelos<\/h4>\n<p>CarsuvexcavatorCamioneta<\/p>\n<\/div>\n<div class=\"apm-flex-item-third-width\">\n<p class=\"apm-text-center\"><img decoding=\"async\" class=\"a-spacing-mini\" src=\"https:\/\/m.media-amazon.com\/images\/S\/aplus-media\/sc\/72c12496-dfac-4ccb-9285-ee68eb5590e9.__CR0,0,1600,1600_PT0_SX300_V1___.jpg\" alt=\"Paquete\" data-src=\"https:\/\/m.media-amazon.com\/images\/S\/aplus-media\/sc\/72c12496-dfac-4ccb-9285-ee68eb5590e9.__CR0,0,1600,1600_PT0_SX300_V1___.jpg\" \/><\/p>\n<h4 class=\"a-spacing-mini\">El paquete incluye:<\/h4>\n<p>Embalaje de la caja de color: 38,5 cm x 29,2 cm x 10,7 cm, caja de herramientas resistente negra, sonda de cobre, conector de prueba de doble paso, cable de bater\u00eda de clip de cocodrilo, l\u00ednea de prueba de rel\u00e9, adaptador de sonda, manual de instrucciones de fuseano de 25 amperios y l\u00ednea de prueba de 6 m<\/p>\n<\/div>\n<\/div>\n<\/div>\n<div><\/div>\n<\/div>\n<div class=\"celwidget aplus-module module-12 aplus-standard\" data-cel-widget=\"aplus-module-12\" data-csa-c-id=\"jrvuov-39a2ko-1b6y5r-lxanb3\">\n<div class=\"aplus-module-wrapper apm-spacing apm-floatnone apm-fixed-width\">\n<div class=\"apm-sidemodule aplus-module-content\">\n<div class=\"apm-hero-image\"><img decoding=\"async\" class=\"\" src=\"https:\/\/m.media-amazon.com\/images\/S\/aplus-media\/sc\/983ebafe-b3d6-4797-9798-86765472381f.__CR0,150,970,300_PT0_SX970_V1___.jpg\" alt=\"T\" data-src=\"https:\/\/m.media-amazon.com\/images\/S\/aplus-media\/sc\/983ebafe-b3d6-4797-9798-86765472381f.__CR0,150,970,300_PT0_SX970_V1___.jpg\" \/><\/div>\n<\/div>\n<\/div>\n<\/div>\n<\/div>\n<\/div>\n","protected":false},"excerpt":{"rendered":"<ol class=\"a-unordered-list a-vertical a-spacing-mini\">\n<li class=\"a-spacing-mini\"><span class=\"a-list-item\"><strong>\u3010M\u00e1s de 15 servicios de diagn\u00f3stico para el sistema automotriz\u3011<\/strong>M\u00faltiples funciones, casi cubren las herramientas de sonda en el mercado. Con funci\u00f3n mult\u00edmetro, modo osciloscopio, prueba de continuidad, prueba de rel\u00e9, \u2705Activar componentes en tu mano, \u2705Fuente de alimentaci\u00f3n\/detecci\u00f3n de tierra\/prueba abierta y corta, prueba de luces de remolque, prueba de circuito de se\u00f1al, \u2705Comprobar los malos contactos de tierra, \u2705Limpia los inyectores, cable de extensi\u00f3n de 20 pies y luz LED, \u2705 Voltaje CA\/CC, resistencia\/diodo.\u00a0<\/span><\/li>\n<li class=\"a-spacing-mini\"><span class=\"a-list-item\"><strong>\u3010Probador de mult\u00edmetro y osciloscopio\u3011<\/strong>: el probador de circuito P200 ser\u00e1 el kit de sonda de circuito de potencia m\u00e1s vers\u00e1til y potente que hayas visto. Contiene el voltaje CC (VDC), resistencia (OHM), prueba de diodo\/encendido (DIO), corriente (AMP) y funciones de prueba de frecuencia, combinado con la funci\u00f3n \u00fanica de osciloscopio y zumbador, puede probar componentes de acuerdo con voltaje, valor de resistencia, ciclo de trabajo de frecuencia y diagramas de forma de onda para diagnosticar r\u00e1pidamente problemas con tu sistema de circuito.<\/span><\/li>\n<li class=\"a-spacing-mini\"><span class=\"a-list-item\"><strong>Activaci\u00f3n de componentes el\u00e9ctricos:<\/strong> poder aplicar energ\u00eda de la bater\u00eda o tierra directamente a la punta de la sonda te da la capacidad de activar y probar din\u00e1micamente componentes el\u00e9ctricos como luces, motores y solenoides.<\/span><\/li>\n<li class=\"a-spacing-mini\"><span class=\"a-list-item\"><strong>Prueba inteligente y prueba positiva y negativa<\/strong>: cuando se conecta a la sonda de la herramienta de prueba el\u00e9ctrica del coche para medir voltaje, resistencia, polaridad positiva\/negativa, se convertir\u00e1 autom\u00e1ticamente en un rango autom\u00e1tico instant\u00e1neo, el juicio inteligente no requiere selecci\u00f3n manual, y los valores de par\u00e1metro correspondientes y las indicaciones se muestran en la visualizaci\u00f3n LCD HD. Con un cable de 20 pies, puedes ayudarte r\u00e1pidamente a diagnosticar el estado del autom\u00f3vil sin abrir el cableado.<\/span><\/li>\n<li class=\"a-spacing-mini\"><span class=\"a-list-item\"><strong>Limpia el inyector de combustible<\/strong>: es extremadamente importante probar regularmente el inyector de combustible. P200 proporciona 4 tipos de se\u00f1ales de pulso (una o varias veces) combinadas con limpiador de coche para lograr el m\u00e1ximo efecto de limpieza.<\/span><\/li>\n<li class=\"a-spacing-mini\"><span class=\"a-list-item\"><strong>Prueba de rel\u00e9s:<\/strong> no hay nada peor que se atasque en el sendero por la noche porque tu rel\u00e9 de luz se quema, pierde tu radio en medio de un viaje por carretera o no poder terminar tu proyecto porque eres un peque\u00f1o rel\u00e9. Con nuestra prueba de rel\u00e9 P200, fija tus luces sobre la marcha y mant\u00e9n el viaje por carretera balance\u00e1ndose toda la noche.<\/span><\/li>\n<li class=\"a-spacing-mini\"><span class=\"a-list-item\"><strong>Amplia aplicaci\u00f3n<\/strong>: Topdiag P200 es esencial para una variedad de escenarios de diagn\u00f3stico automotriz, ya sea que seas un mec\u00e1nico profesional que soluciona problemas complejos de veh\u00edculos o un entusiasta del bricolaje que realiza tareas de mantenimiento rutinarias. Con sus vers\u00e1tiles capacidades, es perfecto para diagnosticar problemas el\u00e9ctricos, probar rel\u00e9s, analizar inyectores de combustible, activar componentes e incluso utilizar el modo osciloscopio para una soluci\u00f3n avanzada de problemas. Es una herramienta imprescindible para cualquier persona que trabaje en sistemas el\u00e9ctricos automotrices<\/span><\/li>\n<\/ol>\n<div class=\"a-row a-expander-container a-expander-inline-container\">\n<div class=\"a-expander-content a-expander-extend-content a-expander-content-expanded\" data-expanded=\"true\">\n<ul class=\"a-unordered-list a-vertical a-spacing-none\">\n<li class=\"a-spacing-mini\"><span class=\"a-list-item\"><strong>\u301018 idiomas y actualizaci\u00f3n de Firmware\u3011<\/strong>Puedes elegir entre 18 idiomas. Puedes utilizar f\u00e1cilmente un cable de datos USB para conectar el probador de circuitos automotriz a una computadora para realizar un programa de actualizaci\u00f3n en l\u00ednea.<\/span><\/li>\n<li class=\"a-spacing-mini\"><span class=\"a-list-item\"><strong>\u3010Garant\u00eda de 1 a\u00f1o\u3011<\/strong><\/span><\/li>\n<\/ul>\n<\/div>\n<\/div>\n","protected":false},"featured_media":31259,"comment_status":"open","ping_status":"closed","template":"","meta":[],"product_brand":[],"product_cat":[22,113],"product_tag":[586,130,115,437],"class_list":{"0":"post-31251","1":"product","2":"type-product","3":"status-publish","4":"has-post-thumbnail","6":"product_cat-herramientas-de-diagnostico","7":"product_cat-puntas-logicas","8":"product_tag-p200","9":"product_tag-probador-de-circuitos","10":"product_tag-punta-logica","11":"product_tag-topdiag","13":"first","14":"instock","15":"taxable","16":"shipping-taxable","17":"purchasable","18":"product-type-simple"},"_links":{"self":[{"href":"https:\/\/8000rpmtools.com\/index.php?rest_route=\/wp\/v2\/product\/31251","targetHints":{"allow":["GET"]}}],"collection":[{"href":"https:\/\/8000rpmtools.com\/index.php?rest_route=\/wp\/v2\/product"}],"about":[{"href":"https:\/\/8000rpmtools.com\/index.php?rest_route=\/wp\/v2\/types\/product"}],"replies":[{"embeddable":true,"href":"https:\/\/8000rpmtools.com\/index.php?rest_route=%2Fwp%2Fv2%2Fcomments&post=31251"}],"wp:featuredmedia":[{"embeddable":true,"href":"https:\/\/8000rpmtools.com\/index.php?rest_route=\/wp\/v2\/media\/31259"}],"wp:attachment":[{"href":"https:\/\/8000rpmtools.com\/index.php?rest_route=%2Fwp%2Fv2%2Fmedia&parent=31251"}],"wp:term":[{"taxonomy":"product_brand","embeddable":true,"href":"https:\/\/8000rpmtools.com\/index.php?rest_route=%2Fwp%2Fv2%2Fproduct_brand&post=31251"},{"taxonomy":"product_cat","embeddable":true,"href":"https:\/\/8000rpmtools.com\/index.php?rest_route=%2Fwp%2Fv2%2Fproduct_cat&post=31251"},{"taxonomy":"product_tag","embeddable":true,"href":"https:\/\/8000rpmtools.com\/index.php?rest_route=%2Fwp%2Fv2%2Fproduct_tag&post=31251"}],"curies":[{"name":"wp","href":"https:\/\/api.w.org\/{rel}","templated":true}]}}