{"id":31146,"date":"2025-11-15T11:40:56","date_gmt":"2025-11-15T16:40:56","guid":{"rendered":"https:\/\/8000rpmtools.com\/?post_type=product&#038;p=31146"},"modified":"2025-11-15T11:40:56","modified_gmt":"2025-11-15T16:40:56","slug":"pulidora-roto-orbital-zota-6-pulgadas","status":"publish","type":"product","link":"https:\/\/8000rpmtools.com\/?product=pulidora-roto-orbital-zota-6-pulgadas","title":{"rendered":"PULIDORA ROTO ORBITAL ZOTA 6 PULGADAS"},"content":{"rendered":"<div class=\"celwidget aplus-module module-12 aplus-standard\" data-csa-c-id=\"kl1dt3-4ni5fy-q43w8n-jxk0sx\" data-cel-widget=\"aplus-module-12\">\n<div class=\"aplus-module-wrapper apm-spacing apm-floatnone apm-fixed-width\">\n<div class=\"apm-sidemodule aplus-module-content\">\n<div class=\"apm-hero-image\"><img decoding=\"async\" class=\"\" src=\"https:\/\/m.media-amazon.com\/images\/S\/aplus-media\/vc\/7709c96d-73f8-4591-a038-76664c5bf7da.__CR0,0,970,300_PT0_SX970_V1___.jpg\" alt=\"  \" data-src=\"https:\/\/m.media-amazon.com\/images\/S\/aplus-media\/vc\/7709c96d-73f8-4591-a038-76664c5bf7da.__CR0,0,970,300_PT0_SX970_V1___.jpg\" \/><\/div>\n<div class=\"textright apm-hero-text\">\n<p><span dir=\"auto\" style=\"vertical-align: inherit;\"><span dir=\"auto\" style=\"vertical-align: inherit;\">\u00bfSigues preocupado por la pintura de tu coche? \u00bfTe cuesta incluso pulirla? \u00bfBuscas una pulidora profesional y f\u00e1cil de usar para principiantes?<\/span><\/span><\/p>\n<p><span dir=\"auto\" style=\"vertical-align: inherit;\"><span dir=\"auto\" style=\"vertical-align: inherit;\">La pulidora ZOTA cuenta con una almohadilla de pulido de primera clase con un di\u00e1metro de 15 cm y una \u00f3rbita de largo alcance de 21 mm, posible \u00fanicamente gracias a tecnolog\u00eda de vanguardia.<\/span><\/span><\/p>\n<p><span dir=\"auto\" style=\"vertical-align: inherit;\"><span dir=\"auto\" style=\"vertical-align: inherit;\">\u00bfSe te escapar\u00eda de las manos una \u00f3rbita de lanzamiento de este tama\u00f1o?<\/span><\/span><\/p>\n<p><span dir=\"auto\" style=\"vertical-align: inherit;\"><span dir=\"auto\" style=\"vertical-align: inherit;\">No, nuestra modificaci\u00f3n a la pulidora ZOTA la ha hecho estable y c\u00f3moda de usar.<\/span><\/span><\/p>\n<\/div>\n<\/div>\n<\/div>\n<div><\/div>\n<\/div>\n<div class=\"celwidget aplus-module module-1 aplus-standard\" data-csa-c-id=\"56zt2j-d4nh8r-dq6die-12kihr\" data-cel-widget=\"aplus-module-1\">\n<div class=\"aplus-module-wrapper apm-fixed-width\">\n<div class=\"apm-spacing apm-wrap\">\n<div class=\"apm-floatleft apm-wrap\">\n<div class=\"apm-leftimage\"><img decoding=\"async\" class=\"a-spacing-mini\" src=\"https:\/\/m.media-amazon.com\/images\/S\/aplus-media\/vc\/9363f58b-406c-4363-a793-ef59689e5ee6.__CR0,0,300,400_PT0_SX300_V1___.jpg\" alt=\"  \" data-src=\"https:\/\/m.media-amazon.com\/images\/S\/aplus-media\/vc\/9363f58b-406c-4363-a793-ef59689e5ee6.__CR0,0,300,400_PT0_SX300_V1___.jpg\" \/><br \/>\n&nbsp;<\/p>\n<\/div>\n<div class=\"apm-rightthirdcol\">\n<div class=\"apm-rightthirdcol-inner\"><img decoding=\"async\" class=\"a-spacing-mini\" src=\"https:\/\/m.media-amazon.com\/images\/S\/aplus-media\/vc\/a40bc5b3-9222-497f-b470-a9416124863a.__CR0,0,350,175_PT0_SX350_V1___.jpg\" alt=\"  \" data-src=\"https:\/\/m.media-amazon.com\/images\/S\/aplus-media\/vc\/a40bc5b3-9222-497f-b470-a9416124863a.__CR0,0,350,175_PT0_SX350_V1___.jpg\" \/><\/p>\n<h5 class=\"a-color-secondary\"><span dir=\"auto\" style=\"vertical-align: inherit;\"><span dir=\"auto\" style=\"vertical-align: inherit;\">ACERCA DE ZOTA<\/span><\/span><\/h5>\n<p class=\"a-spacing-small a-size-small a-color-secondary\"><span dir=\"auto\" style=\"vertical-align: inherit;\"><span dir=\"auto\" style=\"vertical-align: inherit;\">Durante dos d\u00e9cadas, nos hemos dedicado a las pulidoras de autom\u00f3viles. Comenzamos con un producto orbital sin proyecci\u00f3n y, posteriormente, desarrollamos una tecnolog\u00eda orbital con proyecci\u00f3n en constante mejora; hemos recorrido un largo camino. Las inversiones en I+D y los experimentos fallidos nos han acompa\u00f1ado durante a\u00f1os. Ofrecimos un a\u00f1o de prueba gratuita y ajustamos los detalles seg\u00fan los comentarios de los propietarios de autom\u00f3viles y los servicios de cuidado automotriz. Mejoramos la experiencia del usuario y dise\u00f1amos accesorios para esta pulidora.<\/span><\/span><\/p>\n<div class=\"a-box a-spacing-small a-color-alternate-background apm-listbox\">\n<div class=\"a-box-inner\">\n<ul class=\"a-unordered-list a-vertical\">\n<li><span class=\"a-list-item\"><span class=\"a-size-base\"><span dir=\"auto\" style=\"vertical-align: inherit;\"><span dir=\"auto\" style=\"vertical-align: inherit;\">Ahora afirmamos con confianza que este dise\u00f1o innovador puede mejorar radicalmente la experiencia del cuidado del autom\u00f3vil.<\/span><\/span><\/span><\/span><\/li>\n<\/ul>\n<\/div>\n<\/div>\n<\/div>\n<\/div>\n<div class=\"apm-centerthirdcol apm-wrap\">\n<h3 class=\"a-spacing-mini\"><span dir=\"auto\" style=\"vertical-align: inherit;\"><span dir=\"auto\" style=\"vertical-align: inherit;\">Pulidora de coches ZOTA<\/span><\/span><\/h3>\n<h4 class=\"a-spacing-mini a-color-secondary a-text-italic\"><span dir=\"auto\" style=\"vertical-align: inherit;\"><span dir=\"auto\" style=\"vertical-align: inherit;\">El instrumento de belleza para tu hermoso coche<\/span><\/span><\/h4>\n<p class=\"a-spacing-base\"><span dir=\"auto\" style=\"vertical-align: inherit;\"><span dir=\"auto\" style=\"vertical-align: inherit;\">Una enorme \u00f3rbita de largo alcance de 21 mm con motor de 900 vatios<\/span><\/span><\/p>\n<p class=\"a-spacing-base\"><span dir=\"auto\" style=\"vertical-align: inherit;\"><span dir=\"auto\" style=\"vertical-align: inherit;\">A diferencia de las pulidoras orbitales normales de 8 mm y 15 mm, esta pulidora permite que su coche o barco brille de forma r\u00e1pida y segura.<\/span><\/span><\/p>\n<p class=\"a-spacing-base\"><span dir=\"auto\" style=\"vertical-align: inherit;\"><span dir=\"auto\" style=\"vertical-align: inherit;\">Velocidad de rotaci\u00f3n m\u00faltiple para cualquier configuraci\u00f3n de pulido: No importa si necesita eliminar remolinos, ara\u00f1azos, oxidaciones y defectos; o si desea encerar y pulir su autom\u00f3vil, esta m\u00e1quina es todo lo que puede so\u00f1ar.<\/span><\/span><\/p>\n<p class=\"a-spacing-base\"><span dir=\"auto\" style=\"vertical-align: inherit;\"><span dir=\"auto\" style=\"vertical-align: inherit;\">\u00a1Con un manual de usuario detallado, domina el arte del cuidado del autom\u00f3vil incluso si eres principiante!<\/span><\/span><\/p>\n<div class=\"amp-centerthirdcol-listbox\">\n<div class=\"a-box a-spacing-small a-color-alternate-background apm-listbox amp-centerthirdcol-listbox\">\n<div class=\"a-box-inner\">\n<ul class=\"a-unordered-list a-vertical\">\n<li><span class=\"a-list-item\"><span class=\"a-size-base\"><span dir=\"auto\" style=\"vertical-align: inherit;\"><span dir=\"auto\" style=\"vertical-align: inherit;\">Almohadilla de pulido de 15 cm de di\u00e1metro, \u00f3rbita de largo alcance de 21 mm y una potencia de 900 vatios.<\/span><\/span><\/span><\/span><\/li>\n<li><span class=\"a-list-item\"><span class=\"a-size-base\"><span dir=\"auto\" style=\"vertical-align: inherit;\"><span dir=\"auto\" style=\"vertical-align: inherit;\">Accesorios completos: 3 almohadillas de espuma de 6,5&#8243;, 1 placa de soporte de 6&#8243;, 1 llave hexagonal, 2 escobillas de carb\u00f3n<\/span><\/span><\/span><\/span><\/li>\n<li><span class=\"a-list-item\"><span class=\"a-size-base\"><span dir=\"auto\" style=\"vertical-align: inherit;\"><span dir=\"auto\" style=\"vertical-align: inherit;\">Guante de lavado de coches de microfibra de chenilla, manual de usuario.<\/span><\/span><\/span><\/span><\/li>\n<\/ul>\n<\/div>\n<\/div>\n<\/div>\n<\/div>\n<\/div>\n<\/div>\n<\/div>\n<div><\/div>\n<\/div>\n<div class=\"celwidget aplus-module module-6 aplus-standard\" data-csa-c-id=\"8gznw7-rb9hq6-ydy8en-pfa0sd\" data-cel-widget=\"aplus-module-6\">\n<div class=\"aplus-module-wrapper apm-fixed-width\">\n<div id=\"aplus-module-6-2\" class=\"aplus-module-content\">\n<div class=\"apm-hovermodule\">\n<div>\n<div class=\"apm-hovermodule-slides\">\n<div class=\"apm-hovermodule-image\"><img decoding=\"async\" class=\"a-spacing-mini\" src=\"https:\/\/m.media-amazon.com\/images\/S\/aplus-media\/vc\/23287f22-35f0-4755-b770-f95075b2e21e.__CR0,0,300,300_PT0_SX300_V1___.jpg\" alt=\" \" data-src=\"https:\/\/m.media-amazon.com\/images\/S\/aplus-media\/vc\/23287f22-35f0-4755-b770-f95075b2e21e.__CR0,0,300,300_PT0_SX300_V1___.jpg\" \/><\/div>\n<div class=\"apm-hovermodule-slides-inner\">\n<h3 class=\"a-spacing-mini\"><span dir=\"auto\" style=\"vertical-align: inherit;\"><span dir=\"auto\" style=\"vertical-align: inherit;\">\u00bfC\u00d3MO ELEGIR? Esta es la mejor manera de elegir tu pulidora de coche. Una pulidora de baja calidad solo da\u00f1ar\u00e1 la pintura. \u00bfTama\u00f1o? \u00bfRendimiento? \u00bfEngranajes? \u00bfVida \u00fatil?<\/span><\/span><\/h3>\n<p class=\"a-spacing-base\"><span dir=\"auto\" style=\"vertical-align: inherit;\"><span dir=\"auto\" style=\"vertical-align: inherit;\">El motor con cable de cobre ofrece una vida \u00fatil m\u00e1s larga. Mientras que los motores tradicionales adolecen de una vida \u00fatil corta y baja potencia, nuestro motor de cobre puro de 900 vatios proporciona una potencia din\u00e1mica, un alto coeficiente de rendimiento y elimina el riesgo de da\u00f1os. Esto garantiza el alto rendimiento y la durabilidad de ZOTA.<\/span><\/span><\/p>\n<\/div>\n<\/div>\n<\/div>\n<div class=\"apm-hovermodule-slidecontrol\">\n<div class=\"apm-hovermodule-smallimage celwidget apm-hovermodule-opacitymodon\" data-csa-c-id=\"u5q4k9-4erj4e-rvy4gh-950i96\" data-cel-widget=\"aplus-module-6-hover-1\">\n<div class=\"a-section a-spacing-mini apm-hovermodule-smallimage-bg\"><img decoding=\"async\" class=\"\" src=\"https:\/\/m.media-amazon.com\/images\/S\/aplus-media\/vc\/5d101265-e27a-4dbd-96ab-d5781723751a.__CR0,0,300,300_PT0_SX300_V1___.jpg\" alt=\"\" data-src=\"https:\/\/m.media-amazon.com\/images\/S\/aplus-media\/vc\/5d101265-e27a-4dbd-96ab-d5781723751a.__CR0,0,300,300_PT0_SX300_V1___.jpg\" \/><\/div>\n<p><span class=\"a-size-mini a-text-bold a-color-secondary\"><span dir=\"auto\" style=\"vertical-align: inherit;\"><span dir=\"auto\" style=\"vertical-align: inherit;\">\u00d3rbita de largo alcance de 21 mm<\/span><\/span><\/span><\/p>\n<\/div>\n<div class=\"apm-hovermodule-smallimage celwidget apm-hovermodule-opacitymodon\" data-csa-c-id=\"v4zeju-r75y07-fwvj2u-h8ayid\" data-cel-widget=\"aplus-module-6-hover-2\">\n<div class=\"a-section a-spacing-mini apm-hovermodule-smallimage-bg\"><img decoding=\"async\" class=\"\" src=\"https:\/\/m.media-amazon.com\/images\/S\/aplus-media\/vc\/c7b88bc5-20bc-4c51-8972-b35d9fd50da2.__CR0,0,300,300_PT0_SX300_V1___.jpg\" alt=\"\" data-src=\"https:\/\/m.media-amazon.com\/images\/S\/aplus-media\/vc\/c7b88bc5-20bc-4c51-8972-b35d9fd50da2.__CR0,0,300,300_PT0_SX300_V1___.jpg\" \/><\/div>\n<p><span class=\"a-size-mini a-color-secondary a-text-bold\"><span dir=\"auto\" style=\"vertical-align: inherit;\"><span dir=\"auto\" style=\"vertical-align: inherit;\">Almohadilla de pulido de 6 pulgadas<\/span><\/span><\/span><\/p>\n<\/div>\n<div class=\"apm-hovermodule-smallimage celwidget apm-hovermodule-opacitymodon\" data-csa-c-id=\"mqbvlb-sfa0ha-q3k5as-vyd09k\" data-cel-widget=\"aplus-module-6-hover-3\">\n<div class=\"a-section a-spacing-mini apm-hovermodule-smallimage-bg\"><img decoding=\"async\" class=\"\" src=\"https:\/\/m.media-amazon.com\/images\/S\/aplus-media\/vc\/320bc692-b451-482f-9300-045ccc595164.__CR0,0,300,300_PT0_SX300_V1___.jpg\" alt=\"\" data-src=\"https:\/\/m.media-amazon.com\/images\/S\/aplus-media\/vc\/320bc692-b451-482f-9300-045ccc595164.__CR0,0,300,300_PT0_SX300_V1___.jpg\" \/><\/div>\n<p><span class=\"a-size-mini a-color-secondary a-text-bold\"><span dir=\"auto\" style=\"vertical-align: inherit;\"><span dir=\"auto\" style=\"vertical-align: inherit;\">ajuste de 6 velocidades<\/span><\/span><\/span><\/p>\n<\/div>\n<div class=\"apm-hovermodule-smallimage celwidget\" data-csa-c-id=\"gnl2qs-l52nt1-45sgec-14322\" data-cel-widget=\"aplus-module-6-hover-4\">\n<div class=\"a-section a-spacing-mini apm-hovermodule-smallimage-bg\"><img decoding=\"async\" class=\"\" src=\"https:\/\/m.media-amazon.com\/images\/S\/aplus-media\/vc\/23287f22-35f0-4755-b770-f95075b2e21e.__CR0,0,300,300_PT0_SX300_V1___.jpg\" alt=\"\" data-src=\"https:\/\/m.media-amazon.com\/images\/S\/aplus-media\/vc\/23287f22-35f0-4755-b770-f95075b2e21e.__CR0,0,300,300_PT0_SX300_V1___.jpg\" \/><\/div>\n<p><span class=\"a-size-mini a-text-bold\"><span dir=\"auto\" style=\"vertical-align: inherit;\"><span dir=\"auto\" style=\"vertical-align: inherit;\">motor de alambre de cobre<\/span><\/span><\/span><\/p>\n<\/div>\n<\/div>\n<\/div>\n<\/div>\n<\/div>\n<div><\/div>\n<\/div>\n<div class=\"celwidget aplus-module module-4 aplus-standard\" data-csa-c-id=\"hb5672-q1xy9y-hcis3d-upvg2l\" data-cel-widget=\"aplus-module-4\">\n<div class=\"aplus-module-wrapper apm-fixed-width apm-spacing\">\n<h3 class=\"a-spacing-small\"><\/h3>\n<div class=\"apm-flex\">\n<div class=\"apm-flex-item-fourth-width\">\n<p class=\"apm-text-center\"><img decoding=\"async\" class=\"\" src=\"https:\/\/m.media-amazon.com\/images\/S\/aplus-media\/vc\/00ad40cb-cd07-4b54-8835-ee9f86821fb8.__CR0,0,220,220_PT0_SX220_V1___.jpg\" alt=\"  \" data-src=\"https:\/\/m.media-amazon.com\/images\/S\/aplus-media\/vc\/00ad40cb-cd07-4b54-8835-ee9f86821fb8.__CR0,0,220,220_PT0_SX220_V1___.jpg\" \/><\/p>\n<h4 class=\"a-spacing-mini\"><span dir=\"auto\" style=\"vertical-align: inherit;\"><span dir=\"auto\" style=\"vertical-align: inherit;\">Los ajustes de 6 velocidades se adaptan a cualquier tipo de pintura: normal, metalizada, perlada.<\/span><\/span><\/h4>\n<p class=\"a-size-small\"><span class=\"a-text-bold\"><span dir=\"auto\" style=\"vertical-align: inherit;\"><span dir=\"auto\" style=\"vertical-align: inherit;\">Cada engranaje se adapta a un trabajo.<\/span><\/span><\/span><\/p>\n<p class=\"a-size-small\"><span dir=\"auto\" style=\"vertical-align: inherit;\"><span dir=\"auto\" style=\"vertical-align: inherit;\">Velocidad 1-2: Encerado<\/span><\/span><\/p>\n<p class=\"a-size-small\"><span dir=\"auto\" style=\"vertical-align: inherit;\"><span dir=\"auto\" style=\"vertical-align: inherit;\">Velocidad 4: Pulido<\/span><\/span><\/p>\n<p class=\"a-size-small\"><span dir=\"auto\" style=\"vertical-align: inherit;\"><span dir=\"auto\" style=\"vertical-align: inherit;\">Velocidad 5-6: Corte<\/span><\/span><\/p>\n<\/div>\n<div class=\"apm-flex-item-fourth-width\">\n<p class=\"apm-text-center\"><img decoding=\"async\" class=\"\" src=\"https:\/\/m.media-amazon.com\/images\/S\/aplus-media\/vc\/0f408d86-08c1-4353-af5d-95eb7a690d0d.__CR0,0,220,220_PT0_SX220_V1___.jpg\" alt=\"  \" data-src=\"https:\/\/m.media-amazon.com\/images\/S\/aplus-media\/vc\/0f408d86-08c1-4353-af5d-95eb7a690d0d.__CR0,0,220,220_PT0_SX220_V1___.jpg\" \/><\/p>\n<h4 class=\"a-spacing-mini\"><span dir=\"auto\" style=\"vertical-align: inherit;\"><span dir=\"auto\" style=\"vertical-align: inherit;\">Piezas de alta resistencia<\/span><\/span><\/h4>\n<p class=\"a-size-small\"><span dir=\"auto\" style=\"vertical-align: inherit;\"><span dir=\"auto\" style=\"vertical-align: inherit;\">Las piezas de alta resistencia ofrecen una mayor vida \u00fatil; no solo el motor, sino que adem\u00e1s utilizamos engranajes de alta calidad 20CrMnTi (dureza HRC60-62); para los ejes, contamos con la reconocida marca LFB.<\/span><\/span><\/p>\n<\/div>\n<div class=\"apm-flex-item-fourth-width\">\n<p class=\"apm-text-center\"><img decoding=\"async\" class=\"\" src=\"https:\/\/m.media-amazon.com\/images\/S\/aplus-media\/vc\/7fc404d1-acc7-4158-be58-d61a46e9a7ba.__CR0,0,220,220_PT0_SX220_V1___.jpg\" alt=\"  \" data-src=\"https:\/\/m.media-amazon.com\/images\/S\/aplus-media\/vc\/7fc404d1-acc7-4158-be58-d61a46e9a7ba.__CR0,0,220,220_PT0_SX220_V1___.jpg\" \/><\/p>\n<h4 class=\"a-spacing-mini\"><span dir=\"auto\" style=\"vertical-align: inherit;\"><span dir=\"auto\" style=\"vertical-align: inherit;\">Gratis no significa barato<\/span><\/span><\/h4>\n<p class=\"a-size-small\"><span dir=\"auto\" style=\"vertical-align: inherit;\"><span dir=\"auto\" style=\"vertical-align: inherit;\">Las almohadillas de pulido de regalo que le proporcionamos son muy duraderas; estas almohadillas de espuma por s\u00ed solas son de muy alta calidad.<\/span><\/span><\/p>\n<p class=\"a-size-small\"><span dir=\"auto\" style=\"vertical-align: inherit;\"><span dir=\"auto\" style=\"vertical-align: inherit;\">Los accesorios incluyen 2 escobillas de carb\u00f3n de repuesto.<\/span><\/span><\/p>\n<\/div>\n<div class=\"apm-flex-item-fourth-width\">\n<p class=\"apm-text-center\"><img decoding=\"async\" class=\"\" src=\"https:\/\/m.media-amazon.com\/images\/S\/aplus-media\/vc\/f7472e32-fcfb-499c-9543-e20b242dca57.__CR0,0,220,220_PT0_SX220_V1___.jpg\" alt=\"  \" data-src=\"https:\/\/m.media-amazon.com\/images\/S\/aplus-media\/vc\/f7472e32-fcfb-499c-9543-e20b242dca57.__CR0,0,220,220_PT0_SX220_V1___.jpg\" \/><\/p>\n<h4 class=\"a-spacing-mini\"><span dir=\"auto\" style=\"vertical-align: inherit;\"><span dir=\"auto\" style=\"vertical-align: inherit;\">La calidad de la almohadilla de pulido es nuestra mayor preocupaci\u00f3n.<\/span><\/span><\/h4>\n<p class=\"a-size-small\"><span dir=\"auto\" style=\"vertical-align: inherit;\"><span dir=\"auto\" style=\"vertical-align: inherit;\">Los productos de baja calidad solo da\u00f1ar\u00e1n la pintura de su coche por segunda vez.<\/span><\/span><\/p>\n<p class=\"a-size-small\"><span dir=\"auto\" style=\"vertical-align: inherit;\"><span dir=\"auto\" style=\"vertical-align: inherit;\">La almohadilla BRWON es la GRUESA, la mejor para GEAR 5\/6, para pulir ara\u00f1azos.<\/span><\/span><\/p>\n<p class=\"a-size-small\"><span dir=\"auto\" style=\"vertical-align: inherit;\"><span dir=\"auto\" style=\"vertical-align: inherit;\">La almohadilla NARANJA es la MEDIANA, la mejor para ENGRANAJES 4\/5, para pulir.<\/span><\/span><\/p>\n<p class=\"a-size-small\"><span dir=\"auto\" style=\"vertical-align: inherit;\"><span dir=\"auto\" style=\"vertical-align: inherit;\">La almohadilla AMARILLA es la DELGADA, la mejor para ENGRANAJE 1\/2, para pulido fino; eliminaci\u00f3n de remolinos; encerado y otros acabados.<\/span><\/span><\/p>\n<\/div>\n<\/div>\n<\/div>\n<div><\/div>\n<\/div>\n<div class=\"celwidget aplus-module module-12 aplus-standard\" data-csa-c-id=\"bzvx8r-jgt4w8-xv0l67-e91q8u\" data-cel-widget=\"aplus-module-12\">\n<div class=\"aplus-module-wrapper apm-spacing apm-floatnone apm-fixed-width\">\n<div class=\"apm-sidemodule aplus-module-content\">\n<div class=\"apm-hero-image\"><\/div>\n<\/div>\n<\/div>\n<\/div>\n","protected":false},"excerpt":{"rendered":"<ul>\n<li>Amplio rango de \u00f3rbita (21mm) para mejores acabados<\/li>\n<li class=\"a-spacing-mini\"><span class=\"a-list-item\">\u3010R\u00e1pida y segura\u3011Logra resultados r\u00e1pidos con una \u00f3rbita de 0.827 in de largo alcance y potente 900 vatios, contraste con el pulidor nomal de \u00f3rbita de 0.315 in y 0.591 in, este pulidor amortiguador puede dejar que tu autom\u00f3vil o barco brille de forma r\u00e1pida y segura.<\/span><\/li>\n<li class=\"a-spacing-mini\"><span class=\"a-list-item\">\u3010Una parada para la superficie del espejo\u3011Este pulidor de doble acci\u00f3n tiene un dial de control de 6 velocidades (2,000-4,800 rpm), que se puede ajustar para eliminar remolinos, ara\u00f1azos, oxidaci\u00f3n y defectos de todos los veh\u00edculos pintados, encerado y pulido.<\/span><\/li>\n<li class=\"a-spacing-mini\"><span class=\"a-list-item\">\u3010Dise\u00f1o ergon\u00f3mico\u3011Este pulidor de pies grandes con mango de goma y cabeza ergon\u00f3mica de ornitorrinco, te proporciona una sensaci\u00f3n de agarre c\u00f3moda y control antideslizante mientras est\u00e1 en uso, cable de alimentaci\u00f3n largo de 13.1 pies que te hace f\u00e1cil.<\/span><\/li>\n<li class=\"a-spacing-mini\"><span class=\"a-list-item\">\u3010Gran regalo\u3011Este kit de pulidores y pulidores de autom\u00f3vil es el mejor regalo para los amantes de los autom\u00f3viles, padre, novio, marido&#8230; F\u00e1cil de usar, deja que tus autos de amor brillen en fin de semana y vacaciones, ten un estado de \u00e1nimo feliz.<\/span><\/li>\n<li class=\"a-spacing-mini\"><span class=\"a-list-item\">\u3010Lo que obtendr\u00e1s\u3011 1 m\u00e1quina pulidora, 3 almohadillas de espuma profesional de 6.5 pulgadas, 1 placa trasera de 6 pulgadas, 1 llave hexagonal, 2 cepillos de carbono, manual de usuario (idioma espa\u00f1ol no garantizado). 100% libre de riesgos 1 a\u00f1o de garant\u00eda y servicio al cliente en 24 horas.<\/span><\/li>\n<\/ul>\n","protected":false},"featured_media":31147,"comment_status":"open","ping_status":"closed","template":"","meta":[],"product_brand":[],"product_cat":[186],"product_tag":[542,343,239,253,187],"class_list":{"0":"post-31146","1":"product","2":"type-product","3":"status-publish","4":"has-post-thumbnail","6":"product_cat-pintura-y-carroceria","7":"product_tag-autos","8":"product_tag-detailing","9":"product_tag-encerado","10":"product_tag-pintura","11":"product_tag-pulidora","13":"first","14":"instock","15":"taxable","16":"shipping-taxable","17":"purchasable","18":"product-type-simple"},"_links":{"self":[{"href":"https:\/\/8000rpmtools.com\/index.php?rest_route=\/wp\/v2\/product\/31146","targetHints":{"allow":["GET"]}}],"collection":[{"href":"https:\/\/8000rpmtools.com\/index.php?rest_route=\/wp\/v2\/product"}],"about":[{"href":"https:\/\/8000rpmtools.com\/index.php?rest_route=\/wp\/v2\/types\/product"}],"replies":[{"embeddable":true,"href":"https:\/\/8000rpmtools.com\/index.php?rest_route=%2Fwp%2Fv2%2Fcomments&post=31146"}],"wp:featuredmedia":[{"embeddable":true,"href":"https:\/\/8000rpmtools.com\/index.php?rest_route=\/wp\/v2\/media\/31147"}],"wp:attachment":[{"href":"https:\/\/8000rpmtools.com\/index.php?rest_route=%2Fwp%2Fv2%2Fmedia&parent=31146"}],"wp:term":[{"taxonomy":"product_brand","embeddable":true,"href":"https:\/\/8000rpmtools.com\/index.php?rest_route=%2Fwp%2Fv2%2Fproduct_brand&post=31146"},{"taxonomy":"product_cat","embeddable":true,"href":"https:\/\/8000rpmtools.com\/index.php?rest_route=%2Fwp%2Fv2%2Fproduct_cat&post=31146"},{"taxonomy":"product_tag","embeddable":true,"href":"https:\/\/8000rpmtools.com\/index.php?rest_route=%2Fwp%2Fv2%2Fproduct_tag&post=31146"}],"curies":[{"name":"wp","href":"https:\/\/api.w.org\/{rel}","templated":true}]}}