{"id":30988,"date":"2025-03-21T13:11:29","date_gmt":"2025-03-21T18:11:29","guid":{"rendered":"https:\/\/8000rpmtools.com\/?post_type=product&#038;p=30988"},"modified":"2025-03-22T11:23:34","modified_gmt":"2025-03-22T16:23:34","slug":"lector-de-codigos-obd2","status":"publish","type":"product","link":"https:\/\/8000rpmtools.com\/?product=lector-de-codigos-obd2","title":{"rendered":"ESC\u00c1NER LECTOR DE C\u00d3DIGOS OBD2"},"content":{"rendered":"<p>Diagn\u00f3stico sencillo del veh\u00edculo con Plug and Play: este esc\u00e1ner OBD2 recupera r\u00e1pidamente los c\u00f3digos de aver\u00eda del veh\u00edculo con un simple enchufe, lo que simplifica la identificaci\u00f3n de los problemas del autom\u00f3vil. No requiere una configuraci\u00f3n compleja, lo que permite ahorrar tiempo. Ofrece un monitoreo en tiempo real de las m\u00e9tricas de rendimiento. El cable de 2,2 pies, hecho a mano con metal avanzado de baja resistencia, minimiza las interferencias electromagn\u00e9ticas para una transferencia de datos estable y precisa. F\u00e1cil de usar para todos, desde principiantes hasta expertos, integra m\u00faltiples funciones: leer los c\u00f3digos de aver\u00eda, detectar la duraci\u00f3n de la bater\u00eda (diga adi\u00f3s a los m\u00e9todos de inspecci\u00f3n tradicionales) y evaluar el estado del veh\u00edculo, proporcionando una visi\u00f3n completa del estado de su autom\u00f3vil.<br \/>\nAlta compatibilidad y soporte para 13 idiomas: ya sea en el garaje de una casa o en la carretera durante las emergencias, la herramienta de diagn\u00f3stico del esc\u00e1ner OBD2 es su confiable asesor de salud automotriz. El dispositivo OBD2 profesional es compatible con todos los protocolos OBDII, incluidos KWP2000, ISO9141, J1850 VPW, J1850 PWM y CAN (Controller Area Network). El lector de c\u00f3digos es adecuado para todos los veh\u00edculos con el protocolo OBD II desde 1996. Adem\u00e1s, los productos tienen una interfaz rica y ajustable en 13 idiomas, lo que permite a los usuarios de diferentes or\u00edgenes ling\u00fc\u00edsticos operar con facilidad y familiaridad. Nuestra base de clientes es mundial.<br \/>\nPantalla a color de alta resoluci\u00f3n y funda protectora de TPU: el esc\u00e1ner YM519 para autom\u00f3viles cuenta con una avanzada pantalla TFT a color de 2,8 pulgadas con alta resoluci\u00f3n (262 000), que proporciona im\u00e1genes de prueba n\u00edtidas y resultados de datos de f\u00e1cil lectura, en sustituci\u00f3n de las pantallas tradicionales en blanco y negro. Viene con una funda protectora de TPU de alta calidad que es duradera, resistente a los golpes y mantiene el esc\u00e1ner como nuevo. Los nuevos botones de silicona mejoran la sensaci\u00f3n t\u00e1ctil del producto e incluyen un timbre que emite una se\u00f1al ac\u00fastica al presionarlos, lo que facilita el funcionamiento de los usuarios con problemas de visi\u00f3n.<br \/>\nSencillo y c\u00f3modo de usar, el regalo perfecto: la interfaz intuitiva del lector de c\u00f3digos YM519 garantiza que cada operaci\u00f3n sea clara y directa, lo que permite un uso r\u00e1pido y f\u00e1cil sin necesidad de ajustes complicados. Solo tienes que conectarlo y ya puedes empezar a leer los datos de tu veh\u00edculo. Incluso los principiantes pueden diagnosticar f\u00e1cilmente sus veh\u00edculos con nuestros lectores de c\u00f3digos para herramientas de exploraci\u00f3n, ya que leen y borran de forma eficiente los c\u00f3digos de aver\u00eda, muestran las definiciones de los c\u00f3digos de DTC y eval\u00faan la duraci\u00f3n de la bater\u00eda del veh\u00edculo, lo que te permite ahorrar tiempo y dinero en el taller de reparaci\u00f3n. Haz un regalo especial a tu querido entusiasta de los coches: el esc\u00e1ner obd2 es un regalo que todos los propietarios de autom\u00f3viles desean.<br \/>\nVeh\u00edculo CEL Doctor: el esc\u00e1ner de diagn\u00f3stico YM519 para todos los autom\u00f3viles puede leer y borrar los c\u00f3digos de diagn\u00f3stico de problemas (DTC), mostrar el voltaje de la bater\u00eda, acceder al estado de preparaci\u00f3n para emisiones electr\u00f3nicas, apagar el CEL (comprobar la luz del motor) o MIL, restablecer los monitores, evaluar la duraci\u00f3n de la bater\u00eda, proporcionar flujos de datos del veh\u00edculo en tiempo real, leer los datos en tiempo real y recuperar el veh\u00edculo VIN, monitorea par\u00e1metros como la velocidad del motor y la temperatura del refrigerante en tiempo real, captura la congelaci\u00f3n encuadra datos, muestra curvas de datos del veh\u00edculo en tiempo real y prueba sensores de O2, etc.<\/p>\n","protected":false},"excerpt":{"rendered":"<ul>\n<li>F\u00e1cil de usar<\/li>\n<li>Alta compatibilidad y soporte<\/li>\n<li>Diagn\u00f3stico sencillo<\/li>\n<\/ul>\n","protected":false},"featured_media":30989,"comment_status":"open","ping_status":"closed","template":"","meta":[],"product_brand":[],"product_cat":[86,22],"product_tag":[84,448,510,232,231],"class_list":{"0":"post-30988","1":"product","2":"type-product","3":"status-publish","4":"has-post-thumbnail","6":"product_cat-escaner-automotriz","7":"product_cat-herramientas-de-diagnostico","8":"product_tag-escaner","9":"product_tag-escaner-automotriz","10":"product_tag-lector","11":"product_tag-lector-de-codigos","12":"product_tag-obd2","14":"first","15":"instock","16":"taxable","17":"shipping-taxable","18":"purchasable","19":"product-type-simple"},"_links":{"self":[{"href":"https:\/\/8000rpmtools.com\/index.php?rest_route=\/wp\/v2\/product\/30988","targetHints":{"allow":["GET"]}}],"collection":[{"href":"https:\/\/8000rpmtools.com\/index.php?rest_route=\/wp\/v2\/product"}],"about":[{"href":"https:\/\/8000rpmtools.com\/index.php?rest_route=\/wp\/v2\/types\/product"}],"replies":[{"embeddable":true,"href":"https:\/\/8000rpmtools.com\/index.php?rest_route=%2Fwp%2Fv2%2Fcomments&post=30988"}],"wp:featuredmedia":[{"embeddable":true,"href":"https:\/\/8000rpmtools.com\/index.php?rest_route=\/wp\/v2\/media\/30989"}],"wp:attachment":[{"href":"https:\/\/8000rpmtools.com\/index.php?rest_route=%2Fwp%2Fv2%2Fmedia&parent=30988"}],"wp:term":[{"taxonomy":"product_brand","embeddable":true,"href":"https:\/\/8000rpmtools.com\/index.php?rest_route=%2Fwp%2Fv2%2Fproduct_brand&post=30988"},{"taxonomy":"product_cat","embeddable":true,"href":"https:\/\/8000rpmtools.com\/index.php?rest_route=%2Fwp%2Fv2%2Fproduct_cat&post=30988"},{"taxonomy":"product_tag","embeddable":true,"href":"https:\/\/8000rpmtools.com\/index.php?rest_route=%2Fwp%2Fv2%2Fproduct_tag&post=30988"}],"curies":[{"name":"wp","href":"https:\/\/api.w.org\/{rel}","templated":true}]}}