{"id":30922,"date":"2025-03-17T18:03:29","date_gmt":"2025-03-17T23:03:29","guid":{"rendered":"https:\/\/8000rpmtools.com\/?post_type=product&#038;p=30922"},"modified":"2025-12-18T22:07:04","modified_gmt":"2025-12-19T03:07:04","slug":"escaner-automotriz-otofix-d1-pro","status":"publish","type":"product","link":"https:\/\/8000rpmtools.com\/?product=escaner-automotriz-otofix-d1-pro","title":{"rendered":"ESC\u00c1NER AUTOMOTRIZ OTOFIX D1 PRO"},"content":{"rendered":"<p data-start=\"0\" data-end=\"341\">Todo lo que los mayores profesionales del taller esperan, en una herramienta poderosa y accesible. Con\u00a0<strong>D1<\/strong>\u00a0<strong>PRO<\/strong> tendr\u00e1 a su disposici\u00f3n el Diagn\u00f3stico Total, la Funciones B\u00e1sicas y de Servicio, la Funciones Especiales (Calibraciones, Ajustes, Resets, Adaptaciones, etc.), las Codificaciones Avanzadas, Integraci\u00f3n Cloud y mucho m\u00e1s\u2026, todo empaquetado en una Tablet de 10.1 Pulgadas, con excepcional procesador, amplia memoria, c\u00e1mara de alta resoluci\u00f3n y sistema operativo Android 10.<\/p>\n<div id=\"nav-description\" class=\"description--wrap--LscZ0He\">\n<div class=\"extend--wrap--yXwoDbO\">\n<div class=\"extend--content--VuIQZia\">\n<div id=\"product-description\" class=\"description--product-description--Mjtql28\" data-spm=\"1000023\" data-pl=\"product-description\">\n<div class=\"description--origin-part--rWy05pE\">\n<div class=\"detailmodule_html\">\n<div class=\"detail-desc-decorate-richtext\">\n<div align=\"start\">\n<ul>\n<li class=\"detail-desc-decorate-content\"><strong id=\"tl_4\">Codificaci\u00f3n ECU<\/strong><span id=\"tl_5\">: Ayuda a combinar el autom\u00f3vil con los m\u00f3dulos de control de componentes despu\u00e9s de reemplazar las nuevas ECU. Codificaci\u00f3n en l\u00ednea para VW\/Skoda\/Peugeot\/Citroen + Personalizaci\u00f3n para VW\/au-di\/Skoda + Codificaci\u00f3n fuera de l\u00ednea para 25 modelos.<\/span><\/li>\n<li class=\"detail-desc-decorate-content\"><span id=\"tl_5\">3.<\/span><strong id=\"tl_6\">40 + servicios<\/strong><span id=\"tl_7\">: Sirve para reinicio\/coincidencia\/calibraci\u00f3n de componentes y 99% de reparaci\u00f3n de veh\u00edculos. Con reinicio de aceite, reinicio de EPB, reinicio de TPMS, reinicio de BMS, purga de frenos, IMMO, codificaci\u00f3n In ~ jector, reinicio de SAS, techo solar, ajuste de acelerador, techo WIN DR, reinicio de asiento, postratamiento, cambio de idioma, etc.<\/span><\/li>\n<li class=\"detail-desc-decorate-content\"><strong id=\"tl_8\">Personalizaci\u00f3n<\/strong><span id=\"tl_9\">: Personalice la configuraci\u00f3n del veh\u00edculo y active funciones de gama alta para mejorar la seguridad del veh\u00edculo o la experiencia de conducci\u00f3n. Como desactivar el arranque-parada autom\u00e1tico, activar el bloqueo\/desbloqueo de la puerta autom\u00e1tica, desactivar las campanillas del veh\u00edculo, etc.<\/span><\/li>\n<li class=\"detail-desc-decorate-content\"><strong id=\"tl_10\">Funciones guiadas VAG<\/strong><span id=\"tl_11\">: Proporcione instrucciones de operaci\u00f3n en pantalla para codificaci\u00f3n ECU compleja, coincidencia de componentes y calibraci\u00f3n.<\/span><\/li>\n<li class=\"detail-desc-decorate-content\"><strong id=\"tl_12\">Todos los diagn\u00f3sticos del sistema<\/strong><span id=\"tl_13\">: Realice una comprobaci\u00f3n completa del sistema del veh\u00edculo, lea c\u00f3digos de falla, limpie los DTC, vea datos en vivo, lea la informaci\u00f3n de la ECU, congele el marco y apague la molesta luz de &#8220;Comprobar el motor&#8221;, etc.<\/span><\/li>\n<li class=\"detail-desc-decorate-content\"><strong id=\"tl_14\">Control bidireccional<\/strong><span id=\"tl_15\">: Para la ubicaci\u00f3n r\u00e1pida de problemas, puede aplicar ampliamente el esc\u00e1ner OTOFIX para autom\u00f3viles a puertas, ventanas, techo solar, limpiaparabrisas, faros, ventiladores de radiador, etc.<\/span><\/li>\n<li class=\"detail-desc-decorate-content\"><strong id=\"tl_16\">Nuevo protocolo CANFD\/DoIP<\/strong><span id=\"tl_17\">: V1 VCI cumple con CANFD (para modelos GM) y DoIP (para BMW\/Land Rover\/Benz\/Volvo\/GM\/VW\/Au-di) que identifica autom\u00e1ticamente la informaci\u00f3n del veh\u00edculo y acelera la transmisi\u00f3n de datos. OTOFIX D1 PRO le ofrece una gama m\u00e1s amplia de soporte de modelos.<\/span><\/li>\n<li class=\"detail-desc-decorate-content\"><strong id=\"tl_18\">Escaneo autom\u00e1tico 2,0<\/strong><span id=\"tl_19\">: Identifique autom\u00e1ticamente el veh\u00edculo y escanee todos los sistemas para obtener diagn\u00f3sticos precisos en segundos una vez que conecte el VCI con el veh\u00edculo, sin introducir manualmente el VIN, mejorando la eficiencia 3 veces m\u00e1s r\u00e1pida. Compatible con VW, au-di, Skoda, Seat, Mercedes-Benz, GM, Chevrolet, Chrysler, Dodge, Jeep, Honda, Acura, Hyundai, Kia, Ni-ssan, Infiniti, toyota, Lexus, Scion, Ford, Renault, Dacia, Samsung, Peugeot, Citroen, DS, BMW, Mini, etc.<\/span><\/li>\n<li class=\"detail-desc-decorate-content\"><strong id=\"tl_20\">Gesti\u00f3n de informes en la nube<\/strong><span id=\"tl_21\">: Todos los informes de diagn\u00f3stico se pueden administrar bien a trav\u00e9s de un servidor en la nube y no ocupan espacio de memoria adicional. Se puede compartir por correo, mensaje y c\u00f3digo QR con los clientes.<\/span><\/li>\n<\/ul>\n<\/div>\n<div align=\"start\"><\/div>\n<div align=\"start\">\n<p align=\"left\"><img decoding=\"async\" class=\"detail-desc-decorate-image\" src=\"https:\/\/ae01.alicdn.com\/kf\/Sfa883c9f75bf42869c24b04220adbce5g.jpg?width=970&amp;height=600&amp;hash=1570\" \/><\/p>\n<\/div>\n<div align=\"start\">\n<p class=\"detail-desc-decorate-title\"><span id=\"tl_30\">La configuraci\u00f3n de hardware excepcional sirve para una velocidad de mantenimiento m\u00e1s r\u00e1pida<\/span><\/p>\n<p class=\"detail-desc-decorate-content\"><span id=\"tl_31\">Dise\u00f1o de apariencia personalizada: el peso ligero y el tama\u00f1o port\u00e1til est\u00e1n moldeados para adaptarse c\u00f3modamente al movimiento flexible de entrada\/salida del autom\u00f3vil.<\/span><\/p>\n<p>Procesador Core y sistema operativo Android 10,0: procesa m\u00faltiples tareas de forma r\u00e1pida y fluida.<\/p>\n<p>Pantalla HD de 10,1 pulgadas: la gran pantalla t\u00e1ctil con resoluci\u00f3n de 1920*1200 ofrece una vista m\u00e1s clara y una experiencia de funcionamiento fluida.<\/p>\n<p>Bater\u00eda de 15000mAh: una carga completa funciona c\u00f3modamente durante un per\u00edodo de uso prolongado de m\u00e1s de 15 horas.<\/p>\n<p>Memoria m\u00e1s grande de 4GB + 128GB: la capacidad de memoria extendida (de 64GB a 128GB) le permite guardar todos los informes y recursos de diagn\u00f3stico sin preocuparse por el almacenamiento limitado.<\/p>\n<p>Conexi\u00f3n BT y WiFi: establezca una comunicaci\u00f3n m\u00e1s estable con los veh\u00edculos para realizar diagn\u00f3sticos.<\/p>\n<p>V1 VCI: Con el nuevo Auto Scan 2,0 que ejecuta la identificaci\u00f3n autom\u00e1tica del veh\u00edculo y diagn\u00f3sticos del sistema 3 veces m\u00e1s r\u00e1pidos. Enchufe para comunicarse con los veh\u00edculos, no m\u00e1s necesidad de adaptadores adicionales. Compatible con BMW, Mercedes-Benz, VW, GM, Ford, Chrysler, Ni-ssan, Hyundai, KIA, Renault, PSA, etc.<\/p>\n<p>CANFD &amp; DOIP: Compatible con los protocolos DoIP y CAN FD, OTOFIX<br \/>\nLa herramienta de escaneo de diagn\u00f3stico D1 PRO puede ejecutar una transferencia de datos y diagn\u00f3sticos de velocidad m\u00e1s r\u00e1pida, que puede servir a m\u00e1s modelos como BMW, Land Rover, Mercedes-Benz, Volvo, VW, etc.<\/p>\n<\/div>\n<div align=\"start\"><img decoding=\"async\" class=\"detail-desc-decorate-image\" src=\"https:\/\/ae01.alicdn.com\/kf\/S022c595a518541ae8bf3db9d4fb9cb84h.jpg?width=960&amp;height=600&amp;hash=1560\" \/><\/div>\n<div align=\"start\">\n<p class=\"detail-desc-decorate-title\"><span id=\"tl_32\">Codificaci\u00f3n ECU avanzada: personalice la configuraci\u00f3n del veh\u00edculo<\/span><\/p>\n<p class=\"detail-desc-decorate-content\"><span id=\"tl_33\">Como la nueva actualizaci\u00f3n 2023 de MaxiSys MS906BT \/ MaxiCOM MK906BT, la herramienta de cerrajer\u00eda Autel MaxiCOM MK906 Pro admite codificaci\u00f3n ECU avanzada para ayudar a los mec\u00e1nicos\/t\u00e9cnicos a personalizar los coches m\u00e1s r\u00e1pido y m\u00e1s seguro que las herramientas a presi\u00f3n, mejorar en gran medida la eficiencia del trabajo y satisfacer las necesidades de los clientes.<\/span><\/p>\n<\/div>\n<div align=\"start\">\n<p class=\"detail-desc-decorate-title\"><span id=\"tl_34\">Codificaci\u00f3n online<\/span><\/p>\n<p class=\"detail-desc-decorate-content\"><span id=\"tl_35\">Le permite acceder a los datos en l\u00ednea del servidor OEM para hacer reparaciones de alto nivel, como la codificaci\u00f3n en l\u00ednea para BMW, VW, Porsche, Infiniti, Nissan, para Nissan GTR, Hyundai, etc.;<\/span><\/p>\n<\/div>\n<div align=\"start\">\n<p class=\"detail-desc-decorate-title\"><span id=\"tl_36\">Codificaci\u00f3n\/adaptaci\u00f3n sin conexi\u00f3n<\/span><\/p>\n<p class=\"detail-desc-decorate-content\"><span id=\"tl_37\">Lea el c\u00f3digo del m\u00f3dulo original y luego Escriba el c\u00f3digo en el nuevo m\u00f3dulo, como la adaptaci\u00f3n sin conexi\u00f3n para Ford, Mazda, etc. Codificaci\u00f3n fuera de l\u00ednea para Jaguar, para Vauxhall, para Opel, etc.<\/span><\/p>\n<\/div>\n<div align=\"start\">\n<p class=\"detail-desc-decorate-title\"><span id=\"tl_38\">Reemplazo ECU<\/span><\/p>\n<p class=\"detail-desc-decorate-content\"><span id=\"tl_39\">Emparejar\/aprender\/inicializar datos adaptativos para ciertos componentes despu\u00e9s de reemplazos de m\u00f3dulos.<\/span><\/p>\n<\/div>\n<div align=\"start\"><\/div>\n<div align=\"start\"><img decoding=\"async\" class=\"detail-desc-decorate-image\" src=\"https:\/\/ae01.alicdn.com\/kf\/Sb9f5c4f85b8c44269838ce9bcde6b17dd.jpg?width=960&amp;height=600&amp;hash=1560\" \/><\/div>\n<div align=\"start\"><img decoding=\"async\" class=\"detail-desc-decorate-image\" src=\"https:\/\/ae01.alicdn.com\/kf\/S1f5545d63e3e4dec8c71918fda03fea0P.jpg?width=960&amp;height=600&amp;hash=1560\" \/><\/div>\n<div align=\"start\">\n<p class=\"detail-desc-decorate-title\"><span id=\"tl_53\">Todos los diagn\u00f3sticos del sistema<\/span><\/p>\n<p class=\"detail-desc-decorate-content\"><span id=\"tl_54\">OTOFIX D1 PRO, una nueva generaci\u00f3n de esc\u00e1ner de diagn\u00f3stico de sistema completo, proporciona c\u00f3digos de lectura, visualizaci\u00f3n de datos en vivo, comprobaci\u00f3n de la informaci\u00f3n de la versi\u00f3n de la ECU, eliminaci\u00f3n de c\u00f3digos defectuosos, etc., que no pueden comprobar el motor, transmisi\u00f3n, ABS, SRS, acelerador, TPMS, bater\u00eda, sistema IMMO, Pero tambi\u00e9n detecta todas las partes de la ECU del veh\u00edculo. Otras herramientas de diagn\u00f3stico solo funcionan en el veh\u00edculo de marca espec\u00edfico. OTOFIX D1 PRO puede servir para VW, Au-di, Skoda, Renault, Hyundai, Volvo, Ford, Benz, etc.<\/span><\/p>\n<\/div>\n<div align=\"start\"><\/div>\n<div align=\"start\"><\/div>\n<div align=\"start\"><img decoding=\"async\" class=\"detail-desc-decorate-image\" src=\"https:\/\/ae01.alicdn.com\/kf\/S8b6ca12f7c24406cbb1d1e89e9f090b23.jpg?width=960&amp;height=500&amp;hash=1460\" \/>\u00a0\u00a0\u00a0<img decoding=\"async\" class=\"detail-desc-decorate-image\" src=\"https:\/\/ae01.alicdn.com\/kf\/S48a9e6fa57e249cdbcf59ce90d8c57299.jpg?width=960&amp;height=861&amp;hash=1821\" \/><\/div>\n<\/div>\n<\/div>\n<\/div>\n<div class=\"description--seoDesc--HH6oTD3\" data-pl=\"seo-description\">\n<pre><\/pre>\n<\/div>\n<\/div>\n<\/div>\n<\/div>\n<\/div>\n<p data-start=\"525\" data-end=\"571\" data-is-last-node=\"\" data-is-only-node=\"\">\n","protected":false},"excerpt":{"rendered":"<ul>\n<li>Compatible con veh\u00edculos de 12 y 24V<\/li>\n<li>2 a\u00f1os de actualizaciones gratis<\/li>\n<li>Compatible con protocolos CAN FD &#8211; DOiP<\/li>\n<li>+de 40 funciones especiales<\/li>\n<li>Pantalla t\u00e1ctil de 10 pulgadas<\/li>\n<\/ul>\n","protected":false},"featured_media":30923,"comment_status":"open","ping_status":"closed","template":"","meta":[],"product_brand":[],"product_cat":[86,22],"product_tag":[82,478,83,84,448,457],"class_list":{"0":"post-30922","1":"product","2":"type-product","3":"status-publish","4":"has-post-thumbnail","6":"product_cat-escaner-automotriz","7":"product_cat-herramientas-de-diagnostico","8":"product_tag-autel","9":"product_tag-d1pro","10":"product_tag-diagnostico","11":"product_tag-escaner","12":"product_tag-escaner-automotriz","13":"product_tag-otofix","15":"first","16":"instock","17":"taxable","18":"shipping-taxable","19":"purchasable","20":"product-type-simple"},"_links":{"self":[{"href":"https:\/\/8000rpmtools.com\/index.php?rest_route=\/wp\/v2\/product\/30922","targetHints":{"allow":["GET"]}}],"collection":[{"href":"https:\/\/8000rpmtools.com\/index.php?rest_route=\/wp\/v2\/product"}],"about":[{"href":"https:\/\/8000rpmtools.com\/index.php?rest_route=\/wp\/v2\/types\/product"}],"replies":[{"embeddable":true,"href":"https:\/\/8000rpmtools.com\/index.php?rest_route=%2Fwp%2Fv2%2Fcomments&post=30922"}],"wp:featuredmedia":[{"embeddable":true,"href":"https:\/\/8000rpmtools.com\/index.php?rest_route=\/wp\/v2\/media\/30923"}],"wp:attachment":[{"href":"https:\/\/8000rpmtools.com\/index.php?rest_route=%2Fwp%2Fv2%2Fmedia&parent=30922"}],"wp:term":[{"taxonomy":"product_brand","embeddable":true,"href":"https:\/\/8000rpmtools.com\/index.php?rest_route=%2Fwp%2Fv2%2Fproduct_brand&post=30922"},{"taxonomy":"product_cat","embeddable":true,"href":"https:\/\/8000rpmtools.com\/index.php?rest_route=%2Fwp%2Fv2%2Fproduct_cat&post=30922"},{"taxonomy":"product_tag","embeddable":true,"href":"https:\/\/8000rpmtools.com\/index.php?rest_route=%2Fwp%2Fv2%2Fproduct_tag&post=30922"}],"curies":[{"name":"wp","href":"https:\/\/api.w.org\/{rel}","templated":true}]}}