{"id":30668,"date":"2024-04-29T23:45:59","date_gmt":"2024-04-30T04:45:59","guid":{"rendered":"https:\/\/8000rpmtools.com\/?post_type=product&#038;p=30668"},"modified":"2025-03-17T17:30:16","modified_gmt":"2025-03-17T22:30:16","slug":"otofix-d1-pro-2024","status":"publish","type":"product","link":"https:\/\/8000rpmtools.com\/?product=otofix-d1-pro-2024","title":{"rendered":"ESCANER AUTOMOTRIZ OTOFIX D1 PRO-S"},"content":{"rendered":"<div class=\"celwidget aplus-module premium-module-12-nav-carousel aplus-premium\" data-csa-c-id=\"3yzx61-p9hfq6-6xf97q-b1dhhk\" data-cel-widget=\"aplus-premium-module-12-nav-carousel\">\n<div class=\"a-section a-spacing-none premium-aplus premium-aplus-module-12 premium-aplus-module-12--top-nav\">\n<div class=\"a-section a-spacing-none aplus-carousel-container\" data-module-id=\"0\">\n<div id=\"premium-aplus-12-carousel-0-id\" class=\"a-begin a-carousel-container a-carousel-display-single a-carousel-transition-slideCircular aplus-image-carousel-container a-carousel-initialized\" role=\"group\" data-a-carousel-options=\"{&quot;peek_percentage&quot;:0,&quot;minimum_gutter_width&quot;:0,&quot;show_partial_next&quot;:false,&quot;name&quot;:&quot;premium-aplus-12-carousel-0&quot;}\" aria-label=\"Carrusel de contenido destacado\" aria-roledescription=\"carousel\" data-a-display-strategy=\"single\" data-a-transition-strategy=\"slideCircular\">\n<div class=\"a-row a-carousel-controls a-carousel-row a-carousel-has-buttons a-carousel-overlay-buttons a-carousel-rounded-buttons\">\n<div class=\"a-carousel-row-inner\">\n<div class=\"a-carousel-col a-carousel-center\">\n<div class=\"a-section a-spacing-none aplus-card-image\">\n<p data-start=\"0\" data-end=\"244\">El <strong data-start=\"3\" data-end=\"21\">OTOFIX D1 ProS<\/strong> est\u00e1 dise\u00f1ado para llevar tu experiencia de diagn\u00f3stico a un nivel completamente nuevo, admitiendo diagn\u00f3stico inteligente para todos los sistemas disponibles del veh\u00edculo y ofreciendo m\u00faltiples funciones de servicio.<\/p>\n<p data-start=\"246\" data-end=\"418\">Como un avanzado analizador de diagn\u00f3stico automotriz inteligente, el <strong data-start=\"316\" data-end=\"327\">D1 ProS<\/strong> proporciona un diagn\u00f3stico de nivel OE excepcional y an\u00e1lisis de c\u00f3digos de falla (DTC).<\/p>\n<p data-start=\"420\" data-end=\"550\" data-is-last-node=\"\" data-is-only-node=\"\">Combinado con el servicio en la nube de <strong data-start=\"460\" data-end=\"470\">OTOFIX<\/strong>, te brinda <strong data-start=\"482\" data-end=\"507\">soluciones integrales<\/strong>, desde el diagn\u00f3stico hasta la reparaci\u00f3n.<\/p>\n<\/div>\n<div id=\"anonCarousel4\" class=\"a-carousel-viewport\" role=\"group\" aria-roledescription=\"slide\">\n<div class=\"a-section a-spacing-none aplus-card-image\"><img decoding=\"async\" src=\"https:\/\/m.media-amazon.com\/images\/S\/aplus-media-library-service-media\/84852dc2-2785-4268-a397-54d9de325555.__CR0,0,1464,600_PT0_SX1464_V1___.jpg\" alt=\"OTOFIX D1 PROS DIAGNOSTIC SCAN TOOL\" \/><img decoding=\"async\" src=\"https:\/\/m.media-amazon.com\/images\/S\/aplus-media-library-service-media\/d1b5f78a-a8de-4727-a76d-3f932c9293d7.__CR0,0,1464,600_PT0_SX1464_V1___.jpg\" alt=\"Bi-directional Scan Tool\" \/><\/div>\n<div class=\"a-section a-spacing-none aplus-card-image\"><\/div>\n<\/div>\n<\/div>\n<\/div>\n<\/div>\n<\/div>\n<\/div>\n<\/div>\n<\/div>\n<div class=\"celwidget aplus-module premium-module-12-nav-carousel aplus-premium\" data-csa-c-id=\"yptt2z-j5iu69-am45ol-z6z70c\" data-cel-widget=\"aplus-premium-module-12-nav-carousel\">\n<div class=\"a-section a-spacing-none premium-aplus premium-aplus-module-12 premium-aplus-module-12--top-nav\">\n<div class=\"a-section a-spacing-none aplus-carousel-container\" data-module-id=\"1\">\n<div id=\"premium-aplus-12-carousel-1-id\" class=\"a-begin a-carousel-container a-carousel-display-single a-carousel-transition-slideCircular aplus-image-carousel-container a-carousel-initialized\" role=\"group\" data-a-carousel-options=\"{&quot;peek_percentage&quot;:0,&quot;minimum_gutter_width&quot;:0,&quot;show_partial_next&quot;:false,&quot;name&quot;:&quot;premium-aplus-12-carousel-1&quot;}\" aria-label=\"Carrusel de contenido destacado\" aria-roledescription=\"carousel\" data-a-display-strategy=\"single\" data-a-transition-strategy=\"slideCircular\">\n<div class=\"a-row a-carousel-controls a-carousel-row a-carousel-has-buttons a-carousel-overlay-buttons a-carousel-rounded-buttons\">\n<div class=\"a-carousel-row-inner\">\n<div class=\"a-carousel-col a-carousel-center\">\n<div id=\"anonCarousel5\" class=\"a-carousel-viewport\" role=\"group\" aria-roledescription=\"slide\">\n<div class=\"a-section a-spacing-none aplus-card-image\">\u00a0<img decoding=\"async\" src=\"https:\/\/m.media-amazon.com\/images\/S\/aplus-media-library-service-media\/90f24aca-d896-4d0e-ac77-9e4b412c486d.__CR0,0,1464,600_PT0_SX1464_V1___.jpg\" alt=\"D1 PROS ALL SYSTEM DIAGNOSTIC scanner\" \/><\/div>\n<div class=\"a-section a-spacing-none aplus-card-image\"><img decoding=\"async\" src=\"https:\/\/m.media-amazon.com\/images\/S\/aplus-media-library-service-media\/4c65e729-1768-4f23-9097-53528eb74b02.__CR0,0,1464,600_PT0_SX1464_V1___.jpg\" alt=\"otofix scanner otofix d1 pros\" \/><\/div>\n<div class=\"a-section a-spacing-none aplus-card-image\"><\/div>\n<div class=\"a-section a-spacing-none aplus-card-details-wrapper aplus-container-2\">\n<div class=\"a-section a-spacing-none aplus-card-detail\">\n<div class=\"a-section a-spacing-none aplus-table-cell\">\n<div class=\"a-section a-spacing-none aplus-text-background aplus-text-background-color\">\n<div class=\"a-section a-spacing-none card-description\">\n<p class=\"description aplus-p1\"><img decoding=\"async\" src=\"https:\/\/m.media-amazon.com\/images\/S\/aplus-media-library-service-media\/6fd65e95-a02b-4bd9-8fb1-73cea0bba321.__CR0,0,1464,600_PT0_SX1464_V1___.jpg\" alt=\"OTOFIX d1 pros otofix scanner\" \/><\/p>\n<\/div>\n<\/div>\n<\/div>\n<\/div>\n<\/div>\n<\/div>\n<\/div>\n<\/div>\n<\/div>\n<\/div>\n<\/div>\n<\/div>\n<\/div>\n<div class=\"celwidget aplus-module premium-module-12-regimen-carousel aplus-premium\" data-csa-c-id=\"x7910e-ew2r2g-gha1vw-udwim0\" data-cel-widget=\"aplus-premium-module-12-regimen-carousel\">\n<div class=\"a-section a-spacing-none premium-aplus premium-aplus-module-12\">\n<div class=\"a-section a-spacing-none aplus-carousel-container\" data-module-id=\"2\">\n<div id=\"premium-aplus-12-carousel-2-id\" class=\"a-begin a-carousel-container a-carousel-display-single a-carousel-transition-slideCircular aplus-image-carousel-container a-carousel-initialized\" role=\"group\" data-a-carousel-options=\"{&quot;peek_percentage&quot;:0,&quot;minimum_gutter_width&quot;:0,&quot;show_partial_next&quot;:false,&quot;name&quot;:&quot;premium-aplus-12-carousel-2&quot;}\" aria-label=\"Carrusel de contenido destacado\" aria-roledescription=\"carousel\" data-a-display-strategy=\"single\" data-a-transition-strategy=\"slideCircular\">\n<div class=\"a-row a-carousel-controls a-carousel-row a-carousel-has-buttons a-carousel-overlay-buttons a-carousel-rounded-buttons\">\n<div class=\"a-carousel-row-inner\">\n<div class=\"a-carousel-col a-carousel-center\">\n<div id=\"anonCarousel6\" class=\"a-carousel-viewport\" role=\"group\" aria-roledescription=\"slide\">\n<div class=\"a-section a-spacing-none aplus-card-image\"><\/div>\n<div class=\"a-section a-spacing-none aplus-card-image\"><img decoding=\"async\" src=\"https:\/\/m.media-amazon.com\/images\/S\/aplus-media-library-service-media\/01dea4e1-3523-4eb0-a4d2-457c6f2fafd6.__CR0,0,1464,600_PT0_SX1464_V1___.jpg\" alt=\"D1 PROS ALL SYSTEM DIAGNOSTIC scanner\" \/><\/div>\n<p><img decoding=\"async\" src=\"https:\/\/m.media-amazon.com\/images\/S\/aplus-media-library-service-media\/862ac067-320a-495b-b667-8af9ea2fcf53.__CR0,0,1464,600_PT0_SX1464_V1___.jpg\" alt=\"D1 PROS ALL SYSTEM DIAGNOSTIC scanner\" \/><\/p>\n<\/div>\n<\/div>\n<\/div>\n<\/div>\n<\/div>\n<\/div>\n<\/div>\n<\/div>\n<div class=\"celwidget aplus-module premium-module-12-regimen-carousel aplus-premium\" data-csa-c-id=\"omktuj-5yf7lu-yqjfz4-fbrvem\" data-cel-widget=\"aplus-premium-module-12-regimen-carousel\">\n<div class=\"a-section a-spacing-none premium-aplus premium-aplus-module-12\">\n<div class=\"a-section a-spacing-none aplus-carousel-container\" data-module-id=\"3\">\n<div id=\"premium-aplus-12-carousel-3-id\" class=\"a-begin a-carousel-container a-carousel-display-single a-carousel-transition-slideCircular aplus-image-carousel-container a-carousel-initialized\" role=\"group\" data-a-carousel-options=\"{&quot;peek_percentage&quot;:0,&quot;minimum_gutter_width&quot;:0,&quot;show_partial_next&quot;:false,&quot;name&quot;:&quot;premium-aplus-12-carousel-3&quot;}\" aria-label=\"Carrusel de contenido destacado\" aria-roledescription=\"carousel\" data-a-display-strategy=\"single\" data-a-transition-strategy=\"slideCircular\">\n<div class=\"a-row a-carousel-controls a-carousel-row a-carousel-has-buttons a-carousel-overlay-buttons a-carousel-rounded-buttons\">\n<div class=\"a-carousel-row-inner\">\n<div class=\"a-carousel-col a-carousel-center\">\n<div id=\"anonCarousel7\" class=\"a-carousel-viewport\" role=\"group\" aria-roledescription=\"slide\">\n<div class=\"a-section a-spacing-none aplus-card-image\"><img decoding=\"async\" src=\"https:\/\/m.media-amazon.com\/images\/S\/aplus-media-library-service-media\/58d61710-f40d-4512-90be-415908a76430.__CR0,0,1464,600_PT0_SX1464_V1___.jpg\" alt=\"D1 PROS ALL SYSTEM DIAGNOSTIC scanner\" \/><\/div>\n<\/div>\n<\/div>\n<\/div>\n<\/div>\n<\/div>\n<\/div>\n<\/div>\n<\/div>\n<div class=\"celwidget aplus-module premium-module-12-regimen-carousel aplus-premium\" data-csa-c-id=\"864wuq-5npqx1-ph8kv9-xjfgcy\" data-cel-widget=\"aplus-premium-module-12-regimen-carousel\">\n<div class=\"a-section a-spacing-none premium-aplus premium-aplus-module-12\">\n<div class=\"a-section a-spacing-none aplus-carousel-container\" data-module-id=\"4\">\n<div id=\"premium-aplus-12-carousel-4-id\" class=\"a-begin a-carousel-container a-carousel-display-single a-carousel-transition-slideCircular aplus-image-carousel-container a-carousel-initialized\" role=\"group\" data-a-carousel-options=\"{&quot;peek_percentage&quot;:0,&quot;minimum_gutter_width&quot;:0,&quot;show_partial_next&quot;:false,&quot;name&quot;:&quot;premium-aplus-12-carousel-4&quot;}\" aria-label=\"Carrusel de contenido destacado\" aria-roledescription=\"carousel\" data-a-display-strategy=\"single\" data-a-transition-strategy=\"slideCircular\">\n<div class=\"a-row a-carousel-controls a-carousel-row a-carousel-has-buttons a-carousel-overlay-buttons a-carousel-rounded-buttons\">\n<div class=\"a-carousel-row-inner\">\n<div class=\"a-carousel-col a-carousel-center\">\n<div id=\"anonCarousel8\" class=\"a-carousel-viewport\" role=\"group\" aria-roledescription=\"slide\">\n<div class=\"a-section a-spacing-none aplus-card-image\"><img decoding=\"async\" src=\"https:\/\/m.media-amazon.com\/images\/S\/aplus-media-library-service-media\/9e059edd-a3fc-4eff-8c00-b1eaac07fb24.__CR0,0,1464,600_PT0_SX1464_V1___.jpg\" alt=\"D1 PROS ALL SYSTEM DIAGNOSTIC scanner\" \/><\/div>\n<div class=\"a-section a-spacing-none aplus-card-image\"><img decoding=\"async\" src=\"https:\/\/m.media-amazon.com\/images\/S\/aplus-media-library-service-media\/775acb56-1371-4669-98b8-505f1034b8f4.__CR0,0,1464,600_PT0_SX1464_V1___.jpg\" alt=\"OTOFIX D1 PROS ECU Coding Diagnostic Scanner\" \/><\/div>\n<div class=\"a-section a-spacing-none aplus-card-image\"><\/div>\n<\/div>\n<\/div>\n<\/div>\n<\/div>\n<\/div>\n<\/div>\n<\/div>\n<\/div>\n<div class=\"celwidget aplus-module premium-module-3-four-column-images aplus-premium\" data-csa-c-id=\"ktoh0x-g7xkpe-3jn2fa-16pmsc\" data-cel-widget=\"aplus-premium-module-3-four-column-images\">\n<div class=\"a-section a-spacing-none premium-aplus premium-aplus-module-3 aplus-container-1\">\n<div class=\"a-section a-spacing-none premium-aplus-four-column\">\n<div class=\"a-section a-spacing-none premium-aplus-column\">\n<div class=\"a-section a-spacing-none column-description\"><\/div>\n<\/div>\n<div class=\"a-section a-spacing-none premium-aplus-column\">\n<div class=\"a-section a-spacing-none {'column-image'}\"><img decoding=\"async\" class=\"\" src=\"https:\/\/m.media-amazon.com\/images\/S\/aplus-media-library-service-media\/6ab06061-85cc-4b9c-bdb7-b3d3c8304c03.__CR0,0,300,225_PT0_SX300_V1___.jpg\" alt=\"D1 PROS ALL SYSTEM DIAGNOSTIC scanner\" data-src=\"https:\/\/m.media-amazon.com\/images\/S\/aplus-media-library-service-media\/6ab06061-85cc-4b9c-bdb7-b3d3c8304c03.__CR0,0,300,225_PT0_SX300_V1___.jpg\" \/><\/div>\n<div class=\"a-section a-spacing-none column-heading\">\n<h1 class=\"aplus-h3 a-text-bold\"><\/h1>\n<\/div>\n<div class=\"a-section a-spacing-none column-description\"><\/div>\n<\/div>\n<div class=\"a-section a-spacing-none premium-aplus-column\">\n<div class=\"a-section a-spacing-none {'column-image'}\"><\/div>\n<div class=\"a-section a-spacing-none column-heading\">\n<h1 class=\"aplus-h3 a-text-bold\"><\/h1>\n<\/div>\n<\/div>\n<\/div>\n<\/div>\n<\/div>\n","protected":false},"excerpt":{"rendered":"<ul>\n<li>Este esc\u00e1ner de diagn\u00f3stico incluye todas las funciones pr\u00e1cticas: diagn\u00f3stico de todos los sistemas, control bidireccional, m\u00e1s de 40 funciones de reinicio que fijan el 99% de los problemas comunes, soporta protocolos DoIP y CANDF, FCA AutoAuth y configuraci\u00f3n de hardware de alta gama.<\/li>\n<li>Garant\u00eda directa<\/li>\n<li>Amplia cobertura vehicular<\/li>\n<li>Diagn\u00f3stico completo para el veh\u00edculo<\/li>\n<\/ul>\n","protected":false},"featured_media":30914,"comment_status":"open","ping_status":"closed","template":"","meta":[],"product_brand":[],"product_cat":[86,22],"product_tag":[82,122,84,448,231,457],"class_list":{"0":"post-30668","1":"product","2":"type-product","3":"status-publish","4":"has-post-thumbnail","6":"product_cat-escaner-automotriz","7":"product_cat-herramientas-de-diagnostico","8":"product_tag-autel","9":"product_tag-automotriz","10":"product_tag-escaner","11":"product_tag-escaner-automotriz","12":"product_tag-obd2","13":"product_tag-otofix","15":"first","16":"instock","17":"sale","18":"taxable","19":"shipping-taxable","20":"purchasable","21":"product-type-simple"},"_links":{"self":[{"href":"https:\/\/8000rpmtools.com\/index.php?rest_route=\/wp\/v2\/product\/30668","targetHints":{"allow":["GET"]}}],"collection":[{"href":"https:\/\/8000rpmtools.com\/index.php?rest_route=\/wp\/v2\/product"}],"about":[{"href":"https:\/\/8000rpmtools.com\/index.php?rest_route=\/wp\/v2\/types\/product"}],"replies":[{"embeddable":true,"href":"https:\/\/8000rpmtools.com\/index.php?rest_route=%2Fwp%2Fv2%2Fcomments&post=30668"}],"wp:featuredmedia":[{"embeddable":true,"href":"https:\/\/8000rpmtools.com\/index.php?rest_route=\/wp\/v2\/media\/30914"}],"wp:attachment":[{"href":"https:\/\/8000rpmtools.com\/index.php?rest_route=%2Fwp%2Fv2%2Fmedia&parent=30668"}],"wp:term":[{"taxonomy":"product_brand","embeddable":true,"href":"https:\/\/8000rpmtools.com\/index.php?rest_route=%2Fwp%2Fv2%2Fproduct_brand&post=30668"},{"taxonomy":"product_cat","embeddable":true,"href":"https:\/\/8000rpmtools.com\/index.php?rest_route=%2Fwp%2Fv2%2Fproduct_cat&post=30668"},{"taxonomy":"product_tag","embeddable":true,"href":"https:\/\/8000rpmtools.com\/index.php?rest_route=%2Fwp%2Fv2%2Fproduct_tag&post=30668"}],"curies":[{"name":"wp","href":"https:\/\/api.w.org\/{rel}","templated":true}]}}