{"id":366,"date":"2019-09-23T03:25:26","date_gmt":"2019-09-23T03:25:26","guid":{"rendered":"http:\/\/8000rpmtools.com\/?page_id=366"},"modified":"2019-09-23T03:29:46","modified_gmt":"2019-09-23T03:29:46","slug":"nosotros-2","status":"publish","type":"page","link":"https:\/\/8000rpmtools.com\/?page_id=366","title":{"rendered":"Nosotros"},"content":{"rendered":"<p><section class=\"kc-elm kc-css-607838 kc_row\"><div class=\"kc-row-container  kc-container\"><div class=\"kc-wrap-columns\"><div class=\"kc-elm kc-css-788871 kc_col-sm-12 kc_column kc_col-sm-12\"><div class=\"kc-col-container\"><div class=\"kc-elm kc-css-342930\" style=\"height: 55px; clear: both; width:100%;\"><\/div><div class=\"kc-elm kc-css-518508\" style=\"height: 55px; clear: both; width:100%;\"><\/div><div class=\"kc-elm kc-css-483195 kc_text_block\"><\/p>\n<div style=\"text-align: center;\">8000 RPM TOOLS IMPORT<\/div>\n<p>\n<\/div><div class=\"kc-elm kc-css-532169 kc_text_block\"><\/p>\n<p style=\"text-align: center;\">Acerca de Nosotros<\/p>\n<p>\n<\/div><div class=\"kc-elm kc-css-713993 kc-animated kc-animate-eff-fadeInLeft kc_text_block\"><\/p>\n<p style=\"text-align: center;\">Somos 8000 RPM IMPORT TOOLS, es una empresa dedicada a la suministraci\u00f3n de herramientas automotrices, innovadoras confiables y de alta tecnolog\u00eda a tecnicentros, lavadoras, lubricadoras y talleres mec\u00e1nicos a nivel nacional, siempre fij\u00e1ndonos en proveer de las mejores herramientas de calidad internacional y\u00a0 garant\u00eda.<\/p>\n<p>\n<\/div><\/div><\/div><\/div><\/div><\/section><section data-kc-fullwidth=\"row\" class=\"kc-elm kc-css-502607 kc_row\"><div class=\"kc-row-container  kc-container\"><div class=\"kc-wrap-columns\"><div class=\"kc-elm kc-css-32290 kc_col-sm-6 kc_column kc_col-sm-6\"><div class=\"kc-col-container\"><div class=\"kc-elm kc-css-848259\" style=\"height: 55px; clear: both; width:100%;\"><\/div><div class=\"kc-elm kc-css-321236 kc-animated kc-animate-eff-fadeInDown kc_text_block\"><\/p>\n<p style=\"text-align: left;\"><strong><em>NUESTRA MISI\u00d3N<\/em><\/strong><\/p>\n<p><img loading=\"lazy\" decoding=\"async\" class=\"alignleft\" src=\"http:\/\/8000rpmtools.com\/wp-content\/uploads\/2019\/09\/line_red.png\" alt=\"\" width=\"100\" height=\"5\" \/><\/p>\n<p>\n<\/div><div class=\"kc-elm kc-css-106783 kc-animated kc-animate-eff-fadeInLeft kc_text_block\"><\/p>\n<p style=\"text-align: justify;\">La empresa 8000 RPM IMPORT TOOLS, satisfacer\u00e1 las necesidades mediante el suministro de herramientas automotrices, innovadoras, confiables y de alta tecnolog\u00eda a tecnicentros, lavadoras, lubricadoras y talleres mec\u00e1nicos a nivel nacional, porque siempre procuramos el \u00e9xito de nuestros clientes.<\/p>\n<p>\n<\/div><\/div><\/div><div class=\"kc-elm kc-css-207633 kc_col-sm-6 kc_column kc_col-sm-6\"><div class=\"kc-col-container\"><div class=\"kc-elm kc-css-109253\" style=\"height: 55px; clear: both; width:100%;\"><\/div>\n<div class=\"kc-elm kc-css-661792 kc-animated kc-animate-eff-fadeInRight kc-image-hover-effects kc-img-effects-5 zoom_in\">\n\n\t<a href=\"https:\/\/8000rpmtools.com\/wp-content\/uploads\/2019\/09\/bann_nos1.png\" rel=\"prettyPhoto\" class=\"kc-pretty-photo\"><img decoding=\"async\" src=\"https:\/\/8000rpmtools.com\/wp-content\/uploads\/2019\/09\/bann_nos1.png\" alt=\"\"\/><\/a><a href=\"https:\/\/8000rpmtools.com\/wp-content\/uploads\/2019\/09\/bann_nos1.png\" rel=\"prettyPhoto\" class=\"kc-pretty-photo\"><div class=\"overlay-effects\"><i class=fa-search-plus><\/i><\/div><\/a>\n<\/div><\/div><\/div><\/div><\/div><\/section><section data-kc-fullwidth=\"row\" class=\"kc-elm kc-css-783944 kc_row\"><div class=\"kc-row-container  kc-container\"><div class=\"kc-wrap-columns\"><div class=\"kc-elm kc-css-23289 kc_col-sm-6 kc_column kc_col-sm-6\"><div class=\"kc-col-container\">\n<div class=\"kc-elm kc-css-101808 kc-animated kc-animate-eff-fadeInLeft kc-image-hover-effects kc-img-effects-5 zoom_in\">\n\n\t<a href=\"https:\/\/8000rpmtools.com\/wp-content\/uploads\/2019\/09\/bann_nos1a.jpg\" rel=\"prettyPhoto\" class=\"kc-pretty-photo\"><img decoding=\"async\" src=\"https:\/\/8000rpmtools.com\/wp-content\/uploads\/2019\/09\/bann_nos1a.jpg\" alt=\"\"\/><\/a><a href=\"https:\/\/8000rpmtools.com\/wp-content\/uploads\/2019\/09\/bann_nos1a.jpg\" rel=\"prettyPhoto\" class=\"kc-pretty-photo\"><div class=\"overlay-effects\"><i class=fa-search-plus><\/i><\/div><\/a>\n<\/div><\/div><\/div><div class=\"kc-elm kc-css-739907 kc_col-sm-6 kc_column kc_col-sm-6\"><div class=\"kc-col-container\"><div class=\"kc-elm kc-css-586365 kc-animated kc-animate-eff-fadeInDown kc_text_block\"><\/p>\n<p style=\"text-align: right;\"><em>NUESTRA VISI\u00d3N<\/em><\/p>\n<p><img loading=\"lazy\" decoding=\"async\" class=\"alignright\" src=\"http:\/\/8000rpmtools.com\/wp-content\/uploads\/2019\/09\/line_red.png\" alt=\"\" width=\"101\" height=\"5\" \/><\/p>\n<p>\n<\/div><div class=\"kc-elm kc-css-922593 kc-animated kc-animate-eff-fadeInRight kc_text_block\"><\/p>\n<p style=\"text-align: justify;\">Somos Importadores que proporcionamos una amplia gama de equipamiento automotr\u00edz, satisfaciendo los deseos y necesidades del mercado nacional, manteni\u00e9ndonos en la c\u00faspide con la tecnolog\u00eda para lograr el m\u00e1ximo rendimiento profesional, en cada uno de los productos y marcas que tenemos a su disposici\u00f3n.<\/p>\n<p>\n<\/div><\/div><\/div><\/div><\/div><\/section><section class=\"kc-elm kc-css-966701 kc_row\"><div class=\"kc-row-container  kc-container\"><div class=\"kc-wrap-columns\"><div class=\"kc-elm kc-css-397229 kc_col-sm-12 kc_column kc_col-sm-12\"><div class=\"kc-col-container\"><div class=\"kc-elm kc-css-298620 kc_text_block\"><\/p>\n<div style=\"text-align: center;\"><em>LAS MEJORES MARCAS<\/em><\/div>\n<p>\n<\/div><div class=\"kc-elm kc-css-108918 kc_text_block\"><\/p>\n<p style=\"text-align: center;\">El mejor rendimiento<\/p>\n<p>\n<\/div><div class=\"kc-elm kc-css-593021\">\n\t<div class=\"kc-carousel_images kc-elm kc-css-593021\">\n\t\n\t\t<div class=\"kc-carousel-images owl-carousel-images kc-sync1 \" data-owl-i-options='{\"items\":\"5\",\"tablet\":\"2\",\"mobile\":\"1\",\"speed\":\"500\",\"navigation\":\"\",\"pagination\":\"yes\",\"autoheight\":\"\",\"progressbar\":\"\",\"delay\":\"3\",\"autoplay\":\"yes\",\"showthumb\":\"\",\"num_thumb\":\"5\"}'>\n\t\n\t\t\t\t\t<div class=\"item\">\n\t\n\t\t\t\t\t\t\t<img decoding=\"async\" src=\"https:\/\/8000rpmtools.com\/wp-content\/uploads\/2019\/09\/zeny.jpg\"  alt=\"\"\/>\n\t\n\t\t\t\t\n\t\t\t<\/div>\n\t\n\t\t\t\t\t<div class=\"item\">\n\t\n\t\t\t\t\t\t\t<img decoding=\"async\" src=\"https:\/\/8000rpmtools.com\/wp-content\/uploads\/2019\/09\/takata.jpg\"  alt=\"\"\/>\n\t\n\t\t\t\t\n\t\t\t<\/div>\n\t\n\t\t\t\t\t<div class=\"item\">\n\t\n\t\t\t\t\t\t\t<img decoding=\"async\" src=\"https:\/\/8000rpmtools.com\/wp-content\/uploads\/2019\/09\/stanley.jpg\"  alt=\"\"\/>\n\t\n\t\t\t\t\n\t\t\t<\/div>\n\t\n\t\t\t\t\t<div class=\"item\">\n\t\n\t\t\t\t\t\t\t<img decoding=\"async\" src=\"https:\/\/8000rpmtools.com\/wp-content\/uploads\/2019\/09\/otc.jpg\"  alt=\"\"\/>\n\t\n\t\t\t\t\n\t\t\t<\/div>\n\t\n\t\t\t\t\t<div class=\"item\">\n\t\n\t\t\t\t\t\t\t<img decoding=\"async\" src=\"https:\/\/8000rpmtools.com\/wp-content\/uploads\/2019\/09\/launch.jpg\"  alt=\"\"\/>\n\t\n\t\t\t\t\n\t\t\t<\/div>\n\t\n\t\t\t\t\t<div class=\"item\">\n\t\n\t\t\t\t\t\t\t<img decoding=\"async\" src=\"https:\/\/8000rpmtools.com\/wp-content\/uploads\/2019\/09\/kholer.jpg\"  alt=\"\"\/>\n\t\n\t\t\t\t\n\t\t\t<\/div>\n\t\n\t\t\t\t\t<div class=\"item\">\n\t\n\t\t\t\t\t\t\t<img decoding=\"async\" src=\"https:\/\/8000rpmtools.com\/wp-content\/uploads\/2019\/09\/honda.jpg\"  alt=\"\"\/>\n\t\n\t\t\t\t\n\t\t\t<\/div>\n\t\n\t\t\t\t\t<div class=\"item\">\n\t\n\t\t\t\t\t\t\t<img decoding=\"async\" src=\"https:\/\/8000rpmtools.com\/wp-content\/uploads\/2019\/09\/craftmann.jpg\"  alt=\"\"\/>\n\t\n\t\t\t\t\n\t\t\t<\/div>\n\t\n\t\t\t\t\t<div class=\"item\">\n\t\n\t\t\t\t\t\t\t<img decoding=\"async\" src=\"https:\/\/8000rpmtools.com\/wp-content\/uploads\/2019\/09\/capri.jpg\"  alt=\"\"\/>\n\t\n\t\t\t\t\n\t\t\t<\/div>\n\t\n\t\t\t\t\t<div class=\"item\">\n\t\n\t\t\t\t\t\t\t<img decoding=\"async\" src=\"https:\/\/8000rpmtools.com\/wp-content\/uploads\/2019\/09\/campbell-hausfeld.jpg\"  alt=\"\"\/>\n\t\n\t\t\t\t\n\t\t\t<\/div>\n\t\n\t\t\t\t\t<div class=\"item\">\n\t\n\t\t\t\t\t\t\t<img decoding=\"async\" src=\"https:\/\/8000rpmtools.com\/wp-content\/uploads\/2019\/09\/bahco.jpg\"  alt=\"\"\/>\n\t\n\t\t\t\t\n\t\t\t<\/div>\n\t\n\t\t\t\t\t<div class=\"item\">\n\t\n\t\t\t\t\t\t\t<img decoding=\"async\" src=\"https:\/\/8000rpmtools.com\/wp-content\/uploads\/2019\/09\/autool.jpg\"  alt=\"\"\/>\n\t\n\t\t\t\t\n\t\t\t<\/div>\n\t\n\t\t\t\t\t<div class=\"item\">\n\t\n\t\t\t\t\t\t\t<img decoding=\"async\" src=\"https:\/\/8000rpmtools.com\/wp-content\/uploads\/2019\/09\/autell.jpg\"  alt=\"\"\/>\n\t\n\t\t\t\t\n\t\t\t<\/div>\n\t\n\t\t\t\n\t\t<\/div>\n\t\n\t\t\t<\/div>\n<\/div>\n<\/div><\/div><\/div><\/div><\/section><section class=\"kc-elm kc-css-180594 kc_row\"><div class=\"kc-row-container  kc-container\"><div class=\"kc-wrap-columns\"><div class=\"kc-elm kc-css-880590 kc_col-sm-12 kc_column kc_col-sm-12\"><div class=\"kc-col-container\"><div class=\"kc-elm kc-css-361667\" style=\"height: 40px; clear: both; width:100%;\"><\/div><div class=\"kc-elm kc-css-382088 kc_text_block\"><\/p>\n<p>\nPOR QU\u00c9 <strong><span style=\"color: #ee3232;\">ELEGIRNOS?<\/span><\/strong><\/p>\n<p><img loading=\"lazy\" decoding=\"async\" class=\"alignnone \" src=\"http:\/\/8000rpmtools.com\/wp-content\/uploads\/2019\/09\/line_red.png\" alt=\"\" width=\"101\" height=\"5\"><\/p>\n<p>\n<\/div><\/div><\/div><\/div><\/div><\/section><section class=\"kc-elm kc-css-595502 kc_row\"><div class=\"kc-row-container  kc-container\"><div class=\"kc-wrap-columns\"><div class=\"kc-elm kc-css-776587 kc_col-sm-3 kc_column kc_col-sm-3\"><div class=\"kc-col-container\"><div class=\"kc-elm kc-css-484339 kc-animated kc-animate-eff-fadeInLeft kc-icon-wrapper\">\n\t\t<i class=\"fa-star\"><\/i>\n\t<\/div>\n<div class=\"kc-elm kc-css-104209 kc-animated kc-animate-eff-fadeInUp kc_text_block\"><\/p>\n<p style=\"text-align: center;\"><strong>Productos de calidad<\/strong><\/p>\n<p>\n<\/div><\/div><\/div><div class=\"kc-elm kc-css-224623 kc_col-sm-3 kc_column kc_col-sm-3\"><div class=\"kc-col-container\"><div class=\"kc-elm kc-css-269877 kc-animated kc-animate-eff-fadeInLeft kc-icon-wrapper\">\n\t\t<i class=\"fa-shipping-fast\"><\/i>\n\t<\/div>\n<div class=\"kc-elm kc-css-75619 kc-animated kc-animate-eff-fadeInUp kc_text_block\"><\/p>\n<p style=\"text-align: center;\"><strong>Env\u00edos a todo el pa\u00eds<\/strong><\/p>\n<p>\n<\/div><\/div><\/div><div class=\"kc-elm kc-css-828189 kc_col-sm-3 kc_column kc_col-sm-3\"><div class=\"kc-col-container\"><div class=\"kc-elm kc-css-254552 kc-animated kc-animate-eff-fadeInRight kc-icon-wrapper\">\n\t\t<i class=\"et-shield\"><\/i>\n\t<\/div>\n<div class=\"kc-elm kc-css-439344 kc-animated kc-animate-eff-fadeInUp kc_text_block\"><\/p>\n<p style=\"text-align: center;\"><strong>Garant\u00eda<br \/><\/strong><\/p>\n<p>\n<\/div><\/div><\/div><div class=\"kc-elm kc-css-514940 kc_col-sm-3 kc_column kc_col-sm-3\"><div class=\"kc-col-container\"><div class=\"kc-elm kc-css-375085 kc-animated kc-animate-eff-fadeInRight kc-icon-wrapper\">\n\t\t<i class=\"sl-earphones-alt\"><\/i>\n\t<\/div>\n<div class=\"kc-elm kc-css-67948 kc-animated kc-animate-eff-fadeInUp kc_text_block\"><\/p>\n<p style=\"text-align: center;\"><strong>Soporte T\u00e9cnico<br \/><\/strong><\/p>\n<p>\n<\/div><\/div><\/div><\/div><\/div><\/section><section class=\"kc-elm kc-css-582432 kc_row\"><div class=\"kc-row-container  kc-container\"><div class=\"kc-wrap-columns\"><div class=\"kc-elm kc-css-255696 kc_col-sm-12 kc_column kc_col-sm-12\"><div class=\"kc-col-container\"><div class=\"kc-elm kc-css-629767\" style=\"height: 40px; clear: both; width:100%;\"><\/div><div class=\"widget woocommerce dgwt-wcas-widget kc-elm kc-css-18761\"><h2 class=\"widgettitle\">Inicie aqu\u00ed, busque su producto <\/h2><div  class=\"dgwt-wcas-search-wrapp dgwt-wcas-has-submit woocommerce dgwt-wcas-style-pirx js-dgwt-wcas-layout-classic dgwt-wcas-layout-classic js-dgwt-wcas-mobile-overlay-enabled\">\n\t\t<form class=\"dgwt-wcas-search-form\" role=\"search\" action=\"https:\/\/8000rpmtools.com\/\" method=\"get\">\n\t\t<div class=\"dgwt-wcas-sf-wrapp\">\n\t\t\t\t\t\t<label class=\"screen-reader-text\"\n\t\t\t\tfor=\"dgwt-wcas-search-input-1\">\n\t\t\t\tProducts search\t\t\t<\/label>\n\n\t\t\t<input\n\t\t\t\tid=\"dgwt-wcas-search-input-1\"\n\t\t\t\ttype=\"search\"\n\t\t\t\tclass=\"dgwt-wcas-search-input\"\n\t\t\t\tname=\"s\"\n\t\t\t\tvalue=\"\"\n\t\t\t\tplaceholder=\"Buscar Producto...\"\n\t\t\t\tautocomplete=\"off\"\n\t\t\t\t\t\t\t\/>\n\t\t\t<div class=\"dgwt-wcas-preloader\"><\/div>\n\n\t\t\t<div class=\"dgwt-wcas-voice-search\"><\/div>\n\n\t\t\t\t\t\t\t<button type=\"submit\"\n\t\t\t\t\t\taria-label=\"Search\"\n\t\t\t\t\t\tclass=\"dgwt-wcas-search-submit\">\t\t\t\t<svg\n\t\t\t\t\tclass=\"dgwt-wcas-ico-magnifier\" xmlns=\"http:\/\/www.w3.org\/2000\/svg\" width=\"18\" height=\"18\" viewBox=\"0 0 18 18\">\n\t\t\t\t\t<path  d=\" M 16.722523,17.901412 C 16.572585,17.825208 15.36088,16.670476 14.029846,15.33534 L 11.609782,12.907819 11.01926,13.29667 C 8.7613237,14.783493 5.6172703,14.768302 3.332423,13.259528 -0.07366363,11.010358 -1.0146502,6.5989684 1.1898146,3.2148776\n\t\t\t\t\t1.5505179,2.6611594 2.4056498,1.7447266 2.9644271,1.3130497 3.4423015,0.94387379 4.3921825,0.48568469 5.1732652,0.2475835 5.886299,0.03022609 6.1341883,0 7.2037391,0 8.2732897,0 8.521179,0.03022609 9.234213,0.2475835 c 0.781083,0.23810119 1.730962,0.69629029 2.208837,1.0654662\n\t\t\t\t\t0.532501,0.4113763 1.39922,1.3400096 1.760153,1.8858877 1.520655,2.2998531 1.599025,5.3023778 0.199549,7.6451086 -0.208076,0.348322 -0.393306,0.668209 -0.411622,0.710863 -0.01831,0.04265 1.065556,1.18264 2.408603,2.533307 1.343046,1.350666 2.486621,2.574792 2.541278,2.720279 0.282475,0.7519\n\t\t\t\t\t-0.503089,1.456506 -1.218488,1.092917 z M 8.4027892,12.475062 C 9.434946,12.25579 10.131043,11.855461 10.99416,10.984753 11.554519,10.419467 11.842507,10.042366 12.062078,9.5863882 12.794223,8.0659672 12.793657,6.2652398 12.060578,4.756293 11.680383,3.9737304 10.453587,2.7178427\n\t\t\t\t\t9.730569,2.3710306 8.6921295,1.8729196 8.3992147,1.807606 7.2037567,1.807606 6.0082984,1.807606 5.7153841,1.87292 4.6769446,2.3710306 3.9539263,2.7178427 2.7271301,3.9737304 2.3469352,4.756293 1.6138384,6.2652398 1.6132726,8.0659672 2.3454252,9.5863882 c 0.4167354,0.8654208 1.5978784,2.0575608\n\t\t\t\t\t2.4443766,2.4671358 1.0971012,0.530827 2.3890403,0.681561 3.6130134,0.421538 z\n\t\t\t\t\t\"\/>\n\t\t\t\t<\/svg>\n\t\t\t\t<\/button>\n\t\t\t\n\t\t\t<input type=\"hidden\" name=\"post_type\" value=\"product\"\/>\n\t\t\t<input type=\"hidden\" name=\"dgwt_wcas\" value=\"1\"\/>\n\n\t\t\t\n\t\t\t\t\t<\/div>\n\t<\/form>\n<\/div>\n<\/div><div class=\"kc-elm kc-css-240485\" style=\"height: 40px; clear: both; width:100%;\"><\/div><\/div><\/div><\/div><\/div><\/section><section class=\"kc-elm kc-css-14217 kc_row\"><div class=\"kc-row-container  kc-container\"><div class=\"kc-wrap-columns\"><div class=\"kc-elm kc-css-273803 kc_col-sm-6 kc_column kc_col-sm-6\"><div class=\"kc-col-container\"><div class=\"kc-elm kc-css-728266\" style=\"height: 30px; clear: both; width:100%;\"><\/div><div class=\"kc-elm kc-css-846517 kc_shortcode kc_single_image\">\n\n        <img decoding=\"async\" src=\"https:\/\/8000rpmtools.com\/wp-content\/uploads\/2019\/09\/credit_card_logo_png_340946.png\" class=\"\" alt=\"\" \/>    <\/div>\n<div class=\"kc-elm kc-css-453456\" style=\"height: 30px; clear: both; width:100%;\"><\/div><\/div><\/div><div class=\"kc-elm kc-css-598752 kc_col-sm-6 kc_column kc_col-sm-6\"><div class=\"kc-col-container\"><div class=\"kc-elm kc-css-53644\" style=\"height: 30px; clear: both; width:100%;\"><\/div><div class=\"kc-elm kc-css-600572 kc_text_block\"><\/p>\n<div style=\"text-align: center;\"><strong>ACEPTAMOS TODAS<\/strong><\/div>\n<p>\n<\/div><div class=\"kc-elm kc-css-377705 kc_text_block\"><\/p>\n<div style=\"text-align: center;\">TUS TARJETAS DE CR\u00c9DITO<\/div>\n<p>\n<\/div><\/div><\/div><\/div><\/div><\/section><section class=\"kc-elm kc-css-591859 kc_row\"><div class=\"kc-row-container  kc-container\"><div class=\"kc-wrap-columns\"><div class=\"kc-elm kc-css-765158 kc_col-sm-12 kc_column kc_col-sm-12\"><div class=\"kc-col-container\"><div class=\"kc-elm kc-css-591980 kc_google_maps kc_shortcode\" data-wheel=\"disable\"><div class=\"map_popup_contact_form right\"><a class=\"close\" href=\"javascript:;\"><i class=\"sl-close\"><\/i><\/a>\n<div class=\"wpcf7 no-js\" id=\"wpcf7-f305-o1\" lang=\"es-MX\" dir=\"ltr\" data-wpcf7-id=\"305\">\n<div class=\"screen-reader-response\"><p role=\"status\" aria-live=\"polite\" aria-atomic=\"true\"><\/p> <ul><\/ul><\/div>\n<form action=\"\/index.php?rest_route=%2Fwp%2Fv2%2Fpages%2F366#wpcf7-f305-o1\" method=\"post\" class=\"wpcf7-form init\" aria-label=\"Formulario de contacto\" novalidate=\"novalidate\" data-status=\"init\">\n<fieldset class=\"hidden-fields-container\"><input type=\"hidden\" name=\"_wpcf7\" value=\"305\" \/><input type=\"hidden\" name=\"_wpcf7_version\" value=\"6.1.4\" \/><input type=\"hidden\" name=\"_wpcf7_locale\" value=\"es_MX\" \/><input type=\"hidden\" name=\"_wpcf7_unit_tag\" value=\"wpcf7-f305-o1\" \/><input type=\"hidden\" name=\"_wpcf7_container_post\" value=\"0\" \/><input type=\"hidden\" name=\"_wpcf7_posted_data_hash\" value=\"\" \/><input type=\"hidden\" name=\"_wpcf7_recaptcha_response\" value=\"\" \/>\n<\/fieldset>\n<p><label> Tu Nombre (requerido)<br \/>\n<span class=\"wpcf7-form-control-wrap\" data-name=\"your-name\"><input size=\"40\" maxlength=\"400\" class=\"wpcf7-form-control wpcf7-text wpcf7-validates-as-required\" aria-required=\"true\" aria-invalid=\"false\" value=\"\" type=\"text\" name=\"your-name\" \/><\/span> <\/label>\n<\/p>\n<p><label> Tu correo electr\u00f3nico (requerido)<br \/>\n<span class=\"wpcf7-form-control-wrap\" data-name=\"your-email\"><input size=\"40\" maxlength=\"400\" class=\"wpcf7-form-control wpcf7-email wpcf7-validates-as-required wpcf7-text wpcf7-validates-as-email\" aria-required=\"true\" aria-invalid=\"false\" value=\"\" type=\"email\" name=\"your-email\" \/><\/span> <\/label>\n<\/p>\n<p><label> Asunto<br \/>\n<span class=\"wpcf7-form-control-wrap\" data-name=\"your-subject\"><input size=\"40\" maxlength=\"400\" class=\"wpcf7-form-control wpcf7-text\" aria-invalid=\"false\" value=\"\" type=\"text\" name=\"your-subject\" \/><\/span> <\/label>\n<\/p>\n<p><label> Tu Mensaje<br \/>\n<span class=\"wpcf7-form-control-wrap\" data-name=\"your-message\"><textarea cols=\"40\" rows=\"10\" maxlength=\"2000\" class=\"wpcf7-form-control wpcf7-textarea\" aria-invalid=\"false\" name=\"your-message\"><\/textarea><\/span> <\/label>\n<\/p>\n\n<p>[quiz quiz-504* \"Suma de 17+13?\"]\n<\/p>\n<p><span class=\"wpcf7-form-control-wrap\" data-name=\"acceptance-578\"><span class=\"wpcf7-form-control wpcf7-acceptance optional\"><span class=\"wpcf7-list-item\"><label><input type=\"checkbox\" name=\"acceptance-578\" value=\"1\" aria-invalid=\"false\" \/><span class=\"wpcf7-list-item-label\">Al enviar el mensaje, almacenamos su direcci\u00f3n de e-mail, solamente con fines de registro<\/span><\/label><\/span><\/span><\/span>\n<\/p>\n<p><input class=\"wpcf7-form-control wpcf7-submit has-spinner\" type=\"submit\" value=\"Enviar\" \/>\n<\/p><p style=\"display: none !important;\" class=\"akismet-fields-container\" data-prefix=\"_wpcf7_ak_\"><label>&#916;<textarea name=\"_wpcf7_ak_hp_textarea\" cols=\"45\" rows=\"8\" maxlength=\"100\"><\/textarea><\/label><input type=\"hidden\" id=\"ak_js_1\" name=\"_wpcf7_ak_js\" value=\"142\"\/><script>document.getElementById( \"ak_js_1\" ).setAttribute( \"value\", ( new Date() ).getTime() );<\/script><\/p><div class=\"wpcf7-response-output\" aria-hidden=\"true\"><\/div>\n<\/form>\n<\/div>\n<\/div><a class=\"show_contact_form\" href=\"javascript:;\"><i class=\"fa fa-bars\"><\/i><\/a><div style=\"height: 600px\" class=\"kc-google-maps\"><iframe loading=\"lazy\" src=\"https:\/\/www.google.com\/maps\/embed?pb=!1m18!1m12!1m3!1d997.033172588911!2d-78.66257306130237!3d-1.6655492755984789!2m3!1f0!2f0!3f0!3m2!1i1024!2i768!4f13.1!3m3!1m2!1s0x0%3A0xddabad334df3286d!2s8000%20RPM%20IMPORT%20TOOLS%20Herramientas%20Automotrices!5e0!3m2!1ses-419!2sec!4v1568349816398!5m2!1ses-419!2sec\" width=\"100%\" height=\"600\" frameborder=\"0\" style=\"border:0;\" allowfullscreen=\"\"><\/iframe><\/div><\/div><\/div><\/div><\/div><\/div><\/section><\/p>\n","protected":false},"excerpt":{"rendered":"","protected":false},"author":1,"featured_media":0,"parent":0,"menu_order":0,"comment_status":"closed","ping_status":"closed","template":"template-page-builder.php","meta":{"_joinchat":[],"footnotes":""},"class_list":["post-366","page","type-page","status-publish","hentry"],"_links":{"self":[{"href":"https:\/\/8000rpmtools.com\/index.php?rest_route=\/wp\/v2\/pages\/366","targetHints":{"allow":["GET"]}}],"collection":[{"href":"https:\/\/8000rpmtools.com\/index.php?rest_route=\/wp\/v2\/pages"}],"about":[{"href":"https:\/\/8000rpmtools.com\/index.php?rest_route=\/wp\/v2\/types\/page"}],"author":[{"embeddable":true,"href":"https:\/\/8000rpmtools.com\/index.php?rest_route=\/wp\/v2\/users\/1"}],"replies":[{"embeddable":true,"href":"https:\/\/8000rpmtools.com\/index.php?rest_route=%2Fwp%2Fv2%2Fcomments&post=366"}],"version-history":[{"count":3,"href":"https:\/\/8000rpmtools.com\/index.php?rest_route=\/wp\/v2\/pages\/366\/revisions"}],"predecessor-version":[{"id":369,"href":"https:\/\/8000rpmtools.com\/index.php?rest_route=\/wp\/v2\/pages\/366\/revisions\/369"}],"wp:attachment":[{"href":"https:\/\/8000rpmtools.com\/index.php?rest_route=%2Fwp%2Fv2%2Fmedia&parent=366"}],"curies":[{"name":"wp","href":"https:\/\/api.w.org\/{rel}","templated":true}]}}